{"id":1001,"date":"2022-03-24T05:26:56","date_gmt":"2022-03-23T23:26:56","guid":{"rendered":"https:\/\/r2-toys.com\/?post_type=product&#038;p=1001"},"modified":"2024-05-19T03:02:28","modified_gmt":"2024-05-18T21:02:28","slug":"clone-trooper-phase-1","status":"publish","type":"product","link":"https:\/\/r2-toys.com\/index.php\/product\/clone-trooper-phase-1\/","title":{"rendered":"CLONE TROOPER PHASE 1"},"content":{"rendered":"<p>Los Clone Troopers eran tan simb\u00f3licos de la \u00e9poca que el conflicto en toda la galaxia que vio su debut tom\u00f3 su nombre de sus filas: The Clone Wars.<\/p>\n<p>En el momento de su presentaci\u00f3n, los soldados clon de la Rep\u00fablica representaban el futuro de la guerra gal\u00e1ctica y demostraron ser muy superiores a los droides de combate.<\/p>\n<p>La figura Black Series a escala de 15 cm se detalla para parecerse al personaje Phase I Clone Trooper de Star Wars: The Clone Wars, con detalles de primera calidad y m\u00faltiples puntos de articulaci\u00f3n.<\/p>\n<p>Incluye: figura y 2 accesorios.<\/p>\n<p>\u26a0\ufe0f ADVERTENCIA: PELIGRO DE ASFIXIA &#8211; Piezas peque\u00f1as. No apto para ni\u00f1os menores de 4 a\u00f1os.<\/p>\n<p>Los productos Star Wars son producidos por Hasbro bajo licencia de Lucasfilm Ltd.<\/p>\n<p>Hasbro y todos los t\u00e9rminos relacionados son marcas registradas de Hasbro.<\/p>\n<p>&nbsp;<\/p>\n","protected":false},"excerpt":{"rendered":"<p>Los Clone Troopers eran tan simb\u00f3licos de la \u00e9poca que el conflicto en toda la galaxia que vio su debut tom\u00f3 su nombre de sus filas: The Clone Wars.<\/p>\n<p>En el momento de su presentaci\u00f3n, los soldados clon de la Rep\u00fablica representaban el futuro de la guerra gal\u00e1ctica y demostraron ser muy superiores a los droides de combate.<\/p>\n<p>&nbsp;<\/p>\n","protected":false},"featured_media":2447,"comment_status":"open","ping_status":"closed","template":"","meta":[],"product_brand":[],"product_cat":[28],"product_tag":[],"class_list":{"0":"post-1001","1":"product","2":"type-product","3":"status-publish","4":"has-post-thumbnail","6":"product_cat-black-series","8":"first","9":"instock","10":"taxable","11":"shipping-taxable","12":"purchasable","13":"product-type-simple"},"_links":{"self":[{"href":"https:\/\/r2-toys.com\/index.php\/wp-json\/wp\/v2\/product\/1001","targetHints":{"allow":["GET"]}}],"collection":[{"href":"https:\/\/r2-toys.com\/index.php\/wp-json\/wp\/v2\/product"}],"about":[{"href":"https:\/\/r2-toys.com\/index.php\/wp-json\/wp\/v2\/types\/product"}],"replies":[{"embeddable":true,"href":"https:\/\/r2-toys.com\/index.php\/wp-json\/wp\/v2\/comments?post=1001"}],"wp:featuredmedia":[{"embeddable":true,"href":"https:\/\/r2-toys.com\/index.php\/wp-json\/wp\/v2\/media\/2447"}],"wp:attachment":[{"href":"https:\/\/r2-toys.com\/index.php\/wp-json\/wp\/v2\/media?parent=1001"}],"wp:term":[{"taxonomy":"product_brand","embeddable":true,"href":"https:\/\/r2-toys.com\/index.php\/wp-json\/wp\/v2\/product_brand?post=1001"},{"taxonomy":"product_cat","embeddable":true,"href":"https:\/\/r2-toys.com\/index.php\/wp-json\/wp\/v2\/product_cat?post=1001"},{"taxonomy":"product_tag","embeddable":true,"href":"https:\/\/r2-toys.com\/index.php\/wp-json\/wp\/v2\/product_tag?post=1001"}],"curies":[{"name":"wp","href":"https:\/\/api.w.org\/{rel}","templated":true}]}}