{"id":1302,"date":"2022-03-30T07:19:08","date_gmt":"2022-03-30T01:19:08","guid":{"rendered":"https:\/\/r2-toys.com\/?post_type=product&#038;p=1302"},"modified":"2025-11-26T10:07:42","modified_gmt":"2025-11-26T04:07:42","slug":"luke-skywalker-hoth-2","status":"publish","type":"product","link":"https:\/\/r2-toys.com\/index.php\/product\/luke-skywalker-hoth-2\/","title":{"rendered":"Luke Skywalker (Hoth)"},"content":{"rendered":"<p>Mientras patrullaba en el planeta helado Hoth, Luke Skywalker fue brutalmente atacado por un imponente wampa.\u00a0Luke escap\u00f3 de la cueva de la criatura de hielo, cortando el brazo del monstruo con su sable de luz. Luke Skywalker lider\u00f3 la defensa rebelde contra las fuerzas terrestres del Imperio, incluidos los enormes caminantes AT-AT, lo que le dio tiempo a la Alianza para evacuar el planeta Hoth. Inspirada en el personaje de The Empire Strikes Back, esta figura de 9,5 cm de la colecci\u00f3n cuenta con un excelente<span class=\"Apple-converted-space\">\u00a0 <\/span>dise\u00f1o y vienen en empaques inspirados en la l\u00ednea original. Incluye accesorios.<\/p>\n<div>\n<p>Edad recomendada: 4 a\u00f1os en adelante<\/p>\n<\/div>\n<div>\n<p>\u26a0\ufe0f ADVERTENCIA: PELIGRO DE ASFIXIA &#8211; Piezas peque\u00f1as. No apto para ni\u00f1os menores de 4 a\u00f1os.<\/p>\n<\/div>\n<div>\n<p>Los productos Star Wars son producidos por Hasbro bajo licencia de Lucasfilm Ltd.<\/p>\n<\/div>\n<div>\n<p>Hasbro y todos los t\u00e9rminos relacionados son marcas registradas de Hasbro.<\/p>\n<\/div>\n","protected":false},"excerpt":{"rendered":"<p>Mientras patrullaba en el planeta helado Hoth, Luke Skywalker fue brutalmente atacado por un imponente wampa.\u00a0Luke escap\u00f3 de la cueva de la criatura de hielo, cortando el brazo del monstruo con su sable de luz. Luke Skywalker lider\u00f3 la defensa rebelde contra las fuerzas terrestres del Imperio, incluidos los enormes caminantes AT-AT, lo que le dio tiempo a la Alianza para evacuar el planeta Hoth. Inspirada en el personaje de The Empire Strikes Back, esta figura de 9,5 cm de la colecci\u00f3n cuenta con un excelente<span class=\"Apple-converted-space\">\u00a0 <\/span>dise\u00f1o y vienen en empaques inspirados en la l\u00ednea original. Incluye accesorios.<\/p>\n","protected":false},"featured_media":3095,"comment_status":"open","ping_status":"closed","template":"","meta":[],"product_brand":[],"product_cat":[29],"product_tag":[],"class_list":{"0":"post-1302","1":"product","2":"type-product","3":"status-publish","4":"has-post-thumbnail","6":"product_cat-vintage","8":"first","9":"outofstock","10":"taxable","11":"shipping-taxable","12":"purchasable","13":"product-type-simple"},"_links":{"self":[{"href":"https:\/\/r2-toys.com\/index.php\/wp-json\/wp\/v2\/product\/1302","targetHints":{"allow":["GET"]}}],"collection":[{"href":"https:\/\/r2-toys.com\/index.php\/wp-json\/wp\/v2\/product"}],"about":[{"href":"https:\/\/r2-toys.com\/index.php\/wp-json\/wp\/v2\/types\/product"}],"replies":[{"embeddable":true,"href":"https:\/\/r2-toys.com\/index.php\/wp-json\/wp\/v2\/comments?post=1302"}],"wp:featuredmedia":[{"embeddable":true,"href":"https:\/\/r2-toys.com\/index.php\/wp-json\/wp\/v2\/media\/3095"}],"wp:attachment":[{"href":"https:\/\/r2-toys.com\/index.php\/wp-json\/wp\/v2\/media?parent=1302"}],"wp:term":[{"taxonomy":"product_brand","embeddable":true,"href":"https:\/\/r2-toys.com\/index.php\/wp-json\/wp\/v2\/product_brand?post=1302"},{"taxonomy":"product_cat","embeddable":true,"href":"https:\/\/r2-toys.com\/index.php\/wp-json\/wp\/v2\/product_cat?post=1302"},{"taxonomy":"product_tag","embeddable":true,"href":"https:\/\/r2-toys.com\/index.php\/wp-json\/wp\/v2\/product_tag?post=1302"}],"curies":[{"name":"wp","href":"https:\/\/api.w.org\/{rel}","templated":true}]}}