{"id":1316,"date":"2022-03-30T05:42:40","date_gmt":"2022-03-29T23:42:40","guid":{"rendered":"https:\/\/r2-toys.com\/?post_type=product&#038;p=1316"},"modified":"2025-12-10T15:18:38","modified_gmt":"2025-12-10T09:18:38","slug":"incinerator-trooper-grafito","status":"publish","type":"product","link":"https:\/\/r2-toys.com\/index.php\/product\/incinerator-trooper-grafito\/","title":{"rendered":"Incinerator Trooper Grafito"},"content":{"rendered":"<p>Estos soldados fueron considerados como uno de los contingentes especializados m\u00e1s devastadores del Cuerpo de Stormtrooper. Los soldados incineradores prender\u00edan fuego a los enemigos y sus fortificaciones con su equipo de lanzallamas. Esta figura de 9,5 cm de la colecci\u00f3n cuenta con un excelente<span class=\"x_Apple-converted-space\">\u00a0 <\/span>dise\u00f1o grafito y vienen en empaques inspirados en la l\u00ednea original. Incluye accesorios<\/p>\n<div>\n<p>Edad recomendada: 4 a\u00f1os en adelante<\/p>\n<\/div>\n<div>\n<p>\u26a0\ufe0f ADVERTENCIA: PELIGRO DE ASFIXIA &#8211; Piezas peque\u00f1as. No apto para ni\u00f1os menores de 4 a\u00f1os.<\/p>\n<\/div>\n<div>\n<p>Los productos Star Wars son producidos por Hasbro bajo licencia de Lucasfilm Ltd.<\/p>\n<\/div>\n<div>\n<p>Hasbro y todos los t\u00e9rminos relacionados son marcas registradas de Hasbro.<\/p>\n<\/div>\n","protected":false},"excerpt":{"rendered":"<p>Estos soldados fueron considerados como uno de los contingentes especializados m\u00e1s devastadores del Cuerpo de Stormtrooper. Los soldados incineradores prender\u00edan fuego a los enemigos y sus fortificaciones con su equipo de lanzallamas.<\/p>\n","protected":false},"featured_media":3070,"comment_status":"open","ping_status":"closed","template":"","meta":[],"product_brand":[],"product_cat":[29],"product_tag":[],"class_list":{"0":"post-1316","1":"product","2":"type-product","3":"status-publish","4":"has-post-thumbnail","6":"product_cat-vintage","8":"first","9":"outofstock","10":"taxable","11":"shipping-taxable","12":"purchasable","13":"product-type-simple"},"_links":{"self":[{"href":"https:\/\/r2-toys.com\/index.php\/wp-json\/wp\/v2\/product\/1316","targetHints":{"allow":["GET"]}}],"collection":[{"href":"https:\/\/r2-toys.com\/index.php\/wp-json\/wp\/v2\/product"}],"about":[{"href":"https:\/\/r2-toys.com\/index.php\/wp-json\/wp\/v2\/types\/product"}],"replies":[{"embeddable":true,"href":"https:\/\/r2-toys.com\/index.php\/wp-json\/wp\/v2\/comments?post=1316"}],"wp:featuredmedia":[{"embeddable":true,"href":"https:\/\/r2-toys.com\/index.php\/wp-json\/wp\/v2\/media\/3070"}],"wp:attachment":[{"href":"https:\/\/r2-toys.com\/index.php\/wp-json\/wp\/v2\/media?parent=1316"}],"wp:term":[{"taxonomy":"product_brand","embeddable":true,"href":"https:\/\/r2-toys.com\/index.php\/wp-json\/wp\/v2\/product_brand?post=1316"},{"taxonomy":"product_cat","embeddable":true,"href":"https:\/\/r2-toys.com\/index.php\/wp-json\/wp\/v2\/product_cat?post=1316"},{"taxonomy":"product_tag","embeddable":true,"href":"https:\/\/r2-toys.com\/index.php\/wp-json\/wp\/v2\/product_tag?post=1316"}],"curies":[{"name":"wp","href":"https:\/\/api.w.org\/{rel}","templated":true}]}}