{"id":1393,"date":"2022-03-29T00:35:34","date_gmt":"2022-03-28T18:35:34","guid":{"rendered":"https:\/\/r2-toys.com\/?post_type=product&#038;p=1393"},"modified":"2025-07-24T03:39:48","modified_gmt":"2025-07-23T21:39:48","slug":"4-lom","status":"publish","type":"product","link":"https:\/\/r2-toys.com\/index.php\/product\/4-lom\/","title":{"rendered":"4-LOM"},"content":{"rendered":"<p>Ambicioso droide de protocolo serie LOM que anul\u00f3 su programaci\u00f3n y se convirti\u00f3 en un ladr\u00f3n gal\u00e1ctico y m\u00e1s tarde en un cazarrecompensas.<\/p>\n<p>Esta figura de 9,5 cm cuenta con un excelente\u00a0 dise\u00f1o, en empaques inspirados en la l\u00ednea original.<\/p>\n<div>\n<p>Edad recomendada: 4 a\u00f1os en adelante<\/p>\n<\/div>\n<div>\n<p>\u26a0\ufe0f ADVERTENCIA: PELIGRO DE ASFIXIA &#8211; Piezas peque\u00f1as. No apto para ni\u00f1os menores de 4 a\u00f1os.<\/p>\n<\/div>\n<div>\n<p>Los productos Star Wars son producidos por Hasbro bajo licencia de Lucasfilm Ltd.<\/p>\n<\/div>\n<div>\n<p>Hasbro y todos los t\u00e9rminos relacionados son marcas registradas de Hasbro.<\/p>\n<\/div>\n","protected":false},"excerpt":{"rendered":"<p>Ambicioso droide de protocolo serie LOM que anul\u00f3 su programaci\u00f3n y se convirti\u00f3 en un ladr\u00f3n gal\u00e1ctico y m\u00e1s tarde en un cazarrecompensas.<\/p>\n<p>Esta figura de 9,5 cm cuenta con un excelente\u00a0 dise\u00f1o, en empaques inspirados en la l\u00ednea original.<\/p>\n","protected":false},"featured_media":2332,"comment_status":"open","ping_status":"closed","template":"","meta":[],"product_brand":[],"product_cat":[29],"product_tag":[],"class_list":{"0":"post-1393","1":"product","2":"type-product","3":"status-publish","4":"has-post-thumbnail","6":"product_cat-vintage","8":"first","9":"outofstock","10":"taxable","11":"shipping-taxable","12":"purchasable","13":"product-type-simple"},"_links":{"self":[{"href":"https:\/\/r2-toys.com\/index.php\/wp-json\/wp\/v2\/product\/1393","targetHints":{"allow":["GET"]}}],"collection":[{"href":"https:\/\/r2-toys.com\/index.php\/wp-json\/wp\/v2\/product"}],"about":[{"href":"https:\/\/r2-toys.com\/index.php\/wp-json\/wp\/v2\/types\/product"}],"replies":[{"embeddable":true,"href":"https:\/\/r2-toys.com\/index.php\/wp-json\/wp\/v2\/comments?post=1393"}],"wp:featuredmedia":[{"embeddable":true,"href":"https:\/\/r2-toys.com\/index.php\/wp-json\/wp\/v2\/media\/2332"}],"wp:attachment":[{"href":"https:\/\/r2-toys.com\/index.php\/wp-json\/wp\/v2\/media?parent=1393"}],"wp:term":[{"taxonomy":"product_brand","embeddable":true,"href":"https:\/\/r2-toys.com\/index.php\/wp-json\/wp\/v2\/product_brand?post=1393"},{"taxonomy":"product_cat","embeddable":true,"href":"https:\/\/r2-toys.com\/index.php\/wp-json\/wp\/v2\/product_cat?post=1393"},{"taxonomy":"product_tag","embeddable":true,"href":"https:\/\/r2-toys.com\/index.php\/wp-json\/wp\/v2\/product_tag?post=1393"}],"curies":[{"name":"wp","href":"https:\/\/api.w.org\/{rel}","templated":true}]}}