{"id":1492,"date":"2022-03-31T06:49:07","date_gmt":"2022-03-31T00:49:07","guid":{"rendered":"https:\/\/r2-toys.com\/?post_type=product&#038;p=1492"},"modified":"2022-06-13T07:05:47","modified_gmt":"2022-06-13T01:05:47","slug":"something-wild-grogu-funko-games","status":"publish","type":"product","link":"https:\/\/r2-toys.com\/index.php\/product\/something-wild-grogu-funko-games\/","title":{"rendered":"SOMETHING WILD GROGU  FUNKO GAMES"},"content":{"rendered":"<p>Funko Games del Festival Of Fun 2021,\u00a0\u00a1Los juegos de cartas est\u00e1n dirigidos a jugadores casuales con un juego de combinaci\u00f3n r\u00e1pido y f\u00e1cil con un Pop est\u00e9tico.<\/p>\n<p>\u00bfLas reglas?&#8230; Muy simples: solo empareja cartas del mismo color, cuando consigas 3 obtendr\u00e1s un poder especial, el primer jugador en obtener 3 poderes&#8230; Gana!!<\/p>\n<ul>\n<li>2 &#8211; 4 jugadores<\/li>\n<li>Juego de Cartas<\/li>\n<li>Idioma: Ingles<\/li>\n<li>Basado en Star Wars<\/li>\n<li>Compatibles entre la serie de juegos Something Wild<\/li>\n<li>15 a 20 minutos de juego aprox.<\/li>\n<li>Edades 6+<\/li>\n<\/ul>\n<p>Desde 1977 la saga de Star Wars ha sido un movimiento revolucionario de la cultura pop generaci\u00f3n tras generaci\u00f3n, reclutando fans y seguidores, creando para ellos diversas producciones del amplio universo. Gracias a FunkoPop podemos tener incre\u00edbles figuras de tus personajes favoritos con incre\u00edbles dise\u00f1os.<\/p>\n<p>Empaque con ventana para su exhibici\u00f3n<\/p>\n<p>Fabricados en Vinyl<\/p>\n<div>\n<p>Edad recomendada: 4 a\u00f1os en adelante<\/p>\n<\/div>\n<div>\n<p>\u26a0\ufe0fADVERTENCIA: PELIGRO DE ASFIXIA &#8211; Piezas peque\u00f1as. No apto para ni\u00f1os menores de 4 a\u00f1os.<\/p>\n<\/div>\n<div>\n<p>Los productos Star Wars son producidos por FUNKO bajo licencia de Lucasfilm Ltd. y Disney<\/p>\n<\/div>\n<div>\n<p>FUNKO y todos los t\u00e9rminos relacionados son marcas registradas.<\/p>\n<\/div>\n","protected":false},"excerpt":{"rendered":"<p>Funko Games del Festival Of Fun 2021,\u00a0\u00a1Los juegos de cartas est\u00e1n dirigidos a jugadores casuales con un juego de combinaci\u00f3n r\u00e1pido y f\u00e1cil con un Pop est\u00e9tico.<\/p>\n<p>\u00bfLas reglas?&#8230; Muy simples: solo empareja cartas del mismo color, cuando consigas 3 obtendr\u00e1s un poder especial, el primer jugador en obtener 3 poderes&#8230; Gana!!<\/p>\n<ul>\n<li>2 &#8211; 4 jugadores<\/li>\n<li>Juego de Cartas<\/li>\n<li>Idioma: Ingles<\/li>\n<li>Basado en Star Wars<\/li>\n<li>Compatibles entre la serie de juegos Something Wild<\/li>\n<li>15 a 20 minutos de juego aprox.<\/li>\n<li>Edades 6+<\/li>\n<\/ul>\n<p>&nbsp;<\/p>\n","protected":false},"featured_media":2240,"comment_status":"open","ping_status":"closed","template":"","meta":[],"product_brand":[],"product_cat":[20],"product_tag":[],"class_list":{"0":"post-1492","1":"product","2":"type-product","3":"status-publish","4":"has-post-thumbnail","6":"product_cat-funko1","8":"first","9":"instock","10":"taxable","11":"shipping-taxable","12":"purchasable","13":"product-type-simple"},"_links":{"self":[{"href":"https:\/\/r2-toys.com\/index.php\/wp-json\/wp\/v2\/product\/1492","targetHints":{"allow":["GET"]}}],"collection":[{"href":"https:\/\/r2-toys.com\/index.php\/wp-json\/wp\/v2\/product"}],"about":[{"href":"https:\/\/r2-toys.com\/index.php\/wp-json\/wp\/v2\/types\/product"}],"replies":[{"embeddable":true,"href":"https:\/\/r2-toys.com\/index.php\/wp-json\/wp\/v2\/comments?post=1492"}],"wp:featuredmedia":[{"embeddable":true,"href":"https:\/\/r2-toys.com\/index.php\/wp-json\/wp\/v2\/media\/2240"}],"wp:attachment":[{"href":"https:\/\/r2-toys.com\/index.php\/wp-json\/wp\/v2\/media?parent=1492"}],"wp:term":[{"taxonomy":"product_brand","embeddable":true,"href":"https:\/\/r2-toys.com\/index.php\/wp-json\/wp\/v2\/product_brand?post=1492"},{"taxonomy":"product_cat","embeddable":true,"href":"https:\/\/r2-toys.com\/index.php\/wp-json\/wp\/v2\/product_cat?post=1492"},{"taxonomy":"product_tag","embeddable":true,"href":"https:\/\/r2-toys.com\/index.php\/wp-json\/wp\/v2\/product_tag?post=1492"}],"curies":[{"name":"wp","href":"https:\/\/api.w.org\/{rel}","templated":true}]}}