{"id":1626,"date":"2022-03-31T06:29:49","date_gmt":"2022-03-31T00:29:49","guid":{"rendered":"https:\/\/r2-toys.com\/?post_type=product&#038;p=1626"},"modified":"2022-06-13T07:11:04","modified_gmt":"2022-06-13T01:11:04","slug":"princesa-leia-exclusivo-459","status":"publish","type":"product","link":"https:\/\/r2-toys.com\/index.php\/product\/princesa-leia-exclusivo-459\/","title":{"rendered":"Princesa Leia Exclusivo (459)"},"content":{"rendered":"<p>Leia Organa, una\u00a0mujer\u00a0humana\u00a0sensible a la Fuerza, fue una\u00a0princesa\u00a0de\u00a0Alderaan, miembro del\u00a0Senado Imperial, l\u00edder de la\u00a0Alianza para Restaurar la Rep\u00fablica, miembro del\u00a0Senado Gal\u00e1ctico\u00a0y\u00a0general\u00a0de la\u00a0Resistencia.\u00a0Nacida\u00a0junto a su hermano\u00a0gemelo,\u00a0Luke Skywalker.<\/p>\n<p>Desde 1977 la saga de Star Wars ha sido un movimiento revolucionario de la cultura pop generaci\u00f3n tras generaci\u00f3n, reclutando fans y seguidores, creando para ellos diversas producciones del amplio universo. Gracias a FunkoPop podemos tener incre\u00edbles figuras de tus personajes favoritos con incre\u00edbles dise\u00f1os.<\/p>\n<p>Altura aproximada de 11 cm<\/p>\n<p>Empaque con ventana para su exhibici\u00f3n<\/p>\n<p>Fabricados en Vinyl<\/p>\n<div>\n<p>Edad recomendada: 4 a\u00f1os en adelante<\/p>\n<\/div>\n<div>\n<p>\u26a0\ufe0fADVERTENCIA: PELIGRO DE ASFIXIA &#8211; Piezas peque\u00f1as. No apto para ni\u00f1os menores de 4 a\u00f1os.<\/p>\n<\/div>\n<div>\n<p>Los productos Star Wars son producidos por FUNKO bajo licencia de Lucasfilm Ltd. y Disney<\/p>\n<\/div>\n<p>FUNKO y todos los t\u00e9rminos relacionados son marcas registradas.<\/p>\n","protected":false},"excerpt":{"rendered":"<p>Leia Organa, una\u00a0mujer\u00a0humana\u00a0sensible a la Fuerza, fue una\u00a0princesa\u00a0de\u00a0Alderaan, miembro del\u00a0Senado Imperial, l\u00edder de la\u00a0Alianza para Restaurar la Rep\u00fablica, miembro del\u00a0Senado Gal\u00e1ctico\u00a0y\u00a0general\u00a0de la\u00a0Resistencia.\u00a0Nacida\u00a0junto a su hermano\u00a0gemelo,\u00a0Luke Skywalker.<\/p>\n","protected":false},"featured_media":3502,"comment_status":"open","ping_status":"closed","template":"","meta":[],"product_brand":[],"product_cat":[20],"product_tag":[],"class_list":{"0":"post-1626","1":"product","2":"type-product","3":"status-publish","4":"has-post-thumbnail","6":"product_cat-funko1","8":"first","9":"instock","10":"taxable","11":"shipping-taxable","12":"purchasable","13":"product-type-simple"},"_links":{"self":[{"href":"https:\/\/r2-toys.com\/index.php\/wp-json\/wp\/v2\/product\/1626","targetHints":{"allow":["GET"]}}],"collection":[{"href":"https:\/\/r2-toys.com\/index.php\/wp-json\/wp\/v2\/product"}],"about":[{"href":"https:\/\/r2-toys.com\/index.php\/wp-json\/wp\/v2\/types\/product"}],"replies":[{"embeddable":true,"href":"https:\/\/r2-toys.com\/index.php\/wp-json\/wp\/v2\/comments?post=1626"}],"wp:featuredmedia":[{"embeddable":true,"href":"https:\/\/r2-toys.com\/index.php\/wp-json\/wp\/v2\/media\/3502"}],"wp:attachment":[{"href":"https:\/\/r2-toys.com\/index.php\/wp-json\/wp\/v2\/media?parent=1626"}],"wp:term":[{"taxonomy":"product_brand","embeddable":true,"href":"https:\/\/r2-toys.com\/index.php\/wp-json\/wp\/v2\/product_brand?post=1626"},{"taxonomy":"product_cat","embeddable":true,"href":"https:\/\/r2-toys.com\/index.php\/wp-json\/wp\/v2\/product_cat?post=1626"},{"taxonomy":"product_tag","embeddable":true,"href":"https:\/\/r2-toys.com\/index.php\/wp-json\/wp\/v2\/product_tag?post=1626"}],"curies":[{"name":"wp","href":"https:\/\/api.w.org\/{rel}","templated":true}]}}