{"id":1630,"date":"2022-03-31T06:23:42","date_gmt":"2022-03-31T00:23:42","guid":{"rendered":"https:\/\/r2-toys.com\/?post_type=product&#038;p=1630"},"modified":"2022-07-23T22:12:26","modified_gmt":"2022-07-23T16:12:26","slug":"obi-wan-kenobi-270","status":"publish","type":"product","link":"https:\/\/r2-toys.com\/index.php\/product\/obi-wan-kenobi-270\/","title":{"rendered":"Obi-Wan Kenobi (270)"},"content":{"rendered":"<p>Un legendario\u00a0Maestro Jedi\u00a0y miembro del\u00a0Alto Consejo Jedi\u00a0durante la\u00a0Ca\u00edda de la Rep\u00fablica, sirvi\u00f3 como\u00a0General Jedi\u00a0en el\u00a0Gran Ej\u00e9rcito de la Rep\u00fablica, y se convirti\u00f3 en un mentor para\u00a0Luke Skywalker. Kenobi fue aceptado en la\u00a0Orden Jedi\u00a0a una edad joven y se convirti\u00f3 en aprendiz de\u00a0Qui-Gon Jinn\u00a0tras completar sus lecciones iniciales bajo la tutela del\u00a0Gran Maestro\u00a0Yoda.<\/p>\n<p>Desde 1977 la saga de Star Wars ha sido un movimiento revolucionario de la cultura pop generaci\u00f3n tras generaci\u00f3n, reclutando fans y seguidores, creando para ellos diversas producciones del amplio universo. Gracias a FunkoPop podemos tener incre\u00edbles figuras de tus personajes favoritos con incre\u00edbles dise\u00f1os.<\/p>\n<p>Altura aproximada de 11 cm<\/p>\n<p>Empaque con ventana para su exhibici\u00f3n<\/p>\n<p>Fabricados en Vinyl<\/p>\n<div>\n<p>Edad recomendada: 4 a\u00f1os en adelante<\/p>\n<\/div>\n<div>\n<p>\u26a0\ufe0fADVERTENCIA: PELIGRO DE ASFIXIA &#8211; Piezas peque\u00f1as. No apto para ni\u00f1os menores de 4 a\u00f1os.<\/p>\n<\/div>\n<div>\n<p>Los productos Star Wars son producidos por FUNKO bajo licencia de Lucasfilm Ltd. y Disney<\/p>\n<\/div>\n<p>FUNKO y todos los t\u00e9rminos relacionados son marcas registradas.<\/p>\n","protected":false},"excerpt":{"rendered":"<p>Un legendario\u00a0Maestro Jedi\u00a0y miembro del\u00a0Alto Consejo Jedi\u00a0durante la\u00a0Ca\u00edda de la Rep\u00fablica, sirvi\u00f3 como\u00a0General Jedi\u00a0en el\u00a0Gran Ej\u00e9rcito de la Rep\u00fablica, y se convirti\u00f3 en un mentor para\u00a0Luke Skywalker. Kenobi fue aceptado en la\u00a0Orden Jedi\u00a0a una edad joven y se convirti\u00f3 en aprendiz de\u00a0Qui-Gon Jinn\u00a0tras completar sus lecciones iniciales bajo la tutela del\u00a0Gran Maestro\u00a0Yoda.<\/p>\n","protected":false},"featured_media":2327,"comment_status":"open","ping_status":"closed","template":"","meta":[],"product_brand":[],"product_cat":[20],"product_tag":[],"class_list":{"0":"post-1630","1":"product","2":"type-product","3":"status-publish","4":"has-post-thumbnail","6":"product_cat-funko1","8":"first","9":"instock","10":"taxable","11":"shipping-taxable","12":"purchasable","13":"product-type-simple"},"_links":{"self":[{"href":"https:\/\/r2-toys.com\/index.php\/wp-json\/wp\/v2\/product\/1630","targetHints":{"allow":["GET"]}}],"collection":[{"href":"https:\/\/r2-toys.com\/index.php\/wp-json\/wp\/v2\/product"}],"about":[{"href":"https:\/\/r2-toys.com\/index.php\/wp-json\/wp\/v2\/types\/product"}],"replies":[{"embeddable":true,"href":"https:\/\/r2-toys.com\/index.php\/wp-json\/wp\/v2\/comments?post=1630"}],"wp:featuredmedia":[{"embeddable":true,"href":"https:\/\/r2-toys.com\/index.php\/wp-json\/wp\/v2\/media\/2327"}],"wp:attachment":[{"href":"https:\/\/r2-toys.com\/index.php\/wp-json\/wp\/v2\/media?parent=1630"}],"wp:term":[{"taxonomy":"product_brand","embeddable":true,"href":"https:\/\/r2-toys.com\/index.php\/wp-json\/wp\/v2\/product_brand?post=1630"},{"taxonomy":"product_cat","embeddable":true,"href":"https:\/\/r2-toys.com\/index.php\/wp-json\/wp\/v2\/product_cat?post=1630"},{"taxonomy":"product_tag","embeddable":true,"href":"https:\/\/r2-toys.com\/index.php\/wp-json\/wp\/v2\/product_tag?post=1630"}],"curies":[{"name":"wp","href":"https:\/\/api.w.org\/{rel}","templated":true}]}}