{"id":1648,"date":"2022-03-31T03:39:55","date_gmt":"2022-03-30T21:39:55","guid":{"rendered":"https:\/\/r2-toys.com\/?post_type=product&#038;p=1648"},"modified":"2022-09-26T06:38:21","modified_gmt":"2022-09-26T00:38:21","slug":"hot-rocks-infinity-warps-exclusivo-864","status":"publish","type":"product","link":"https:\/\/r2-toys.com\/index.php\/product\/hot-rocks-infinity-warps-exclusivo-864\/","title":{"rendered":"Hot Rocks Infinity Warps  Exclusivo (864)"},"content":{"rendered":"<p>Al atravesar una tormenta de radiaci\u00f3n c\u00f3smica fue bombardeada su estructura gen\u00e9tica y la alter\u00f3 hasta el nivel celular.<\/p>\n<p>Aterrizando de nuevo en la Tierra, Ben sali\u00f3 de los escombros con su hermano y ambos adquirieron habilidades sobrehumanas.\u00a0Decidiendo hacer un buen uso de sus poderes, Ben tom\u00f3 el nombre de Hot Rocks y se convirti\u00f3 en la mitad de los\u00a0Terrific Two.<\/p>\n<p>Altura aproximada de 11 cm<\/p>\n<p>Empaque con ventana para su exhibici\u00f3n<\/p>\n<p>Fabricados en Vinyl<\/p>\n<div>\n<p>Edad recomendada: 4 a\u00f1os en adelante<\/p>\n<\/div>\n<div>\n<p>\u26a0\ufe0fADVERTENCIA: PELIGRO DE ASFIXIA &#8211; Piezas peque\u00f1as. No apto para ni\u00f1os menores de 4 a\u00f1os.<\/p>\n<\/div>\n<p>FUNKO y todos los t\u00e9rminos relacionados son marcas registradas.<\/p>\n","protected":false},"excerpt":{"rendered":"<p>Al atravesar una tormenta de radiaci\u00f3n c\u00f3smica fue bombardeada su estructura gen\u00e9tica y la alter\u00f3 hasta el nivel celular.<\/p>\n<p>&nbsp;<\/p>\n","protected":false},"featured_media":2288,"comment_status":"open","ping_status":"closed","template":"","meta":[],"product_brand":[],"product_cat":[20,21],"product_tag":[],"class_list":{"0":"post-1648","1":"product","2":"type-product","3":"status-publish","4":"has-post-thumbnail","6":"product_cat-funko1","7":"product_cat-retro","9":"first","10":"instock","11":"taxable","12":"shipping-taxable","13":"purchasable","14":"product-type-simple"},"_links":{"self":[{"href":"https:\/\/r2-toys.com\/index.php\/wp-json\/wp\/v2\/product\/1648","targetHints":{"allow":["GET"]}}],"collection":[{"href":"https:\/\/r2-toys.com\/index.php\/wp-json\/wp\/v2\/product"}],"about":[{"href":"https:\/\/r2-toys.com\/index.php\/wp-json\/wp\/v2\/types\/product"}],"replies":[{"embeddable":true,"href":"https:\/\/r2-toys.com\/index.php\/wp-json\/wp\/v2\/comments?post=1648"}],"wp:featuredmedia":[{"embeddable":true,"href":"https:\/\/r2-toys.com\/index.php\/wp-json\/wp\/v2\/media\/2288"}],"wp:attachment":[{"href":"https:\/\/r2-toys.com\/index.php\/wp-json\/wp\/v2\/media?parent=1648"}],"wp:term":[{"taxonomy":"product_brand","embeddable":true,"href":"https:\/\/r2-toys.com\/index.php\/wp-json\/wp\/v2\/product_brand?post=1648"},{"taxonomy":"product_cat","embeddable":true,"href":"https:\/\/r2-toys.com\/index.php\/wp-json\/wp\/v2\/product_cat?post=1648"},{"taxonomy":"product_tag","embeddable":true,"href":"https:\/\/r2-toys.com\/index.php\/wp-json\/wp\/v2\/product_tag?post=1648"}],"curies":[{"name":"wp","href":"https:\/\/api.w.org\/{rel}","templated":true}]}}