{"id":167,"date":"2021-04-08T01:01:11","date_gmt":"2021-04-07T19:01:11","guid":{"rendered":"https:\/\/r2-toys.com\/?post_type=product&#038;p=167"},"modified":"2024-09-10T23:22:57","modified_gmt":"2024-09-10T17:22:57","slug":"at-st-driver","status":"publish","type":"product","link":"https:\/\/r2-toys.com\/index.php\/product\/at-st-driver\/","title":{"rendered":"AT-ST Driver"},"content":{"rendered":"<h2><strong>AT-ST Driver<\/strong><\/h2>\n<p>Fueron entrenados para ser los principales responsables de conducir AT-ST a gran velocidad a trav\u00e9s de terreno irregular, utilizando sus capacidades ofensivas para misiones de reconocimiento y caza. Los pilotos de AT-ST vest\u00edan de color gris claro con un blindaje b\u00e1sico, cascos, gafas y escudos imperiales en ambos hombros. Los pies de los conductores estaban protegidos por un par de botas negras hasta la pantorrilla y sus manos por guanteletes negros resistentes al fuego. El cintur\u00f3n de un material negro similar al cuero, con una hebilla met\u00e1lica con un disco de identidad.<\/p>\n<p>Esta figura de 9.5cm de la colecci\u00f3n cuenta con un excelente dise\u00f1o\u00a0y vienen en empaques inspirados en la l\u00ednea original. Incluye accesorios<br \/>\nEdad recomendada: 4 a\u00f1os en adelante<\/p>\n<p>\u26a0\ufe0f <strong>ADVERTENCIA: PELIGRO DE ASFIXIA<br \/>\n<\/strong>Piezas peque\u00f1as. No apto para ni\u00f1os menores de 4 a\u00f1os.<br \/>\nLos productos Star Wars son producidos por Hasbro bajo licencia de Lucasfilm Ltd.<br \/>\nHasbro y todos los t\u00e9rminos relacionados son marcas registradas de Hasbro.<\/p>\n","protected":false},"excerpt":{"rendered":"<p>Esta figura de 9.5cm de la colecci\u00f3n cuenta con un excelente dise\u00f1o\u00a0y vienen en empaques inspirados en la l\u00ednea original. Incluye accesorios<br \/>\nEdad recomendada: 4 a\u00f1os en adelante<\/p>\n","protected":false},"featured_media":2140,"comment_status":"open","ping_status":"closed","template":"","meta":[],"product_brand":[],"product_cat":[29],"product_tag":[],"class_list":{"0":"post-167","1":"product","2":"type-product","3":"status-publish","4":"has-post-thumbnail","6":"product_cat-vintage","8":"first","9":"outofstock","10":"taxable","11":"shipping-taxable","12":"purchasable","13":"product-type-simple"},"_links":{"self":[{"href":"https:\/\/r2-toys.com\/index.php\/wp-json\/wp\/v2\/product\/167","targetHints":{"allow":["GET"]}}],"collection":[{"href":"https:\/\/r2-toys.com\/index.php\/wp-json\/wp\/v2\/product"}],"about":[{"href":"https:\/\/r2-toys.com\/index.php\/wp-json\/wp\/v2\/types\/product"}],"replies":[{"embeddable":true,"href":"https:\/\/r2-toys.com\/index.php\/wp-json\/wp\/v2\/comments?post=167"}],"wp:featuredmedia":[{"embeddable":true,"href":"https:\/\/r2-toys.com\/index.php\/wp-json\/wp\/v2\/media\/2140"}],"wp:attachment":[{"href":"https:\/\/r2-toys.com\/index.php\/wp-json\/wp\/v2\/media?parent=167"}],"wp:term":[{"taxonomy":"product_brand","embeddable":true,"href":"https:\/\/r2-toys.com\/index.php\/wp-json\/wp\/v2\/product_brand?post=167"},{"taxonomy":"product_cat","embeddable":true,"href":"https:\/\/r2-toys.com\/index.php\/wp-json\/wp\/v2\/product_cat?post=167"},{"taxonomy":"product_tag","embeddable":true,"href":"https:\/\/r2-toys.com\/index.php\/wp-json\/wp\/v2\/product_tag?post=167"}],"curies":[{"name":"wp","href":"https:\/\/api.w.org\/{rel}","templated":true}]}}