{"id":1861,"date":"2022-03-24T04:35:40","date_gmt":"2022-03-23T22:35:40","guid":{"rendered":"https:\/\/r2-toys.com\/?post_type=product&#038;p=1861"},"modified":"2026-01-24T08:29:25","modified_gmt":"2026-01-24T02:29:25","slug":"baze-malbus","status":"publish","type":"product","link":"https:\/\/r2-toys.com\/index.php\/product\/baze-malbus\/","title":{"rendered":"Baze Malbus"},"content":{"rendered":"<div class=\"page\" title=\"Page 1\">\n<div class=\"layoutArea\">\n<div class=\"column\">\n<p>La dura realidad de su mundo natal ocupado por el Imperio ha convertido a Baze Malbus en un soldado pragm\u00e1tico y un gran tirador con su pesado ca\u00f1\u00f3n. Baze tiene una bravuconer\u00eda que ofrece un marcado contraste con el centro espiritual de su mejor amigo, Chirrut \u00cemwe. Esta figura de 15cm inspirada en Rogue One, con excelentes detalles y multiples articulaciones. Incluye 2 accesorios.<\/p>\n<\/div>\n<\/div>\n<\/div>\n<div class=\"page\" title=\"Page 2\">\n<div class=\"layoutArea\">\n<div class=\"column\">\n<p>Edad recomendada: 4 a\u00f1os en adelante<\/p>\n<p>\u26a0\ufe0f ADVERTENCIA: PELIGRO DE ASFIXIA &#8211; Piezas peque\u00f1as. No apto para ni\u00f1os menores de 4 a\u00f1os.<\/p>\n<p>Los productos Star Wars son producidos por Hasbro bajo licencia de Lucasfilm Ltd.<\/p>\n<p>Hasbro y todos los t\u00e9rminos relacionados son marcas registradas de Hasbro.<\/p>\n<p>&nbsp;<\/p>\n<\/div>\n<\/div>\n<\/div>\n","protected":false},"excerpt":{"rendered":"<p>La dura realidad de su mundo natal ocupado por el Imperio ha convertido a Baze Malbus en un soldado pragm\u00e1tico y un gran tirador con su pesado ca\u00f1\u00f3n. Baze tiene una bravuconer\u00eda que ofrece un marcado contraste con el centro espiritual de su mejor amigo, Chirrut \u00cemwe. Esta figura de 15cm inspirada en Rogue One, con excelentes detalles y multiples articulaciones. Incluye 2 accesorios.<\/p>\n","protected":false},"featured_media":2411,"comment_status":"open","ping_status":"closed","template":"","meta":[],"product_brand":[],"product_cat":[28],"product_tag":[],"class_list":{"0":"post-1861","1":"product","2":"type-product","3":"status-publish","4":"has-post-thumbnail","6":"product_cat-black-series","8":"first","9":"instock","10":"taxable","11":"shipping-taxable","12":"purchasable","13":"product-type-simple"},"_links":{"self":[{"href":"https:\/\/r2-toys.com\/index.php\/wp-json\/wp\/v2\/product\/1861","targetHints":{"allow":["GET"]}}],"collection":[{"href":"https:\/\/r2-toys.com\/index.php\/wp-json\/wp\/v2\/product"}],"about":[{"href":"https:\/\/r2-toys.com\/index.php\/wp-json\/wp\/v2\/types\/product"}],"replies":[{"embeddable":true,"href":"https:\/\/r2-toys.com\/index.php\/wp-json\/wp\/v2\/comments?post=1861"}],"wp:featuredmedia":[{"embeddable":true,"href":"https:\/\/r2-toys.com\/index.php\/wp-json\/wp\/v2\/media\/2411"}],"wp:attachment":[{"href":"https:\/\/r2-toys.com\/index.php\/wp-json\/wp\/v2\/media?parent=1861"}],"wp:term":[{"taxonomy":"product_brand","embeddable":true,"href":"https:\/\/r2-toys.com\/index.php\/wp-json\/wp\/v2\/product_brand?post=1861"},{"taxonomy":"product_cat","embeddable":true,"href":"https:\/\/r2-toys.com\/index.php\/wp-json\/wp\/v2\/product_cat?post=1861"},{"taxonomy":"product_tag","embeddable":true,"href":"https:\/\/r2-toys.com\/index.php\/wp-json\/wp\/v2\/product_tag?post=1861"}],"curies":[{"name":"wp","href":"https:\/\/api.w.org\/{rel}","templated":true}]}}