{"id":1863,"date":"2022-03-24T07:17:59","date_gmt":"2022-03-24T01:17:59","guid":{"rendered":"https:\/\/r2-toys.com\/?post_type=product&#038;p=1863"},"modified":"2026-01-05T03:12:12","modified_gmt":"2026-01-04T21:12:12","slug":"jyn-erso","status":"publish","type":"product","link":"https:\/\/r2-toys.com\/index.php\/product\/jyn-erso\/","title":{"rendered":"Jyn Erso"},"content":{"rendered":"<div class=\"page\" title=\"Page 1\">\n<div class=\"layoutArea\">\n<div class=\"column\">\n<p>Dejando atr\u00e1s un pasado accidentado al prestar sus habilidades a una causa mayor, Jyn Erso es impetuosa, desafiante y ansiosa por llevar la batalla al Imperio. Acostumbrada a operar sola, encuentra un prop\u00f3sito superior al asumir una misi\u00f3n desesperada para la Alianza Rebelde. Esta figura de 15cm inspirada en Rogue One, con excelentes detalles y multiples articulaciones. Incluye 1 accesorio.<\/p>\n<p>Edad recomendada: 4 a\u00f1os en adelante<\/p>\n<p>\u26a0\ufe0f ADVERTENCIA: PELIGRO DE ASFIXIA &#8211; Piezas peque\u00f1as. No apto para ni\u00f1os menores de 4 a\u00f1os.<\/p>\n<p>Los productos Star Wars son producidos por Hasbro bajo licencia de Lucasfilm Ltd.<\/p>\n<p>Hasbro y todos los t\u00e9rminos relacionados son marcas registradas de Hasbro.<\/p>\n<p>&nbsp;<\/p>\n<\/div>\n<\/div>\n<\/div>\n","protected":false},"excerpt":{"rendered":"<p>Dejando atr\u00e1s un pasado accidentado al prestar sus habilidades a una causa mayor, Jyn Erso es impetuosa, desafiante y ansiosa por llevar la batalla al Imperio. Acostumbrada a operar sola, encuentra un prop\u00f3sito superior al asumir una misi\u00f3n desesperada para la Alianza Rebelde. Esta figura de 15cm inspirada en Rogue One, con excelentes detalles y multiples articulaciones. Incluye 1 accesorio.<\/p>\n<p>&nbsp;<\/p>\n","protected":false},"featured_media":2516,"comment_status":"open","ping_status":"closed","template":"","meta":[],"product_brand":[],"product_cat":[28],"product_tag":[],"class_list":{"0":"post-1863","1":"product","2":"type-product","3":"status-publish","4":"has-post-thumbnail","6":"product_cat-black-series","8":"first","9":"outofstock","10":"taxable","11":"shipping-taxable","12":"purchasable","13":"product-type-simple"},"_links":{"self":[{"href":"https:\/\/r2-toys.com\/index.php\/wp-json\/wp\/v2\/product\/1863","targetHints":{"allow":["GET"]}}],"collection":[{"href":"https:\/\/r2-toys.com\/index.php\/wp-json\/wp\/v2\/product"}],"about":[{"href":"https:\/\/r2-toys.com\/index.php\/wp-json\/wp\/v2\/types\/product"}],"replies":[{"embeddable":true,"href":"https:\/\/r2-toys.com\/index.php\/wp-json\/wp\/v2\/comments?post=1863"}],"wp:featuredmedia":[{"embeddable":true,"href":"https:\/\/r2-toys.com\/index.php\/wp-json\/wp\/v2\/media\/2516"}],"wp:attachment":[{"href":"https:\/\/r2-toys.com\/index.php\/wp-json\/wp\/v2\/media?parent=1863"}],"wp:term":[{"taxonomy":"product_brand","embeddable":true,"href":"https:\/\/r2-toys.com\/index.php\/wp-json\/wp\/v2\/product_brand?post=1863"},{"taxonomy":"product_cat","embeddable":true,"href":"https:\/\/r2-toys.com\/index.php\/wp-json\/wp\/v2\/product_cat?post=1863"},{"taxonomy":"product_tag","embeddable":true,"href":"https:\/\/r2-toys.com\/index.php\/wp-json\/wp\/v2\/product_tag?post=1863"}],"curies":[{"name":"wp","href":"https:\/\/api.w.org\/{rel}","templated":true}]}}