{"id":1878,"date":"2022-03-25T03:53:24","date_gmt":"2022-03-24T21:53:24","guid":{"rendered":"https:\/\/r2-toys.com\/?post_type=product&#038;p=1878"},"modified":"2023-05-13T21:45:10","modified_gmt":"2023-05-13T15:45:10","slug":"imperial-tie-fighter","status":"publish","type":"product","link":"https:\/\/r2-toys.com\/index.php\/product\/imperial-tie-fighter\/","title":{"rendered":"Imperial Tie Fighter"},"content":{"rendered":"<p>Nave ic\u00f3nica de la flota imperial transportada a bordo del Star Destroyers. Los TIE fighter eran veh\u00edculos de un solo piloto dise\u00f1ados para combates con los<span class=\"Apple-converted-space\">\u00a0 <\/span>X- Wings rebeldes y otras naves estelares, con detalles que incluyen una cabina que se abre, un tren de aterrizaje que funciona y alas que se separan.<\/p>\n<p>Incluye piloto Imperial TIE Fighter, asiento de expulsi\u00f3n y apertura de escotilla.<\/p>\n<p>Edad recomendada: 4 a\u00f1os en adelante<\/p>\n<p>\u26a0\ufe0fADVERTENCIA: PELIGRO DE ASFIXIA &#8211; Piezas peque\u00f1as. No apto para ni\u00f1os menores de 4 a\u00f1os.<\/p>\n<p>Los productos Star Wars son producidos por Hasbro bajo licencia de Lucasfilm Ltd.<\/p>\n<p>Hasbro y todos los t\u00e9rminos relacionados son marcas registradas de Hasbro.<\/p>\n","protected":false},"excerpt":{"rendered":"<p>Nave ic\u00f3nica de la flota imperial transportada a bordo del Star Destroyers. Los TIE fighter eran veh\u00edculos de un solo piloto dise\u00f1ados para combates con los<span class=\"Apple-converted-space\">\u00a0 <\/span>X- Wings rebeldes y otras naves estelares, con detalles que incluyen una cabina que se abre, un tren de aterrizaje que funciona y alas que se separan.<\/p>\n","protected":false},"featured_media":2688,"comment_status":"open","ping_status":"closed","template":"","meta":[],"product_brand":[],"product_cat":[27],"product_tag":[],"class_list":{"0":"post-1878","1":"product","2":"type-product","3":"status-publish","4":"has-post-thumbnail","6":"product_cat-naves","8":"first","9":"outofstock","10":"taxable","11":"shipping-taxable","12":"purchasable","13":"product-type-simple"},"_links":{"self":[{"href":"https:\/\/r2-toys.com\/index.php\/wp-json\/wp\/v2\/product\/1878","targetHints":{"allow":["GET"]}}],"collection":[{"href":"https:\/\/r2-toys.com\/index.php\/wp-json\/wp\/v2\/product"}],"about":[{"href":"https:\/\/r2-toys.com\/index.php\/wp-json\/wp\/v2\/types\/product"}],"replies":[{"embeddable":true,"href":"https:\/\/r2-toys.com\/index.php\/wp-json\/wp\/v2\/comments?post=1878"}],"wp:featuredmedia":[{"embeddable":true,"href":"https:\/\/r2-toys.com\/index.php\/wp-json\/wp\/v2\/media\/2688"}],"wp:attachment":[{"href":"https:\/\/r2-toys.com\/index.php\/wp-json\/wp\/v2\/media?parent=1878"}],"wp:term":[{"taxonomy":"product_brand","embeddable":true,"href":"https:\/\/r2-toys.com\/index.php\/wp-json\/wp\/v2\/product_brand?post=1878"},{"taxonomy":"product_cat","embeddable":true,"href":"https:\/\/r2-toys.com\/index.php\/wp-json\/wp\/v2\/product_cat?post=1878"},{"taxonomy":"product_tag","embeddable":true,"href":"https:\/\/r2-toys.com\/index.php\/wp-json\/wp\/v2\/product_tag?post=1878"}],"curies":[{"name":"wp","href":"https:\/\/api.w.org\/{rel}","templated":true}]}}