{"id":1910,"date":"2022-03-26T05:12:33","date_gmt":"2022-03-25T23:12:33","guid":{"rendered":"https:\/\/r2-toys.com\/?post_type=product&#038;p=1910"},"modified":"2026-01-02T07:16:17","modified_gmt":"2026-01-02T01:16:17","slug":"razor-crest-018","status":"publish","type":"product","link":"https:\/\/r2-toys.com\/index.php\/product\/razor-crest-018\/","title":{"rendered":"Razor Crest 018"},"content":{"rendered":"<p>Antigua nave militar utilizada para patrullar territorios locales en la \u00e9poca anterior al Imperio, el Razor Crest es el transporte y vivienda de el Mandalorian y el Ni\u00f1o, mientras viajan de un mundo a otro, manteni\u00e9ndose fuera del alcance del Remanente Imperial.<\/p>\n<p>Este modelo de pl\u00e1stico a escala 1:144 cuenta con gran detalle, de f\u00e1cil de armado y no requiere pegamento. Incluye soporte para su exhibici\u00f3n y calcoman\u00edas<\/p>\n<p>Edad recomendada: 14 a\u00f1os en adelante<\/p>\n<p>\u26a0\ufe0fADVERTENCIA: PELIGRO DE ASFIXIA &#8211; Piezas peque\u00f1as. No apto para ni\u00f1os menores de 14 a\u00f1os.<\/p>\n<p>Los productos Star Wars son producidos por Bandai bajo licencia de Lucasfilm Ltd.<\/p>\n<p>Bandai y todos los t\u00e9rminos relacionados son marcas registradas de Bandai.<\/p>\n","protected":false},"excerpt":{"rendered":"<p>Antigua nave militar utilizada para patrullar territorios locales en la \u00e9poca anterior al Imperio, el Razor Crest es el transporte y vivienda de el Mandalorian y el Ni\u00f1o, mientras viajan de un mundo a otro, manteni\u00e9ndose fuera del alcance del Remanente Imperial.<\/p>\n","protected":false},"featured_media":2864,"comment_status":"open","ping_status":"closed","template":"","meta":[],"product_brand":[],"product_cat":[25],"product_tag":[],"class_list":{"0":"post-1910","1":"product","2":"type-product","3":"status-publish","4":"has-post-thumbnail","6":"product_cat-armables","8":"first","9":"outofstock","10":"taxable","11":"shipping-taxable","12":"purchasable","13":"product-type-simple"},"_links":{"self":[{"href":"https:\/\/r2-toys.com\/index.php\/wp-json\/wp\/v2\/product\/1910","targetHints":{"allow":["GET"]}}],"collection":[{"href":"https:\/\/r2-toys.com\/index.php\/wp-json\/wp\/v2\/product"}],"about":[{"href":"https:\/\/r2-toys.com\/index.php\/wp-json\/wp\/v2\/types\/product"}],"replies":[{"embeddable":true,"href":"https:\/\/r2-toys.com\/index.php\/wp-json\/wp\/v2\/comments?post=1910"}],"wp:featuredmedia":[{"embeddable":true,"href":"https:\/\/r2-toys.com\/index.php\/wp-json\/wp\/v2\/media\/2864"}],"wp:attachment":[{"href":"https:\/\/r2-toys.com\/index.php\/wp-json\/wp\/v2\/media?parent=1910"}],"wp:term":[{"taxonomy":"product_brand","embeddable":true,"href":"https:\/\/r2-toys.com\/index.php\/wp-json\/wp\/v2\/product_brand?post=1910"},{"taxonomy":"product_cat","embeddable":true,"href":"https:\/\/r2-toys.com\/index.php\/wp-json\/wp\/v2\/product_cat?post=1910"},{"taxonomy":"product_tag","embeddable":true,"href":"https:\/\/r2-toys.com\/index.php\/wp-json\/wp\/v2\/product_tag?post=1910"}],"curies":[{"name":"wp","href":"https:\/\/api.w.org\/{rel}","templated":true}]}}