{"id":1924,"date":"2022-03-26T05:53:53","date_gmt":"2022-03-25T23:53:53","guid":{"rendered":"https:\/\/r2-toys.com\/?post_type=product&#038;p=1924"},"modified":"2022-09-26T05:40:34","modified_gmt":"2022-09-25T23:40:34","slug":"bocina-de-conexion-auxiliar-the-child","status":"publish","type":"product","link":"https:\/\/r2-toys.com\/index.php\/product\/bocina-de-conexion-auxiliar-the-child\/","title":{"rendered":"Bocina de conexi\u00f3n auxiliar The Child"},"content":{"rendered":"<p>Bocina de conexi\u00f3n auxiliar basada en The Mandalorian con un detallado dise\u00f1o de Grogu en su vaina, para escuchar tu m\u00fasica favorita de diferentes dispositivos que cuenten con una salida y cable auxiliar. Ademas se mueve al ritmo de tu m\u00fasica y voz, con sonidos y efectos integrados de la serie.<\/p>\n<p>Edad recomendada: 12 a\u00f1os en adelante<\/p>\n<p>\u26a0\ufe0fADVERTENCIA: PELIGRO DE ASFIXIA &#8211; Piezas peque\u00f1as. No apto para ni\u00f1os menores de 12 a\u00f1os.<\/p>\n<p>Los productos Star Wars son producidos bajo licencia de Lucasfilm Ltd. y Disney.<\/p>\n<p>eKids y todos los t\u00e9rminos relacionados con este producto son marcas registradas de eKids.<\/p>\n","protected":false},"excerpt":{"rendered":"<p>Bocina de conexi\u00f3n auxiliar basada en The Mandalorian con un detallado dise\u00f1o de Grogu en su vaina, para escuchar tu m\u00fasica favorita de diferentes dispositivos que cuenten con una salida y cable auxiliar. Ademas se mueve al ritmo de tu m\u00fasica y voz, con sonidos y efectos integrados de la serie.<\/p>\n","protected":false},"featured_media":2832,"comment_status":"open","ping_status":"closed","template":"","meta":[],"product_brand":[],"product_cat":[34],"product_tag":[],"class_list":{"0":"post-1924","1":"product","2":"type-product","3":"status-publish","4":"has-post-thumbnail","6":"product_cat-accesorios","8":"first","9":"instock","10":"taxable","11":"shipping-taxable","12":"purchasable","13":"product-type-simple"},"_links":{"self":[{"href":"https:\/\/r2-toys.com\/index.php\/wp-json\/wp\/v2\/product\/1924","targetHints":{"allow":["GET"]}}],"collection":[{"href":"https:\/\/r2-toys.com\/index.php\/wp-json\/wp\/v2\/product"}],"about":[{"href":"https:\/\/r2-toys.com\/index.php\/wp-json\/wp\/v2\/types\/product"}],"replies":[{"embeddable":true,"href":"https:\/\/r2-toys.com\/index.php\/wp-json\/wp\/v2\/comments?post=1924"}],"wp:featuredmedia":[{"embeddable":true,"href":"https:\/\/r2-toys.com\/index.php\/wp-json\/wp\/v2\/media\/2832"}],"wp:attachment":[{"href":"https:\/\/r2-toys.com\/index.php\/wp-json\/wp\/v2\/media?parent=1924"}],"wp:term":[{"taxonomy":"product_brand","embeddable":true,"href":"https:\/\/r2-toys.com\/index.php\/wp-json\/wp\/v2\/product_brand?post=1924"},{"taxonomy":"product_cat","embeddable":true,"href":"https:\/\/r2-toys.com\/index.php\/wp-json\/wp\/v2\/product_cat?post=1924"},{"taxonomy":"product_tag","embeddable":true,"href":"https:\/\/r2-toys.com\/index.php\/wp-json\/wp\/v2\/product_tag?post=1924"}],"curies":[{"name":"wp","href":"https:\/\/api.w.org\/{rel}","templated":true}]}}