{"id":1941,"date":"2022-03-12T15:25:38","date_gmt":"2022-03-12T09:25:38","guid":{"rendered":"https:\/\/r2-toys.com\/?post_type=product&#038;p=1941"},"modified":"2022-09-26T06:23:00","modified_gmt":"2022-09-26T00:23:00","slug":"darth-maul-select","status":"publish","type":"product","link":"https:\/\/r2-toys.com\/index.php\/product\/darth-maul-select\/","title":{"rendered":"Darth Maul Select"},"content":{"rendered":"<p>Uno de los aprendiz Sith m\u00e1s mort\u00edferos de la saga, manejaba un sable de luz de doble hoja hecho uniendo dos empu\u00f1aduras de extremo a extremo. La destreza y el extenso entrenamiento de Maul le permitieron usar su arma como un sable de una sola hoja, o activar ambas hojas carmes\u00ed y luchar contra m\u00faltiples oponentes a la vez.<\/p>\n<p>Esta figura de acci\u00f3n de 18cm aproximadamente tiene detalles incre\u00edbles, multiples articulaciones, en un empaque listo para exhibir, esta figura incluye<span class=\"Apple-converted-space\">\u00a0 <\/span>el sable l\u00e1ser doble, manos alternas y m\u00e1s.<\/p>\n<p>Edad recomendada:8 a\u00f1os en adelante<\/p>\n<p>\u26a0\ufe0fADVERTENCIA: PELIGRO DE ASFIXIA &#8211; Piezas peque\u00f1as. No apto para ni\u00f1os menores de 8 a\u00f1os.<\/p>\n<p>Los productos Star Wars son producidos por Hasbro bajo licencia de Lucasfilm Ltd. y Disney<\/p>\n<p>Hasbro, Diamond Select Toys y todos los t\u00e9rminos relacionados son marcas registradas de Hasbro y Diamond Select Toys .<\/p>\n","protected":false},"excerpt":{"rendered":"<p>Uno de los aprendiz Sith m\u00e1s mort\u00edferos de la saga, manejaba un sable de luz de doble hoja hecho uniendo dos empu\u00f1aduras de extremo a extremo. La destreza y el extenso entrenamiento de Maul le permitieron usar su arma como un sable de una sola hoja, o activar ambas hojas carmes\u00ed y luchar contra m\u00faltiples oponentes a la vez.<\/p>\n","protected":false},"featured_media":4768,"comment_status":"open","ping_status":"closed","template":"","meta":[],"product_brand":[],"product_cat":[19],"product_tag":[],"class_list":{"0":"post-1941","1":"product","2":"type-product","3":"status-publish","4":"has-post-thumbnail","6":"product_cat-star-wars","8":"first","9":"instock","10":"taxable","11":"shipping-taxable","12":"purchasable","13":"product-type-simple"},"_links":{"self":[{"href":"https:\/\/r2-toys.com\/index.php\/wp-json\/wp\/v2\/product\/1941","targetHints":{"allow":["GET"]}}],"collection":[{"href":"https:\/\/r2-toys.com\/index.php\/wp-json\/wp\/v2\/product"}],"about":[{"href":"https:\/\/r2-toys.com\/index.php\/wp-json\/wp\/v2\/types\/product"}],"replies":[{"embeddable":true,"href":"https:\/\/r2-toys.com\/index.php\/wp-json\/wp\/v2\/comments?post=1941"}],"wp:featuredmedia":[{"embeddable":true,"href":"https:\/\/r2-toys.com\/index.php\/wp-json\/wp\/v2\/media\/4768"}],"wp:attachment":[{"href":"https:\/\/r2-toys.com\/index.php\/wp-json\/wp\/v2\/media?parent=1941"}],"wp:term":[{"taxonomy":"product_brand","embeddable":true,"href":"https:\/\/r2-toys.com\/index.php\/wp-json\/wp\/v2\/product_brand?post=1941"},{"taxonomy":"product_cat","embeddable":true,"href":"https:\/\/r2-toys.com\/index.php\/wp-json\/wp\/v2\/product_cat?post=1941"},{"taxonomy":"product_tag","embeddable":true,"href":"https:\/\/r2-toys.com\/index.php\/wp-json\/wp\/v2\/product_tag?post=1941"}],"curies":[{"name":"wp","href":"https:\/\/api.w.org\/{rel}","templated":true}]}}