{"id":1944,"date":"2022-04-01T02:02:23","date_gmt":"2022-03-31T20:02:23","guid":{"rendered":"https:\/\/r2-toys.com\/?post_type=product&#038;p=1944"},"modified":"2024-10-24T23:48:23","modified_gmt":"2024-10-24T17:48:23","slug":"set-5-galactic-republic-celebrate-the-saga","status":"publish","type":"product","link":"https:\/\/r2-toys.com\/index.php\/product\/set-5-galactic-republic-celebrate-the-saga\/","title":{"rendered":"Set 5 Galactic Republic Celebrate the Saga"},"content":{"rendered":"<p>Durante m\u00e1s de mil a\u00f1os, la Rep\u00fablica Gal\u00e1ctica se mantuvo firme como una uni\u00f3n democr\u00e1tica que gobernaba la galaxia. Estaba gobernada por el Senado Gal\u00e1ctico, compuesto por funcionarios electos de cada sistema y planeta, y los Caballeros Jedi serv\u00edan como pacificadores.<\/p>\n<p>Juego de 5 figuras de acci\u00f3n Galactic Empire a escala de 9.5cm, con m\u00faltiples puntos de articulaci\u00f3n, as\u00ed como accesorios inspirados en los personajes Trooper de la legi\u00f3n 501,<span class=\"Apple-converted-space\">\u00a0 <\/span>Clon fase I, Shock Trooper, Comandante Cody y OOM-10<\/p>\n<p>Edad recomendada: 4 a\u00f1os en adelante<\/p>\n<p>\u26a0\ufe0fADVERTENCIA: PELIGRO DE ASFIXIA &#8211; Piezas peque\u00f1as. No apto para ni\u00f1os menores de 4 a\u00f1os.<\/p>\n<p>Los productos Star Wars son producidos por Hasbro bajo licencia de Lucasfilm Ltd.<\/p>\n<p>Hasbro y todos los t\u00e9rminos relacionados son marcas registradas de Hasbro.<\/p>\n","protected":false},"excerpt":{"rendered":"<p>Durante m\u00e1s de mil a\u00f1os, la Rep\u00fablica Gal\u00e1ctica se mantuvo firme como una uni\u00f3n democr\u00e1tica que gobernaba la galaxia. Estaba gobernada por el Senado Gal\u00e1ctico, compuesto por funcionarios electos de cada sistema y planeta, y los Caballeros Jedi serv\u00edan como pacificadores.<\/p>\n","protected":false},"featured_media":4145,"comment_status":"open","ping_status":"closed","template":"","meta":[],"product_brand":[],"product_cat":[19],"product_tag":[],"class_list":{"0":"post-1944","1":"product","2":"type-product","3":"status-publish","4":"has-post-thumbnail","6":"product_cat-star-wars","8":"first","9":"outofstock","10":"taxable","11":"shipping-taxable","12":"purchasable","13":"product-type-simple"},"_links":{"self":[{"href":"https:\/\/r2-toys.com\/index.php\/wp-json\/wp\/v2\/product\/1944","targetHints":{"allow":["GET"]}}],"collection":[{"href":"https:\/\/r2-toys.com\/index.php\/wp-json\/wp\/v2\/product"}],"about":[{"href":"https:\/\/r2-toys.com\/index.php\/wp-json\/wp\/v2\/types\/product"}],"replies":[{"embeddable":true,"href":"https:\/\/r2-toys.com\/index.php\/wp-json\/wp\/v2\/comments?post=1944"}],"wp:featuredmedia":[{"embeddable":true,"href":"https:\/\/r2-toys.com\/index.php\/wp-json\/wp\/v2\/media\/4145"}],"wp:attachment":[{"href":"https:\/\/r2-toys.com\/index.php\/wp-json\/wp\/v2\/media?parent=1944"}],"wp:term":[{"taxonomy":"product_brand","embeddable":true,"href":"https:\/\/r2-toys.com\/index.php\/wp-json\/wp\/v2\/product_brand?post=1944"},{"taxonomy":"product_cat","embeddable":true,"href":"https:\/\/r2-toys.com\/index.php\/wp-json\/wp\/v2\/product_cat?post=1944"},{"taxonomy":"product_tag","embeddable":true,"href":"https:\/\/r2-toys.com\/index.php\/wp-json\/wp\/v2\/product_tag?post=1944"}],"curies":[{"name":"wp","href":"https:\/\/api.w.org\/{rel}","templated":true}]}}