{"id":1948,"date":"2022-03-31T04:45:12","date_gmt":"2022-03-30T22:45:12","guid":{"rendered":"https:\/\/r2-toys.com\/?post_type=product&#038;p=1948"},"modified":"2022-09-26T05:23:10","modified_gmt":"2022-09-25T23:23:10","slug":"mission-fleet-the-mandalorian-the-child-cara-dune-ig-11-stormtrooper","status":"publish","type":"product","link":"https:\/\/r2-toys.com\/index.php\/product\/mission-fleet-the-mandalorian-the-child-cara-dune-ig-11-stormtrooper\/","title":{"rendered":"Mission Fleet The Mandalorian, The Child, Cara Dune, IG-11 &#038; Stormtrooper"},"content":{"rendered":"<p>El Mandalorian est\u00e1 protegido por una armadura Beskar, su rostro est\u00e1 oculto detr\u00e1s de una m\u00e1scara con visor en T y su pasado est\u00e1 envuelto en misterio. El solitario cazarrecompensas Din Djarin, con habilidades de combate avanzadas y protector de Grogu.<\/p>\n<p>Grogu, conocido como \u201cThe child\u201d fue\u00a0un\u00a0exp\u00f3sito\u00a0mandaloriano\u00a0sensible a la Fuerza\u00a0que pertenec\u00eda a la misma\u00a0especie\u00a0del\u00a0Gran Maestro\u00a0Jedi\u00a0Yoda, mientras era todav\u00eda un infante a la edad de cincuenta\u00a0a\u00f1os, \u00e9l fue\u00a0buscado, a petici\u00f3n del\u00a0Moff\u00a0Gideon y por un\u00a0Imperial\u00a0que contrat\u00f3 a un\u00a0cazarrecompensas\u00a0mandaloriano llamado\u00a0Din Djarin\u00a0para\u00a0recuperarlo.<\/p>\n<p>Cara Dune veterana de la Guerra Civil Gal\u00e1ctica que luch\u00f3 bajo el estandarte de la Rebeli\u00f3n, Cara Dune es una guerrera experimentada que proviene de Alderaan.<\/p>\n<p>IG-11 es un asesino a sueldo programado para seguir los protocolos de Bounty Hunters Guild al pie de la letra. Confiable y duradero, est\u00e1 construido sobre un sustrato blindado que puede resistir asaltos repetidos.<\/p>\n<p>Los Stormtroopers son tropas de choque de \u00e9lite fan\u00e1ticamente leales al Imperio e imposibles de desviar de la causa imperial. Llevan una imponente armadura blanca, que ofrece una amplia gama de equipos de supervivencia y controles de temperatura para permitir que los soldados sobrevivan en casi cualquier entorno.<\/p>\n<p>Estas 5 figuras de 6cm articuladas de la colecci\u00f3n Mission Fleet cuenta con un excelente dise\u00f1o muy detallado e incluye vaina flotante, soporte transparente y 8 accesorios.<\/p>\n<p>Edad recomendada: 4 a\u00f1os en adelante<\/p>\n<p>\u26a0\ufe0fADVERTENCIA: PELIGRO DE ASFIXIA &#8211; Piezas peque\u00f1as. No apto para ni\u00f1os menores de 4 a\u00f1os.<\/p>\n<p>Los productos Star Wars son producidos por Hasbro bajo licencia de Lucasfilm Ltd.<\/p>\n<p>Hasbro y todos los t\u00e9rminos relacionados son marcas registradas de Hasbro.<\/p>\n","protected":false},"excerpt":{"rendered":"<p>El Mandalorian est\u00e1 protegido por una armadura Beskar, su rostro est\u00e1 oculto detr\u00e1s de una m\u00e1scara con visor en T y su pasado est\u00e1 envuelto en misterio. El solitario cazarrecompensas Din Djarin, con habilidades de combate avanzadas y protector de Grogu.<\/p>\n<p>Grogu, conocido como \u201cThe child\u201d fue\u00a0un\u00a0exp\u00f3sito\u00a0mandaloriano\u00a0sensible a la Fuerza\u00a0que pertenec\u00eda a la misma\u00a0especie\u00a0del\u00a0Gran Maestro\u00a0Jedi\u00a0Yoda, mientras era todav\u00eda un infante a la edad de cincuenta\u00a0a\u00f1os, \u00e9l fue\u00a0buscado, a petici\u00f3n del\u00a0Moff\u00a0Gideon y por un\u00a0Imperial\u00a0que contrat\u00f3 a un\u00a0cazarrecompensas\u00a0mandaloriano llamado\u00a0Din Djarin\u00a0para\u00a0recuperarlo.<\/p>\n<p>Cara Dune veterana de la Guerra Civil Gal\u00e1ctica que luch\u00f3 bajo el estandarte de la Rebeli\u00f3n, Cara Dune es una guerrera experimentada que proviene de Alderaan.<\/p>\n<p>IG-11 es un asesino a sueldo programado para seguir los protocolos de Bounty Hunters Guild al pie de la letra. Confiable y duradero, est\u00e1 construido sobre un sustrato blindado que puede resistir asaltos repetidos.<\/p>\n<p>Los Stormtroopers son tropas de choque de \u00e9lite fan\u00e1ticamente leales al Imperio e imposibles de desviar de la causa imperial. Llevan una imponente armadura blanca, que ofrece una amplia gama de equipos de supervivencia y controles de temperatura para permitir que los soldados sobrevivan en casi cualquier entorno.<\/p>\n","protected":false},"featured_media":3393,"comment_status":"open","ping_status":"closed","template":"","meta":[],"product_brand":[],"product_cat":[19],"product_tag":[],"class_list":{"0":"post-1948","1":"product","2":"type-product","3":"status-publish","4":"has-post-thumbnail","6":"product_cat-star-wars","8":"first","9":"instock","10":"taxable","11":"shipping-taxable","12":"purchasable","13":"product-type-simple"},"_links":{"self":[{"href":"https:\/\/r2-toys.com\/index.php\/wp-json\/wp\/v2\/product\/1948","targetHints":{"allow":["GET"]}}],"collection":[{"href":"https:\/\/r2-toys.com\/index.php\/wp-json\/wp\/v2\/product"}],"about":[{"href":"https:\/\/r2-toys.com\/index.php\/wp-json\/wp\/v2\/types\/product"}],"replies":[{"embeddable":true,"href":"https:\/\/r2-toys.com\/index.php\/wp-json\/wp\/v2\/comments?post=1948"}],"wp:featuredmedia":[{"embeddable":true,"href":"https:\/\/r2-toys.com\/index.php\/wp-json\/wp\/v2\/media\/3393"}],"wp:attachment":[{"href":"https:\/\/r2-toys.com\/index.php\/wp-json\/wp\/v2\/media?parent=1948"}],"wp:term":[{"taxonomy":"product_brand","embeddable":true,"href":"https:\/\/r2-toys.com\/index.php\/wp-json\/wp\/v2\/product_brand?post=1948"},{"taxonomy":"product_cat","embeddable":true,"href":"https:\/\/r2-toys.com\/index.php\/wp-json\/wp\/v2\/product_cat?post=1948"},{"taxonomy":"product_tag","embeddable":true,"href":"https:\/\/r2-toys.com\/index.php\/wp-json\/wp\/v2\/product_tag?post=1948"}],"curies":[{"name":"wp","href":"https:\/\/api.w.org\/{rel}","templated":true}]}}