{"id":1950,"date":"2022-03-31T04:31:28","date_gmt":"2022-03-30T22:31:28","guid":{"rendered":"https:\/\/r2-toys.com\/?post_type=product&#038;p=1950"},"modified":"2022-09-26T05:24:21","modified_gmt":"2022-09-25T23:24:21","slug":"mission-fleet-razor-crest","status":"publish","type":"product","link":"https:\/\/r2-toys.com\/index.php\/product\/mission-fleet-razor-crest\/","title":{"rendered":"Mission Fleet Razor Crest"},"content":{"rendered":"<p>Una antigua nave militar utilizada para patrullar territorios locales en el tiempo anterior al Imperio, la Razor Crest sirve como transporte y alojamiento para el Mandalorian y Grogu.<\/p>\n<p>Estas figuras de 6cm articuladas de la colecci\u00f3n Mission Fleet cuenta con un excelente dise\u00f1o muy detallado e incluye 3 lanza proyectiles, una cabina de abatible para 2 figuras, una cubierta superior removible, un \u00e1rea de juego interior, una escotilla trasera, un compartimento de armas, 6 accesorios bl\u00e1ster y 1 jetpack.<\/p>\n<p>Edad recomendada: 4 a\u00f1os en adelante<\/p>\n<p>\u26a0\ufe0fADVERTENCIA: PELIGRO DE ASFIXIA &#8211; Piezas peque\u00f1as. No apto para ni\u00f1os menores de 4 a\u00f1os.<\/p>\n<p>Los productos Star Wars son producidos por Hasbro bajo licencia de Lucasfilm Ltd.<\/p>\n<p>Hasbro y todos los t\u00e9rminos relacionados son marcas registradas de Hasbro.<\/p>\n","protected":false},"excerpt":{"rendered":"<p>Una antigua nave militar utilizada para patrullar territorios locales en el tiempo anterior al Imperio, la Razor Crest sirve como transporte y alojamiento para el Mandalorian y Grogu.<\/p>\n","protected":false},"featured_media":3383,"comment_status":"open","ping_status":"closed","template":"","meta":[],"product_brand":[],"product_cat":[19],"product_tag":[],"class_list":{"0":"post-1950","1":"product","2":"type-product","3":"status-publish","4":"has-post-thumbnail","6":"product_cat-star-wars","8":"first","9":"instock","10":"taxable","11":"shipping-taxable","12":"purchasable","13":"product-type-simple"},"_links":{"self":[{"href":"https:\/\/r2-toys.com\/index.php\/wp-json\/wp\/v2\/product\/1950","targetHints":{"allow":["GET"]}}],"collection":[{"href":"https:\/\/r2-toys.com\/index.php\/wp-json\/wp\/v2\/product"}],"about":[{"href":"https:\/\/r2-toys.com\/index.php\/wp-json\/wp\/v2\/types\/product"}],"replies":[{"embeddable":true,"href":"https:\/\/r2-toys.com\/index.php\/wp-json\/wp\/v2\/comments?post=1950"}],"wp:featuredmedia":[{"embeddable":true,"href":"https:\/\/r2-toys.com\/index.php\/wp-json\/wp\/v2\/media\/3383"}],"wp:attachment":[{"href":"https:\/\/r2-toys.com\/index.php\/wp-json\/wp\/v2\/media?parent=1950"}],"wp:term":[{"taxonomy":"product_brand","embeddable":true,"href":"https:\/\/r2-toys.com\/index.php\/wp-json\/wp\/v2\/product_brand?post=1950"},{"taxonomy":"product_cat","embeddable":true,"href":"https:\/\/r2-toys.com\/index.php\/wp-json\/wp\/v2\/product_cat?post=1950"},{"taxonomy":"product_tag","embeddable":true,"href":"https:\/\/r2-toys.com\/index.php\/wp-json\/wp\/v2\/product_tag?post=1950"}],"curies":[{"name":"wp","href":"https:\/\/api.w.org\/{rel}","templated":true}]}}