{"id":1963,"date":"2022-03-31T23:27:54","date_gmt":"2022-03-31T17:27:54","guid":{"rendered":"https:\/\/r2-toys.com\/?post_type=product&#038;p=1963"},"modified":"2022-09-26T05:31:05","modified_gmt":"2022-09-25T23:31:05","slug":"d-o-personalizable","status":"publish","type":"product","link":"https:\/\/r2-toys.com\/index.php\/product\/d-o-personalizable\/","title":{"rendered":"D-O personalizable"},"content":{"rendered":"<p>Fue propiedad del asesino Sith Ochi de Bestoon. El droides fue creado por un Droidsmith quien fue asesinado por Ochi.<\/p>\n<p>El droide fue reactivado por BB-8 y m\u00e1s tarde llevado a Kijimi, donde fue reparado a\u00fan m\u00e1s por Rey. D-O se hizo amigo del los droides de la Resistencia, y quer\u00eda ser como su amigo BB-8.<\/p>\n<p>Te encantar\u00e1 coleccionar y personalizar a tus amigos droides favoritos con estos encantadores personajes de peluche en escala de 15cm, los puedes llevar a donde sea como tus fieles droides.<\/p>\n<p>Edad recomendada: 4 a\u00f1os en adelante<\/p>\n<p>\u26a0\ufe0fADVERTENCIA: PELIGRO DE ASFIXIA &#8211; Piezas peque\u00f1as. No apto para ni\u00f1os menores de 4 a\u00f1os.<\/p>\n<p>Los productos Star Wars son producidos por Hasbro bajo licencia de Lucasfilm Ltd. y Disney<\/p>\n<p>Hasbro y todos los t\u00e9rminos relacionados son marcas registradas de Hasbro.<\/p>\n","protected":false},"excerpt":{"rendered":"<p>Fue propiedad del asesino Sith Ochi de Bestoon. El droides fue creado por un Droidsmith quien fue asesinado por Ochi.<\/p>\n<p>El droide fue reactivado por BB-8 y m\u00e1s tarde llevado a Kijimi, donde fue reparado a\u00fan m\u00e1s por Rey. D-O se hizo amigo del los droides de la Resistencia, y quer\u00eda ser como su amigo BB-8<\/p>\n","protected":false},"featured_media":3996,"comment_status":"open","ping_status":"closed","template":"","meta":[],"product_brand":[],"product_cat":[33],"product_tag":[],"class_list":{"0":"post-1963","1":"product","2":"type-product","3":"status-publish","4":"has-post-thumbnail","6":"product_cat-otros","8":"first","9":"instock","10":"taxable","11":"shipping-taxable","12":"purchasable","13":"product-type-simple"},"_links":{"self":[{"href":"https:\/\/r2-toys.com\/index.php\/wp-json\/wp\/v2\/product\/1963","targetHints":{"allow":["GET"]}}],"collection":[{"href":"https:\/\/r2-toys.com\/index.php\/wp-json\/wp\/v2\/product"}],"about":[{"href":"https:\/\/r2-toys.com\/index.php\/wp-json\/wp\/v2\/types\/product"}],"replies":[{"embeddable":true,"href":"https:\/\/r2-toys.com\/index.php\/wp-json\/wp\/v2\/comments?post=1963"}],"wp:featuredmedia":[{"embeddable":true,"href":"https:\/\/r2-toys.com\/index.php\/wp-json\/wp\/v2\/media\/3996"}],"wp:attachment":[{"href":"https:\/\/r2-toys.com\/index.php\/wp-json\/wp\/v2\/media?parent=1963"}],"wp:term":[{"taxonomy":"product_brand","embeddable":true,"href":"https:\/\/r2-toys.com\/index.php\/wp-json\/wp\/v2\/product_brand?post=1963"},{"taxonomy":"product_cat","embeddable":true,"href":"https:\/\/r2-toys.com\/index.php\/wp-json\/wp\/v2\/product_cat?post=1963"},{"taxonomy":"product_tag","embeddable":true,"href":"https:\/\/r2-toys.com\/index.php\/wp-json\/wp\/v2\/product_tag?post=1963"}],"curies":[{"name":"wp","href":"https:\/\/api.w.org\/{rel}","templated":true}]}}