{"id":2103,"date":"2022-03-31T03:54:16","date_gmt":"2022-03-30T21:54:16","guid":{"rendered":"https:\/\/r2-toys.com\/?post_type=product&#038;p=2103"},"modified":"2024-07-19T08:05:24","modified_gmt":"2024-07-19T02:05:24","slug":"thundarr-829-spring-con","status":"publish","type":"product","link":"https:\/\/r2-toys.com\/index.php\/product\/thundarr-829-spring-con\/","title":{"rendered":"Thundarr (829) Spring Con"},"content":{"rendered":"<p>Muchos seres ansiosos de libertad comienzan a revelarse ante sus opresores, uno de ellos es Thundarr con una fuerza descomunal y la destreza de un &#8220;b\u00e1rbaro&#8221; quien se libera de sus cadenas y decide acabar con aquellos seres mal\u00e9volos en busca de un mundo libre de los opresores demoniacos.<\/p>\n<p>Esta figura es exclusiva de la Spring Convention 2021.<\/p>\n<div>\n<p>Esta figura de vinilo mide aproximadamente 11 cent\u00edmetros.<\/p>\n<\/div>\n<div>\n<p>Edad recomendada: 4 a\u00f1os en adelante<\/p>\n<\/div>\n<div>\n<p>\u26a0\ufe0f ADVERTENCIA: PELIGRO DE ASFIXIA &#8211; Piezas peque\u00f1as. No apto para ni\u00f1os menores de 4 a\u00f1os.<\/p>\n<\/div>\n<p>FUNKO y todos los t\u00e9rminos relacionados son marcas registradas Funko.<\/p>\n","protected":false},"excerpt":{"rendered":"<p>Muchos seres ansiosos de libertad comienzan a revelarse ante sus opresores, uno de ellos es Thundarr con una fuerza descomunal y la destreza de un &#8220;b\u00e1rbaro&#8221; quien se libera de sus cadenas y decide acabar con aquellos seres mal\u00e9volos en busca de un mundo libre de los opresores demoniacos.<\/p>\n<p>Esta figura es exclusiva de la Spring Convention 2021<\/p>\n","protected":false},"featured_media":3267,"comment_status":"open","ping_status":"closed","template":"","meta":[],"product_brand":[],"product_cat":[20,21],"product_tag":[],"class_list":{"0":"post-2103","1":"product","2":"type-product","3":"status-publish","4":"has-post-thumbnail","6":"product_cat-funko1","7":"product_cat-retro","9":"first","10":"outofstock","11":"taxable","12":"shipping-taxable","13":"purchasable","14":"product-type-simple"},"_links":{"self":[{"href":"https:\/\/r2-toys.com\/index.php\/wp-json\/wp\/v2\/product\/2103","targetHints":{"allow":["GET"]}}],"collection":[{"href":"https:\/\/r2-toys.com\/index.php\/wp-json\/wp\/v2\/product"}],"about":[{"href":"https:\/\/r2-toys.com\/index.php\/wp-json\/wp\/v2\/types\/product"}],"replies":[{"embeddable":true,"href":"https:\/\/r2-toys.com\/index.php\/wp-json\/wp\/v2\/comments?post=2103"}],"wp:featuredmedia":[{"embeddable":true,"href":"https:\/\/r2-toys.com\/index.php\/wp-json\/wp\/v2\/media\/3267"}],"wp:attachment":[{"href":"https:\/\/r2-toys.com\/index.php\/wp-json\/wp\/v2\/media?parent=2103"}],"wp:term":[{"taxonomy":"product_brand","embeddable":true,"href":"https:\/\/r2-toys.com\/index.php\/wp-json\/wp\/v2\/product_brand?post=2103"},{"taxonomy":"product_cat","embeddable":true,"href":"https:\/\/r2-toys.com\/index.php\/wp-json\/wp\/v2\/product_cat?post=2103"},{"taxonomy":"product_tag","embeddable":true,"href":"https:\/\/r2-toys.com\/index.php\/wp-json\/wp\/v2\/product_tag?post=2103"}],"curies":[{"name":"wp","href":"https:\/\/api.w.org\/{rel}","templated":true}]}}