{"id":2146,"date":"2022-03-30T08:35:46","date_gmt":"2022-03-30T02:35:46","guid":{"rendered":"https:\/\/r2-toys.com\/?post_type=product&#038;p=2146"},"modified":"2024-09-17T09:51:53","modified_gmt":"2024-09-17T03:51:53","slug":"corredor-tantive-iv","status":"publish","type":"product","link":"https:\/\/r2-toys.com\/index.php\/product\/corredor-tantive-iv\/","title":{"rendered":"Corredor TANTIVE IV"},"content":{"rendered":"<p>Tanto Bail Organa como su hija adoptiva Leia utilizaron esta nave estelar alderaana en misiones p\u00fablicas para el Senado y secretas para la Alianza. Leia se hizo famosa por las misiones de misericordia emprendidas a bordo del Tantivo IV, pero el Imperio sospechaba que sus actos altruistas eran la cobertura de las actividades traicioneras. Despu\u00e9s de que el Tantive IV interceptara las transmisiones rebeldes de los planes de la Estrella de la Muerte en Scarif, Darth Vader captur\u00f3 al corredor de bloqueo por encima de Tatooine.<\/p>\n<p>Set para figuras de 9,5 cm de la colecci\u00f3n cuenta con un excelente\u00a0\u00a0dise\u00f1o y vienen en empaques inspirados en la l\u00ednea original. Incluye accesorios.<\/p>\n<div>\n<p>Edad recomendada: 4 a\u00f1os en adelante<\/p>\n<\/div>\n<div>\n<p>\u26a0\ufe0f ADVERTENCIA: PELIGRO DE ASFIXIA &#8211; Piezas peque\u00f1as. No apto para ni\u00f1os menores de 4 a\u00f1os.<\/p>\n<\/div>\n<div>\n<p>Los productos Star Wars son producidos por Hasbro bajo licencia de Lucasfilm Ltd.<br \/>\nHasbro y todos los t\u00e9rminos relacionados son marcas registradas de Hasbro.<\/p>\n<\/div>\n","protected":false},"excerpt":{"rendered":"<p>Tanto Bail Organa como su hija adoptiva Leia utilizaron esta nave estelar alderaana en misiones p\u00fablicas para el Senado y secretas para la Alianza. Leia se hizo famosa por las misiones de misericordia emprendidas a bordo del Tantivo IV, pero el Imperio sospechaba que sus actos altruistas eran la cobertura de las actividades traicioneras. Despu\u00e9s de que el Tantive IV interceptara las transmisiones rebeldes de los planes de la Estrella de la Muerte en Scarif, Darth Vader captur\u00f3 al corredor de bloqueo por encima de Tatooine.<\/p>\n<p>Set para figuras de 9,5 cm de la colecci\u00f3n cuenta con un excelente\u00a0\u00a0dise\u00f1o y vienen en empaques inspirados en la l\u00ednea original. Incluye accesorios.<\/p>\n<p>&nbsp;<\/p>\n","protected":false},"featured_media":3157,"comment_status":"open","ping_status":"closed","template":"","meta":[],"product_brand":[],"product_cat":[29],"product_tag":[],"class_list":{"0":"post-2146","1":"product","2":"type-product","3":"status-publish","4":"has-post-thumbnail","6":"product_cat-vintage","8":"first","9":"outofstock","10":"taxable","11":"shipping-taxable","12":"purchasable","13":"product-type-simple"},"_links":{"self":[{"href":"https:\/\/r2-toys.com\/index.php\/wp-json\/wp\/v2\/product\/2146","targetHints":{"allow":["GET"]}}],"collection":[{"href":"https:\/\/r2-toys.com\/index.php\/wp-json\/wp\/v2\/product"}],"about":[{"href":"https:\/\/r2-toys.com\/index.php\/wp-json\/wp\/v2\/types\/product"}],"replies":[{"embeddable":true,"href":"https:\/\/r2-toys.com\/index.php\/wp-json\/wp\/v2\/comments?post=2146"}],"wp:featuredmedia":[{"embeddable":true,"href":"https:\/\/r2-toys.com\/index.php\/wp-json\/wp\/v2\/media\/3157"}],"wp:attachment":[{"href":"https:\/\/r2-toys.com\/index.php\/wp-json\/wp\/v2\/media?parent=2146"}],"wp:term":[{"taxonomy":"product_brand","embeddable":true,"href":"https:\/\/r2-toys.com\/index.php\/wp-json\/wp\/v2\/product_brand?post=2146"},{"taxonomy":"product_cat","embeddable":true,"href":"https:\/\/r2-toys.com\/index.php\/wp-json\/wp\/v2\/product_cat?post=2146"},{"taxonomy":"product_tag","embeddable":true,"href":"https:\/\/r2-toys.com\/index.php\/wp-json\/wp\/v2\/product_tag?post=2146"}],"curies":[{"name":"wp","href":"https:\/\/api.w.org\/{rel}","templated":true}]}}