{"id":298,"date":"2021-08-06T11:05:33","date_gmt":"2021-08-06T05:05:33","guid":{"rendered":"https:\/\/r2-toys.com\/?post_type=product&#038;p=298"},"modified":"2026-01-24T07:56:09","modified_gmt":"2026-01-24T01:56:09","slug":"admiral-ackbar","status":"publish","type":"product","link":"https:\/\/r2-toys.com\/index.php\/product\/admiral-ackbar\/","title":{"rendered":"ADMIRAL ACKBAR"},"content":{"rendered":"<p>Star Wars Black Series: Return Of The Jedi &#8211; Admiral Ackbar<\/p>\n<p>En la Batalla de Endor, el veterano almirante Ackbar dirigi\u00f3 el ataque rebelde, coordinando con las operaciones de cazas estelares comandadas por Lando Calrissian y Wedge Antilles. \u00a1Tanto los ni\u00f1os como los coleccionistas pueden imaginar las m\u00e1s grandes batallas y misiones de la saga de Star Wars con las figuras de Star Wars The Black Series! Con caracter\u00edsticas y decorado premium, esta serie establece el est\u00e1ndar de calidad y realismo que esperan los fans de Star Wars.<\/p>\n<p>Esta figura del almirante Ackbar a escala de 15 cm fue dise\u00f1ada con lujo de detalles para verse igual al personaje de la pel\u00edcula Star Wars: El regreso del Jedi. La figura cuenta con dise\u00f1o detallado y m\u00faltiples puntos de articulaci\u00f3n\u00a0(4 extremidades totalmente articuladas) con dise\u00f1o premium, en su colecci\u00f3n de veh\u00edculos y figuras.<\/p>\n<p>Incluye: Figura y accesorio .<\/p>\n<p>Escala de la figura: 6 pulgadas<\/p>\n<p>Edad recomendada :4 a\u00f1os en adelante.<\/p>\n<p>\u26a0\ufe0f ADVERTENCIA: PELIGRO DE ASFIXIA &#8211; Piezas peque\u00f1as. No apto para ni\u00f1os menores de 4 a\u00f1os.<\/p>\n<p>Los juguetes de Hasbro de la L\u00ednea Star Wars Black Series son productos originales que traer\u00e1n horas de diversi\u00f3n a chicos y grandes, adem\u00e1s cuentan con licencias oficiales.<\/p>\n","protected":false},"excerpt":{"rendered":"<p>En la Batalla de Endor, el veterano almirante Ackbar dirigi\u00f3 el ataque rebelde, coordinando con las operaciones de cazas estelares comandadas por Lando Calrissian y Wedge Antilles.<\/p>\n<p><strong>\u26a0\ufe0f ADVERTENCIA: PELIGRO DE ASFIXIA<\/strong><\/p>\n","protected":false},"featured_media":2395,"comment_status":"open","ping_status":"closed","template":"","meta":[],"product_brand":[],"product_cat":[28],"product_tag":[],"class_list":{"0":"post-298","1":"product","2":"type-product","3":"status-publish","4":"has-post-thumbnail","6":"product_cat-black-series","8":"first","9":"instock","10":"taxable","11":"shipping-taxable","12":"purchasable","13":"product-type-simple"},"_links":{"self":[{"href":"https:\/\/r2-toys.com\/index.php\/wp-json\/wp\/v2\/product\/298","targetHints":{"allow":["GET"]}}],"collection":[{"href":"https:\/\/r2-toys.com\/index.php\/wp-json\/wp\/v2\/product"}],"about":[{"href":"https:\/\/r2-toys.com\/index.php\/wp-json\/wp\/v2\/types\/product"}],"replies":[{"embeddable":true,"href":"https:\/\/r2-toys.com\/index.php\/wp-json\/wp\/v2\/comments?post=298"}],"wp:featuredmedia":[{"embeddable":true,"href":"https:\/\/r2-toys.com\/index.php\/wp-json\/wp\/v2\/media\/2395"}],"wp:attachment":[{"href":"https:\/\/r2-toys.com\/index.php\/wp-json\/wp\/v2\/media?parent=298"}],"wp:term":[{"taxonomy":"product_brand","embeddable":true,"href":"https:\/\/r2-toys.com\/index.php\/wp-json\/wp\/v2\/product_brand?post=298"},{"taxonomy":"product_cat","embeddable":true,"href":"https:\/\/r2-toys.com\/index.php\/wp-json\/wp\/v2\/product_cat?post=298"},{"taxonomy":"product_tag","embeddable":true,"href":"https:\/\/r2-toys.com\/index.php\/wp-json\/wp\/v2\/product_tag?post=298"}],"curies":[{"name":"wp","href":"https:\/\/api.w.org\/{rel}","templated":true}]}}