{"id":339,"date":"2021-08-06T11:59:52","date_gmt":"2021-08-06T05:59:52","guid":{"rendered":"https:\/\/r2-toys.com\/?post_type=product&#038;p=339"},"modified":"2026-01-25T05:19:24","modified_gmt":"2026-01-24T23:19:24","slug":"clone-commander-bly","status":"publish","type":"product","link":"https:\/\/r2-toys.com\/index.php\/product\/clone-commander-bly\/","title":{"rendered":"Clone Commander Bly"},"content":{"rendered":"<p>Un veterano de muchas batallas de las Guerras Clon, el Comandante Clon Bly (designaci\u00f3n de clon CC-5052) sirvi\u00f3 en el 327 \u00b0 Cuerpo Estelar en mundos como Quell, Maridun y Felucia.<\/p>\n<p>La figura de acci\u00f3n de Bly de Black Series Clone Commander a escala de 6 pulgadas se detalla para parecerse al personaje de Star Wars: The Clone Wars, con detalles premium y m\u00faltiples puntos de articulaci\u00f3n.<\/p>\n<p>Incluye: figura y 3 accesorios.<\/p>\n<p>Un veterano de muchas batallas de las Guerras Clon, el Comandante Clon Bly (designaci\u00f3n de clon CC-5052) sirvi\u00f3 en el 327 \u00b0 Cuerpo Estelar en mundos como Quell, Maridun y Felucia.<\/p>\n<p>Los fan\u00e1ticos y coleccionistas pueden imaginar escenas de Star Wars Galaxy con este juguete premium Clone Commander Bly, inspirado en la serie animada Star Wars: The Clone Wars.<\/p>\n<p>Esta figura de acci\u00f3n de Star Wars The Black Series viene con 3 accesorios inspirados en Clone Commander Bly que son una gran adici\u00f3n a cualquier colecci\u00f3n de Star Wars.<\/p>\n<p>Los fan\u00e1ticos y coleccionistas de Star Wars pueden exhibir esta figura altamente articulada (4 extremidades completamente articuladas), con decoraci\u00f3n premium, en su colecci\u00f3n de figuras de acci\u00f3n y veh\u00edculos.<\/p>\n<p>Edad recomendada :4 a\u00f1os en adelante<\/p>\n<p>\u26a0\ufe0f ADVERTENCIA: PELIGRO DE ASFIXIA &#8211; Piezas peque\u00f1as. No apto para ni\u00f1os menores de 4 a\u00f1os.<\/p>\n<p>Los juguetes de Hasbro de la L\u00ednea Star Wars Black Series son productos originales que traer\u00e1n horas de diversi\u00f3n a chicos y grandes, adem\u00e1s cuentan con licencias oficiales<\/p>\n<p>&nbsp;<\/p>\n<p>&nbsp;<\/p>\n","protected":false},"excerpt":{"rendered":"<p>Un veterano de muchas batallas de las Guerras Clon, el Comandante Clon Bly (designaci\u00f3n de clon CC-5052) sirvi\u00f3 en el 327 \u00b0 Cuerpo Estelar en mundos como Quell, Maridun y Felucia.<\/p>\n","protected":false},"featured_media":2437,"comment_status":"open","ping_status":"closed","template":"","meta":[],"product_brand":[],"product_cat":[28],"product_tag":[],"class_list":{"0":"post-339","1":"product","2":"type-product","3":"status-publish","4":"has-post-thumbnail","6":"product_cat-black-series","8":"first","9":"instock","10":"taxable","11":"shipping-taxable","12":"purchasable","13":"product-type-simple"},"_links":{"self":[{"href":"https:\/\/r2-toys.com\/index.php\/wp-json\/wp\/v2\/product\/339","targetHints":{"allow":["GET"]}}],"collection":[{"href":"https:\/\/r2-toys.com\/index.php\/wp-json\/wp\/v2\/product"}],"about":[{"href":"https:\/\/r2-toys.com\/index.php\/wp-json\/wp\/v2\/types\/product"}],"replies":[{"embeddable":true,"href":"https:\/\/r2-toys.com\/index.php\/wp-json\/wp\/v2\/comments?post=339"}],"wp:featuredmedia":[{"embeddable":true,"href":"https:\/\/r2-toys.com\/index.php\/wp-json\/wp\/v2\/media\/2437"}],"wp:attachment":[{"href":"https:\/\/r2-toys.com\/index.php\/wp-json\/wp\/v2\/media?parent=339"}],"wp:term":[{"taxonomy":"product_brand","embeddable":true,"href":"https:\/\/r2-toys.com\/index.php\/wp-json\/wp\/v2\/product_brand?post=339"},{"taxonomy":"product_cat","embeddable":true,"href":"https:\/\/r2-toys.com\/index.php\/wp-json\/wp\/v2\/product_cat?post=339"},{"taxonomy":"product_tag","embeddable":true,"href":"https:\/\/r2-toys.com\/index.php\/wp-json\/wp\/v2\/product_tag?post=339"}],"curies":[{"name":"wp","href":"https:\/\/api.w.org\/{rel}","templated":true}]}}