{"id":3490,"date":"2022-03-31T05:44:45","date_gmt":"2022-03-30T23:44:45","guid":{"rendered":"https:\/\/r2-toys.com\/?post_type=product&#038;p=3490"},"modified":"2026-01-05T02:29:26","modified_gmt":"2026-01-04T20:29:26","slug":"imperial-senate-guard-the-force-unleashed-exclusivo","status":"publish","type":"product","link":"https:\/\/r2-toys.com\/index.php\/product\/imperial-senate-guard-the-force-unleashed-exclusivo\/","title":{"rendered":"Imperial Senate Guard Gaming Greats Exclusivo"},"content":{"rendered":"<p>Durante siglos, los Guardias del Senado han mantenido a salvo a los legisladores de la galaxia mientras se ocupaban de los asuntos de la Rep\u00fablica en el mundo capital de Coruscant. Los mejores y m\u00e1s valientes miembros de la guardia est\u00e1n invitados a convertirse en miembros de los Comandos del Senado, que llevan a cabo misiones gubernamentales secretas. Con el declive de la Rep\u00fablica, los guardias azules eventualmente ser\u00edan eliminados por las patrullas de soldados de asalto imperiales y la guardia roja al servicio del Emperador.<\/p>\n<p>Figura de acci\u00f3n de 15cm, cuenta con m\u00faltiples puntos de articulaci\u00f3n y 2 accesorios de combate.<\/p>\n<p>Edad recomendada: 4 a\u00f1os en adelante<\/p>\n<p>\u26a0\ufe0fADVERTENCIA: PELIGRO DE ASFIXIA &#8211; Piezas peque\u00f1as. No apto para ni\u00f1os menores de 4 a\u00f1os.<\/p>\n<p>Los productos Star Wars son producidos por Hasbro bajo licencia de Lucasfilm Ltd.<\/p>\n<p>Hasbro y todos los t\u00e9rminos relacionados son marcas registradas de Hasbro<\/p>\n","protected":false},"excerpt":{"rendered":"<p>Durante siglos, los Guardias del Senado han mantenido a salvo a los legisladores de la galaxia mientras se ocupaban de los asuntos de la Rep\u00fablica en el mundo capital de Coruscant. Los mejores y m\u00e1s valientes miembros de la guardia est\u00e1n invitados a convertirse en miembros de los Comandos del Senado, que llevan a cabo misiones gubernamentales secretas. Con el declive de la Rep\u00fablica, los guardias azules eventualmente ser\u00edan eliminados por las patrullas de soldados de asalto imperiales y la guardia roja al servicio del Emperador.<\/p>\n","protected":false},"featured_media":4224,"comment_status":"open","ping_status":"closed","template":"","meta":[],"product_brand":[],"product_cat":[28],"product_tag":[],"class_list":{"0":"post-3490","1":"product","2":"type-product","3":"status-publish","4":"has-post-thumbnail","6":"product_cat-black-series","8":"first","9":"instock","10":"taxable","11":"shipping-taxable","12":"purchasable","13":"product-type-simple"},"_links":{"self":[{"href":"https:\/\/r2-toys.com\/index.php\/wp-json\/wp\/v2\/product\/3490","targetHints":{"allow":["GET"]}}],"collection":[{"href":"https:\/\/r2-toys.com\/index.php\/wp-json\/wp\/v2\/product"}],"about":[{"href":"https:\/\/r2-toys.com\/index.php\/wp-json\/wp\/v2\/types\/product"}],"replies":[{"embeddable":true,"href":"https:\/\/r2-toys.com\/index.php\/wp-json\/wp\/v2\/comments?post=3490"}],"wp:featuredmedia":[{"embeddable":true,"href":"https:\/\/r2-toys.com\/index.php\/wp-json\/wp\/v2\/media\/4224"}],"wp:attachment":[{"href":"https:\/\/r2-toys.com\/index.php\/wp-json\/wp\/v2\/media?parent=3490"}],"wp:term":[{"taxonomy":"product_brand","embeddable":true,"href":"https:\/\/r2-toys.com\/index.php\/wp-json\/wp\/v2\/product_brand?post=3490"},{"taxonomy":"product_cat","embeddable":true,"href":"https:\/\/r2-toys.com\/index.php\/wp-json\/wp\/v2\/product_cat?post=3490"},{"taxonomy":"product_tag","embeddable":true,"href":"https:\/\/r2-toys.com\/index.php\/wp-json\/wp\/v2\/product_tag?post=3490"}],"curies":[{"name":"wp","href":"https:\/\/api.w.org\/{rel}","templated":true}]}}