{"id":363,"date":"2021-08-06T13:09:19","date_gmt":"2021-08-06T07:09:19","guid":{"rendered":"https:\/\/r2-toys.com\/?post_type=product&#038;p=363"},"modified":"2022-07-01T07:28:53","modified_gmt":"2022-07-01T01:28:53","slug":"gamorrean-guard","status":"publish","type":"product","link":"https:\/\/r2-toys.com\/index.php\/product\/gamorrean-guard\/","title":{"rendered":"Gamorrean guard"},"content":{"rendered":"<p>Los gamorreanos, robustos y parecidos a cerdos que prefer\u00edan las hachas y otras armas primitivas, sol\u00edan ser utilizados como m\u00fasculos por los hutts y otros capos del inframundo. Jabba el Hutt emple\u00f3 a una banda de intimidantes gamorreanos para proteger su palacio en Tatooine.<\/p>\n<p>Esta figura de Guardia Gamorreana de 6 pulgadas est\u00e1 cuidadosamente detallada para parecerse al personaje de Star Wars: El Retorno del Jedi. Esta figura presenta detalles premium y m\u00faltiples puntos de articulaci\u00f3n.<\/p>\n<p>Incluye figura y 4 accesorios.<\/p>\n<p>Escala de la figura: 6 pulgadas<\/p>\n<p>Edad recomendada: 4 a\u00f1os en adelante<\/p>\n<p>\u26a0\ufe0f ADVERTENCIA: PELIGRO DE ASFIXIA &#8211; Piezas peque\u00f1as. No apto para ni\u00f1os menores de 4 a\u00f1os.<\/p>\n<p>Los juguetes de Hasbro de la L\u00ednea Star Wars Black Series son productos originales que traer\u00e1n horas de diversi\u00f3n a chicos y grandes, adem\u00e1s cuentan con licencias oficiales<\/p>\n<p>&nbsp;<\/p>\n","protected":false},"excerpt":{"rendered":"<p>Los gamorreanos, robustos y parecidos a cerdos que prefer\u00edan las hachas y otras armas primitivas, sol\u00edan ser utilizados como m\u00fasculos por los hutts y otros capos del inframundo. Jabba el Hutt emple\u00f3 a una banda de intimidantes gamorreanos para proteger su palacio en Tatooine.<\/p>\n","protected":false},"featured_media":2476,"comment_status":"open","ping_status":"closed","template":"","meta":[],"product_brand":[],"product_cat":[28],"product_tag":[],"class_list":{"0":"post-363","1":"product","2":"type-product","3":"status-publish","4":"has-post-thumbnail","6":"product_cat-black-series","8":"first","9":"outofstock","10":"taxable","11":"shipping-taxable","12":"purchasable","13":"product-type-simple"},"_links":{"self":[{"href":"https:\/\/r2-toys.com\/index.php\/wp-json\/wp\/v2\/product\/363","targetHints":{"allow":["GET"]}}],"collection":[{"href":"https:\/\/r2-toys.com\/index.php\/wp-json\/wp\/v2\/product"}],"about":[{"href":"https:\/\/r2-toys.com\/index.php\/wp-json\/wp\/v2\/types\/product"}],"replies":[{"embeddable":true,"href":"https:\/\/r2-toys.com\/index.php\/wp-json\/wp\/v2\/comments?post=363"}],"wp:featuredmedia":[{"embeddable":true,"href":"https:\/\/r2-toys.com\/index.php\/wp-json\/wp\/v2\/media\/2476"}],"wp:attachment":[{"href":"https:\/\/r2-toys.com\/index.php\/wp-json\/wp\/v2\/media?parent=363"}],"wp:term":[{"taxonomy":"product_brand","embeddable":true,"href":"https:\/\/r2-toys.com\/index.php\/wp-json\/wp\/v2\/product_brand?post=363"},{"taxonomy":"product_cat","embeddable":true,"href":"https:\/\/r2-toys.com\/index.php\/wp-json\/wp\/v2\/product_cat?post=363"},{"taxonomy":"product_tag","embeddable":true,"href":"https:\/\/r2-toys.com\/index.php\/wp-json\/wp\/v2\/product_tag?post=363"}],"curies":[{"name":"wp","href":"https:\/\/api.w.org\/{rel}","templated":true}]}}