{"id":3719,"date":"2023-05-29T11:44:55","date_gmt":"2023-05-29T05:44:55","guid":{"rendered":"https:\/\/r2-toys.com\/?post_type=product&#038;p=3719"},"modified":"2026-01-10T03:25:20","modified_gmt":"2026-01-09T21:25:20","slug":"lando-calrissian-skiff-guard-3","status":"publish","type":"product","link":"https:\/\/r2-toys.com\/index.php\/product\/lando-calrissian-skiff-guard-3\/","title":{"rendered":"Lando Calrissian (Skiff Guard)"},"content":{"rendered":"<p>Una vez un contrabandista que hablaba suavemente, Lando Calrissian cambi\u00f3 de un intrigante para hacerse rico r\u00e1pidamente a un l\u00edder desinteresado en la lucha contra el Imperio. Desde aventuras con la tripulaci\u00f3n de rebeldes Fantasma hasta el ataque a la Estrella de la Muerte II, su ingenio y audacia r\u00e1pidos demostraron ser invaluables.<\/p>\n<p>Esta figura de 15 cm cuidadosamente presenta detalles premium y m\u00faltiples puntos de articulaci\u00f3n.<\/p>\n<p>Incluye figura y 2 accesorios.<\/p>\n<p>Edad recomendada: 4 a\u00f1os en adelante<\/p>\n<p>\u26a0\ufe0f ADVERTENCIA: PELIGRO DE ASFIXIA \u2013 Piezas peque\u00f1as. No apto para ni\u00f1os menores de 4 a\u00f1os.<\/p>\n<p>Los productos Star Wars son producidos por Hasbro bajo licencia de Lucasfilm Ltd.<\/p>\n<p>Hasbro y todos los t\u00e9rminos relacionados son marcas registradas de Hasbro.<\/p>\n","protected":false},"excerpt":{"rendered":"<p>Una vez un contrabandista que hablaba suavemente, Lando Calrissian cambi\u00f3 de un intrigante para hacerse rico r\u00e1pidamente a un l\u00edder desinteresado en la lucha contra el Imperio. Desde aventuras con la tripulaci\u00f3n de rebeldes Fantasma hasta el ataque a la Estrella de la Muerte II, su ingenio y audacia r\u00e1pidos demostraron ser invaluables<\/p>\n","protected":false},"featured_media":6196,"comment_status":"open","ping_status":"closed","template":"","meta":[],"product_brand":[],"product_cat":[31],"product_tag":[],"class_list":{"0":"post-3719","1":"product","2":"type-product","3":"status-publish","4":"has-post-thumbnail","6":"product_cat-archive","8":"first","9":"outofstock","10":"taxable","11":"shipping-taxable","12":"purchasable","13":"product-type-simple"},"_links":{"self":[{"href":"https:\/\/r2-toys.com\/index.php\/wp-json\/wp\/v2\/product\/3719","targetHints":{"allow":["GET"]}}],"collection":[{"href":"https:\/\/r2-toys.com\/index.php\/wp-json\/wp\/v2\/product"}],"about":[{"href":"https:\/\/r2-toys.com\/index.php\/wp-json\/wp\/v2\/types\/product"}],"replies":[{"embeddable":true,"href":"https:\/\/r2-toys.com\/index.php\/wp-json\/wp\/v2\/comments?post=3719"}],"wp:featuredmedia":[{"embeddable":true,"href":"https:\/\/r2-toys.com\/index.php\/wp-json\/wp\/v2\/media\/6196"}],"wp:attachment":[{"href":"https:\/\/r2-toys.com\/index.php\/wp-json\/wp\/v2\/media?parent=3719"}],"wp:term":[{"taxonomy":"product_brand","embeddable":true,"href":"https:\/\/r2-toys.com\/index.php\/wp-json\/wp\/v2\/product_brand?post=3719"},{"taxonomy":"product_cat","embeddable":true,"href":"https:\/\/r2-toys.com\/index.php\/wp-json\/wp\/v2\/product_cat?post=3719"},{"taxonomy":"product_tag","embeddable":true,"href":"https:\/\/r2-toys.com\/index.php\/wp-json\/wp\/v2\/product_tag?post=3719"}],"curies":[{"name":"wp","href":"https:\/\/api.w.org\/{rel}","templated":true}]}}