{"id":3722,"date":"2022-08-10T11:33:16","date_gmt":"2022-08-10T05:33:16","guid":{"rendered":"https:\/\/r2-toys.com\/?post_type=product&#038;p=3722"},"modified":"2026-01-24T08:11:22","modified_gmt":"2026-01-24T02:11:22","slug":"antoc-merrick-exclusivo","status":"publish","type":"product","link":"https:\/\/r2-toys.com\/index.php\/product\/antoc-merrick-exclusivo\/","title":{"rendered":"Antoc Merrick"},"content":{"rendered":"<p>Comanda los cazas estelares de Yavin 4 antes de la Batalla de la Estrella de la Muerte, volando como L\u00edder Azul. Se uni\u00f3 a la Rebeli\u00f3n de la Caballer\u00eda A\u00e9rea Enrarecida de Virujansi, donde sirvi\u00f3 junto a su amigo Garven Dreis, m\u00e1s tarde L\u00edder Rojo. Merrick sabe que la cohesi\u00f3n y la cooperaci\u00f3n de la unidad son vitales para el Starfighter Corps y se preocupa profundamente por los pilotos bajo su mando.<\/p>\n<p>Esta figura de 15cm presenta m\u00faltiples puntos de articulaci\u00f3n y dise\u00f1o incre\u00edble. Incluye accesorios.<\/p>\n<p>Edad recomendada: 4 a\u00f1os en adelante<\/p>\n<p>\u26a0\ufe0fADVERTENCIA: PELIGRO DE ASFIXIA &#8211; Piezas peque\u00f1as. No apto para ni\u00f1os menores de 4 a\u00f1os.<\/p>\n<p>Los productos Star Wars son producidos por Hasbro bajo licencia de Lucasfilm Ltd.<\/p>\n<p>Hasbro y todos los t\u00e9rminos relacionados son marcas registradas de Hasbro.<\/p>\n","protected":false},"excerpt":{"rendered":"<p>Comanda los cazas estelares de Yavin 4 antes de la Batalla de la Estrella de la Muerte, volando como L\u00edder Azul. Se uni\u00f3 a la Rebeli\u00f3n de la Caballer\u00eda A\u00e9rea Enrarecida de Virujansi, donde sirvi\u00f3 junto a su amigo Garven Dreis, m\u00e1s tarde L\u00edder Rojo.<\/p>\n","protected":false},"featured_media":4678,"comment_status":"open","ping_status":"closed","template":"","meta":[],"product_brand":[],"product_cat":[28],"product_tag":[],"class_list":{"0":"post-3722","1":"product","2":"type-product","3":"status-publish","4":"has-post-thumbnail","6":"product_cat-black-series","8":"first","9":"instock","10":"taxable","11":"shipping-taxable","12":"purchasable","13":"product-type-simple"},"_links":{"self":[{"href":"https:\/\/r2-toys.com\/index.php\/wp-json\/wp\/v2\/product\/3722","targetHints":{"allow":["GET"]}}],"collection":[{"href":"https:\/\/r2-toys.com\/index.php\/wp-json\/wp\/v2\/product"}],"about":[{"href":"https:\/\/r2-toys.com\/index.php\/wp-json\/wp\/v2\/types\/product"}],"replies":[{"embeddable":true,"href":"https:\/\/r2-toys.com\/index.php\/wp-json\/wp\/v2\/comments?post=3722"}],"wp:featuredmedia":[{"embeddable":true,"href":"https:\/\/r2-toys.com\/index.php\/wp-json\/wp\/v2\/media\/4678"}],"wp:attachment":[{"href":"https:\/\/r2-toys.com\/index.php\/wp-json\/wp\/v2\/media?parent=3722"}],"wp:term":[{"taxonomy":"product_brand","embeddable":true,"href":"https:\/\/r2-toys.com\/index.php\/wp-json\/wp\/v2\/product_brand?post=3722"},{"taxonomy":"product_cat","embeddable":true,"href":"https:\/\/r2-toys.com\/index.php\/wp-json\/wp\/v2\/product_cat?post=3722"},{"taxonomy":"product_tag","embeddable":true,"href":"https:\/\/r2-toys.com\/index.php\/wp-json\/wp\/v2\/product_tag?post=3722"}],"curies":[{"name":"wp","href":"https:\/\/api.w.org\/{rel}","templated":true}]}}