{"id":438,"date":"2021-08-09T07:38:57","date_gmt":"2021-08-09T01:38:57","guid":{"rendered":"https:\/\/r2-toys.com\/?post_type=product&#038;p=438"},"modified":"2026-01-10T03:15:55","modified_gmt":"2026-01-09T21:15:55","slug":"l3-37","status":"publish","type":"product","link":"https:\/\/r2-toys.com\/index.php\/product\/l3-37\/","title":{"rendered":"L3-37"},"content":{"rendered":"<p>Un &#8220;droide de fabricaci\u00f3n propia&#8221; construido a partir de astromec\u00e1nicos y partes de protocolo, L3-37 es un navegante ilustrado que se preocupa profundamente por los derechos de los droides.<\/p>\n<p>Esta figura L3-37 de escala de 15 cm est\u00e1 cuidadosamente detallada para parecerse al personaje de Solo: A Star Wars Story y presenta detalles premium y m\u00faltiples puntos de articulaci\u00f3n.<\/p>\n<p>\u26a0\ufe0f ADVERTENCIA: PELIGRO DE ASFIXIA &#8211; Piezas peque\u00f1as. No apto para ni\u00f1os menores de 4 a\u00f1os.<\/p>\n<p>Los productos Star Wars son producidos por Hasbro bajo licencia de Lucasfilm Ltd.<\/p>\n<p>Hasbro y todos los t\u00e9rminos relacionados son marcas registradas de Hasbro.<\/p>\n<p>&nbsp;<\/p>\n","protected":false},"excerpt":{"rendered":"<p>Un &#8220;droide de fabricaci\u00f3n propia&#8221; construido a partir de astromec\u00e1nicos y partes de protocolo, L3-37 es un navegante ilustrado que se preocupa profundamente por los derechos de los droides.<\/p>\n","protected":false},"featured_media":2522,"comment_status":"open","ping_status":"closed","template":"","meta":[],"product_brand":[],"product_cat":[28],"product_tag":[],"class_list":{"0":"post-438","1":"product","2":"type-product","3":"status-publish","4":"has-post-thumbnail","6":"product_cat-black-series","8":"first","9":"outofstock","10":"taxable","11":"shipping-taxable","12":"purchasable","13":"product-type-simple"},"_links":{"self":[{"href":"https:\/\/r2-toys.com\/index.php\/wp-json\/wp\/v2\/product\/438","targetHints":{"allow":["GET"]}}],"collection":[{"href":"https:\/\/r2-toys.com\/index.php\/wp-json\/wp\/v2\/product"}],"about":[{"href":"https:\/\/r2-toys.com\/index.php\/wp-json\/wp\/v2\/types\/product"}],"replies":[{"embeddable":true,"href":"https:\/\/r2-toys.com\/index.php\/wp-json\/wp\/v2\/comments?post=438"}],"wp:featuredmedia":[{"embeddable":true,"href":"https:\/\/r2-toys.com\/index.php\/wp-json\/wp\/v2\/media\/2522"}],"wp:attachment":[{"href":"https:\/\/r2-toys.com\/index.php\/wp-json\/wp\/v2\/media?parent=438"}],"wp:term":[{"taxonomy":"product_brand","embeddable":true,"href":"https:\/\/r2-toys.com\/index.php\/wp-json\/wp\/v2\/product_brand?post=438"},{"taxonomy":"product_cat","embeddable":true,"href":"https:\/\/r2-toys.com\/index.php\/wp-json\/wp\/v2\/product_cat?post=438"},{"taxonomy":"product_tag","embeddable":true,"href":"https:\/\/r2-toys.com\/index.php\/wp-json\/wp\/v2\/product_tag?post=438"}],"curies":[{"name":"wp","href":"https:\/\/api.w.org\/{rel}","templated":true}]}}