{"id":4410,"date":"2022-05-18T07:35:47","date_gmt":"2022-05-18T01:35:47","guid":{"rendered":"https:\/\/r2-toys.com\/?post_type=product&#038;p=4410"},"modified":"2024-04-03T10:55:28","modified_gmt":"2024-04-03T04:55:28","slug":"rose-first-order-disguise-bb-8-bb-9e","status":"publish","type":"product","link":"https:\/\/r2-toys.com\/index.php\/product\/rose-first-order-disguise-bb-8-bb-9e\/","title":{"rendered":"ROSE FIRST ORDER DISGUISE \/ BB-8 \/ BB-9E"},"content":{"rendered":"<p>Una t\u00e9cnica de mantenimiento con talento para los retoques, Rose Tico se uni\u00f3 a la Resistencia con su hermana Paige despu\u00e9s de que la Primera Orden devastara su sistema natal. Un encuentro casual con Finn la empuj\u00f3 al frente de la nueva guerra civil gal\u00e1ctica, y la muerte de su hermana la oblig\u00f3 a redoblar sus esfuerzos por la causa de la Resistencia.<\/p>\n<p>Un astromec\u00e1nico asustadizo pero leal, acompa\u00f1\u00f3 a Poe Dameron en muchas misiones para la Resistencia.<\/p>\n<p>La Primera Orden se beneficia de la \u00faltima tecnolog\u00eda, y sus naves de guerra dependen de unidades astromec\u00e1nicas BB oscuras y relucientes para mantener la maquinaria operativa y garantizar que se sigan los procedimientos, BB-9E mantiene un fotorreceptor n\u00edtido, en cada espectro, para infiltrados, saboteadores y otras amenazas para el buque insignia del L\u00edder Supremo Snoke.<\/p>\n<p>Un sistema de juego interactivo de Hasbro que brinda<span class=\"Apple-converted-space\">\u00a0 <\/span>efectos de sonido y<span class=\"Apple-converted-space\">\u00a0 <\/span>frases de las pel\u00edculas.<span class=\"Apple-converted-space\">\u00a0 <\/span>Use la tecnolog\u00eda port\u00e1til Wear Force Link (de venta por separado) para activar luces, sonidos y frases estas figura de 9.5cm, accesorios, veh\u00edculos y juegos activados por Force Link. Incluye: 2 figuras, 5 accesorios e instrucciones<\/p>\n<p>Edad recomendada: 4 a\u00f1os en adelante<\/p>\n<p>\u26a0\ufe0fADVERTENCIA: PELIGRO DE ASFIXIA &#8211; Piezas peque\u00f1as. No apto para ni\u00f1os menores de 4 a\u00f1os.<\/p>\n<p>Los productos Star Wars son producidos por Hasbro bajo licencia de Lucasfilm Ltd.<\/p>\n<p>Hasbro y todos los t\u00e9rminos relacionados son marcas registradas de Hasbro.<\/p>\n<p>Este producto tiene detalles en la \u00a0empaque visible en las fotos (caja aplastada y rota), podr\u00eda contener alguno otro detalle no descrito visualmente o en esta misma. Por lo que aplica lo descrito en la pol\u00edtica de garant\u00eda.<\/p>\n<p>TODOS LOS PRODUCTOS CONTENIDOS EN ESTA CATEGORIA TIENEN DETALLES Y\/O DA\u00d1OS FISICOS PRINCIPALMENTE EN EL EMPAQUE ORIGINAL, PUDIENDO SER EL CASO DE ALGUNA IMPERFECCI\u00d3N EN EL ARTICULO CONTENIDO, SIENDO ESPECIFICADO EN LA DESCRIPCION PARTICULAR, POR LO CUAL EL CLIENTE ASUME\u00a0\u00a0LA RESPONSABILIDAD DE LAS CONDICIONES DESCRITAS Y GRAFICAS DE DICHO ARTICULO ASI COMO LO EXPRESO\u00a0EN LA POLITICA DE DEVOLUCION Y GARANTIA.<\/p>\n","protected":false},"excerpt":{"rendered":"<p>Una t\u00e9cnica de mantenimiento con talento para los retoques, Rose Tico se uni\u00f3 a la Resistencia con su hermana Paige despu\u00e9s de que la Primera Orden devastara su sistema natal. Un encuentro casual con Finn la empuj\u00f3 al frente de la nueva guerra civil gal\u00e1ctica, y la muerte de su hermana la oblig\u00f3 a redoblar sus esfuerzos por la causa de la Resistencia.<\/p>\n","protected":false},"featured_media":4399,"comment_status":"open","ping_status":"closed","template":"","meta":[],"product_brand":[],"product_cat":[23],"product_tag":[],"class_list":{"0":"post-4410","1":"product","2":"type-product","3":"status-publish","4":"has-post-thumbnail","6":"product_cat-los-caidos","8":"first","9":"outofstock","10":"taxable","11":"shipping-taxable","12":"purchasable","13":"product-type-simple"},"_links":{"self":[{"href":"https:\/\/r2-toys.com\/index.php\/wp-json\/wp\/v2\/product\/4410","targetHints":{"allow":["GET"]}}],"collection":[{"href":"https:\/\/r2-toys.com\/index.php\/wp-json\/wp\/v2\/product"}],"about":[{"href":"https:\/\/r2-toys.com\/index.php\/wp-json\/wp\/v2\/types\/product"}],"replies":[{"embeddable":true,"href":"https:\/\/r2-toys.com\/index.php\/wp-json\/wp\/v2\/comments?post=4410"}],"wp:featuredmedia":[{"embeddable":true,"href":"https:\/\/r2-toys.com\/index.php\/wp-json\/wp\/v2\/media\/4399"}],"wp:attachment":[{"href":"https:\/\/r2-toys.com\/index.php\/wp-json\/wp\/v2\/media?parent=4410"}],"wp:term":[{"taxonomy":"product_brand","embeddable":true,"href":"https:\/\/r2-toys.com\/index.php\/wp-json\/wp\/v2\/product_brand?post=4410"},{"taxonomy":"product_cat","embeddable":true,"href":"https:\/\/r2-toys.com\/index.php\/wp-json\/wp\/v2\/product_cat?post=4410"},{"taxonomy":"product_tag","embeddable":true,"href":"https:\/\/r2-toys.com\/index.php\/wp-json\/wp\/v2\/product_tag?post=4410"}],"curies":[{"name":"wp","href":"https:\/\/api.w.org\/{rel}","templated":true}]}}