{"id":4434,"date":"2022-06-13T05:06:05","date_gmt":"2022-06-12T23:06:05","guid":{"rendered":"https:\/\/r2-toys.com\/?post_type=product&#038;p=4434"},"modified":"2023-05-10T09:19:56","modified_gmt":"2023-05-10T03:19:56","slug":"boba-fett-vinyl-soda-star-wars-celebration-galactic-con-2022","status":"publish","type":"product","link":"https:\/\/r2-toys.com\/index.php\/product\/boba-fett-vinyl-soda-star-wars-celebration-galactic-con-2022\/","title":{"rendered":"BOBA FETT VINYL SODA STAR WARS CELEBRATION GALACTIC CON 2022"},"content":{"rendered":"<p>Boba Fett fue uno de varios cazarrecompensas reclutados por Darth Vader para rastrear el Halc\u00f3n Milenario despu\u00e9s de la Batalla de Hoth, y fue el \u00fanico que tuvo \u00e9xito.<\/p>\n<p>Celebra una lejana galaxia de personajes estelares con esta figura exclusiva. Hay una probabilidad de 1 en 6 de que puedas encontrar la variante que brilla en la oscuridad de Boba Fett. Solo se fabricaron 25.000 de este coleccionable.<\/p>\n<p>Desde 1977 la saga de Star Wars ha sido un movimiento revolucionario de la cultura pop generaci\u00f3n tras generaci\u00f3n, reclutando fans y seguidores, creando para ellos diversas producciones del amplio universo. Gracias a FunkoPop podemos tener incre\u00edbles figuras de tus personajes favoritos con incre\u00edbles dise\u00f1os.<\/p>\n<p>Empaque con ventana para su exhibici\u00f3n<\/p>\n<p>Fabricados en Vinyl<\/p>\n<p>Edad recomendada: 4 a\u00f1os en adelante<\/p>\n<p>\u26a0\ufe0fADVERTENCIA: PELIGRO DE ASFIXIA &#8211; Piezas peque\u00f1as. No apto para ni\u00f1os menores de 4 a\u00f1os.<\/p>\n<p>Los productos Star Wars son producidos por FUNKO bajo licencia de Lucasfilm Ltd. y Disney<\/p>\n<p>FUNKO y todos los t\u00e9rminos relacionados son marcas registradas Funko.<\/p>\n","protected":false},"excerpt":{"rendered":"<p>Boba Fett fue uno de varios cazarrecompensas reclutados por Darth Vader para rastrear el Halc\u00f3n Milenario despu\u00e9s de la Batalla de Hoth, y fue el \u00fanico que tuvo \u00e9xito.<\/p>\n","protected":false},"featured_media":4477,"comment_status":"open","ping_status":"closed","template":"","meta":[],"product_brand":[],"product_cat":[20],"product_tag":[],"class_list":{"0":"post-4434","1":"product","2":"type-product","3":"status-publish","4":"has-post-thumbnail","6":"product_cat-funko1","8":"first","9":"instock","10":"taxable","11":"shipping-taxable","12":"purchasable","13":"product-type-simple"},"_links":{"self":[{"href":"https:\/\/r2-toys.com\/index.php\/wp-json\/wp\/v2\/product\/4434","targetHints":{"allow":["GET"]}}],"collection":[{"href":"https:\/\/r2-toys.com\/index.php\/wp-json\/wp\/v2\/product"}],"about":[{"href":"https:\/\/r2-toys.com\/index.php\/wp-json\/wp\/v2\/types\/product"}],"replies":[{"embeddable":true,"href":"https:\/\/r2-toys.com\/index.php\/wp-json\/wp\/v2\/comments?post=4434"}],"wp:featuredmedia":[{"embeddable":true,"href":"https:\/\/r2-toys.com\/index.php\/wp-json\/wp\/v2\/media\/4477"}],"wp:attachment":[{"href":"https:\/\/r2-toys.com\/index.php\/wp-json\/wp\/v2\/media?parent=4434"}],"wp:term":[{"taxonomy":"product_brand","embeddable":true,"href":"https:\/\/r2-toys.com\/index.php\/wp-json\/wp\/v2\/product_brand?post=4434"},{"taxonomy":"product_cat","embeddable":true,"href":"https:\/\/r2-toys.com\/index.php\/wp-json\/wp\/v2\/product_cat?post=4434"},{"taxonomy":"product_tag","embeddable":true,"href":"https:\/\/r2-toys.com\/index.php\/wp-json\/wp\/v2\/product_tag?post=4434"}],"curies":[{"name":"wp","href":"https:\/\/api.w.org\/{rel}","templated":true}]}}