{"id":4440,"date":"2022-12-27T06:18:18","date_gmt":"2022-12-27T00:18:18","guid":{"rendered":"https:\/\/r2-toys.com\/?post_type=product&#038;p=4440"},"modified":"2024-09-10T23:24:13","modified_gmt":"2024-09-10T17:24:13","slug":"star-wars-the-vintage-collection-rebel-soldier-echo-base-battle-gear-4-pack","status":"publish","type":"product","link":"https:\/\/r2-toys.com\/index.php\/product\/star-wars-the-vintage-collection-rebel-soldier-echo-base-battle-gear-4-pack\/","title":{"rendered":"Star Wars The Vintage Collection Rebel Soldier (Echo Base Battle Gear) 4-Pack"},"content":{"rendered":"<p>Procedentes de muchos mundos y especies natales, los soldados rebeldes fueron los soldados de primera l\u00ednea de la Alianza en la guerra contra el Imperio.<\/p>\n<p>Estas figuras de 9,5 cm cuentan con un excelente<span class=\"Apple-converted-space\">\u00a0 <\/span>dise\u00f1o, en empaques inspirados en la l\u00ednea original, incluye 4 figuras (Capit\u00e1n y 4 Soldados) y 14 accesorios.<span class=\"Apple-converted-space\">\u00a0<\/span><\/p>\n<p>Edad recomendada: 4 a\u00f1os en adelante<\/p>\n<p>\u26a0\ufe0fADVERTENCIA: PELIGRO DE ASFIXIA &#8211; Piezas peque\u00f1as. No apto para ni\u00f1os menores de 4 a\u00f1os.<\/p>\n<p>Los productos Star Wars son producidos por Hasbro bajo licencia de Lucasfilm Ltd.<\/p>\n<p>Hasbro y todos los t\u00e9rminos relacionados son marcas registradas de Hasbro.<\/p>\n","protected":false},"excerpt":{"rendered":"<p>Procedentes de muchos mundos y especies natales, los soldados rebeldes fueron los soldados de primera l\u00ednea de la Alianza en la guerra contra el Imperio.<\/p>\n","protected":false},"featured_media":5481,"comment_status":"open","ping_status":"closed","template":"","meta":[],"product_brand":[],"product_cat":[29],"product_tag":[],"class_list":{"0":"post-4440","1":"product","2":"type-product","3":"status-publish","4":"has-post-thumbnail","6":"product_cat-vintage","8":"first","9":"outofstock","10":"taxable","11":"shipping-taxable","12":"purchasable","13":"product-type-simple"},"_links":{"self":[{"href":"https:\/\/r2-toys.com\/index.php\/wp-json\/wp\/v2\/product\/4440","targetHints":{"allow":["GET"]}}],"collection":[{"href":"https:\/\/r2-toys.com\/index.php\/wp-json\/wp\/v2\/product"}],"about":[{"href":"https:\/\/r2-toys.com\/index.php\/wp-json\/wp\/v2\/types\/product"}],"replies":[{"embeddable":true,"href":"https:\/\/r2-toys.com\/index.php\/wp-json\/wp\/v2\/comments?post=4440"}],"wp:featuredmedia":[{"embeddable":true,"href":"https:\/\/r2-toys.com\/index.php\/wp-json\/wp\/v2\/media\/5481"}],"wp:attachment":[{"href":"https:\/\/r2-toys.com\/index.php\/wp-json\/wp\/v2\/media?parent=4440"}],"wp:term":[{"taxonomy":"product_brand","embeddable":true,"href":"https:\/\/r2-toys.com\/index.php\/wp-json\/wp\/v2\/product_brand?post=4440"},{"taxonomy":"product_cat","embeddable":true,"href":"https:\/\/r2-toys.com\/index.php\/wp-json\/wp\/v2\/product_cat?post=4440"},{"taxonomy":"product_tag","embeddable":true,"href":"https:\/\/r2-toys.com\/index.php\/wp-json\/wp\/v2\/product_tag?post=4440"}],"curies":[{"name":"wp","href":"https:\/\/api.w.org\/{rel}","templated":true}]}}