{"id":4442,"date":"2022-06-12T07:38:32","date_gmt":"2022-06-12T01:38:32","guid":{"rendered":"https:\/\/r2-toys.com\/?post_type=product&#038;p=4442"},"modified":"2023-02-21T09:16:08","modified_gmt":"2023-02-21T03:16:08","slug":"l0-la59-lola-animatronic-edition","status":"publish","type":"product","link":"https:\/\/r2-toys.com\/index.php\/product\/l0-la59-lola-animatronic-edition\/","title":{"rendered":"L0-LA59 (Lola) Animatronic Edition"},"content":{"rendered":"<p>Lola, que fue propiedad de la joven princesa Leia Organa durante la Era Imperial, sol\u00eda acompa\u00f1ar a su due\u00f1a cuando jugaba en el Palacio Real en el planeta Alderaan. Frecuentemente manipulaba su carcasa de varias maneras para emocionarse, incluido el aleteo de los paneles decorativos de sus alas, as\u00ed como tambi\u00e9n respondiendo tanto a la conversaci\u00f3n como a los comandos directos a trav\u00e9s de un pitido. Pudo flotar y viajar lo suficientemente r\u00e1pido como para seguir el ritmo de un ni\u00f1o que corr\u00eda. Tambi\u00e9n ten\u00eda peque\u00f1as patas retr\u00e1ctiles y un bot\u00f3n de apagado en el medio de la parte superior de su caparaz\u00f3n.<\/p>\n<p>Toque el censor en la cabeza de L0-LA59 para activar m\u00e1s de 45 combinaciones diferentes de luz, sonido y movimiento a trav\u00e9s de 3 modos de juego. Desbloquea el Modo Compa\u00f1ero colocando las patas de L0-LA59, el Modo Hover colocando su soporte o el Modo M\u00f3vil retir\u00e1ndola de cualquiera de las bases. Incluso responde a los ruidos de fondo con una serie de luces, sonidos y movimientos.<span class=\"Apple-converted-space\">\u00a0<\/span><\/p>\n<p>Incluye: Figura y 2 soportes.<\/p>\n<p>SE REQUIEREN 4 PILAS ALCALINAS AA LR6 DE 1,5 V. BATER\u00cdAS NO INCLUIDAS.<\/p>\n<p>Edad recomendada: 3 a\u00f1os en adelante<\/p>\n<p>\u26a0\ufe0fADVERTENCIA: PELIGRO DE ASFIXIA &#8211; Piezas peque\u00f1as. No apto para ni\u00f1os menores de 3 a\u00f1os.<\/p>\n<p>\u26a0\ufe0f ADVERTENCIA: Este juguete produce destellos que pueden desencadenar epilepsia en personas sensibilizadas.<\/p>\n<p>Los productos Star Wars son producidos por Hasbro bajo licencia de Lucasfilm Ltd.<\/p>\n<p>Hasbro y todos los t\u00e9rminos relacionados son marcas registradas de Hasbro.<\/p>\n","protected":false},"excerpt":{"rendered":"<p>Lola, que fue propiedad de la joven princesa Leia Organa durante la Era Imperial, sol\u00eda acompa\u00f1ar a su due\u00f1a cuando jugaba en el Palacio Real en el planeta Alderaan. Frecuentemente manipulaba su carcasa de varias maneras para emocionarse, incluido el aleteo de los paneles decorativos de sus alas, as\u00ed como tambi\u00e9n respondiendo tanto a la conversaci\u00f3n como a los comandos directos a trav\u00e9s de un pitido. Pudo flotar y viajar lo suficientemente r\u00e1pido como para seguir el ritmo de un ni\u00f1o que corr\u00eda. Tambi\u00e9n ten\u00eda peque\u00f1as patas retr\u00e1ctiles y un bot\u00f3n de apagado en el medio de la parte superior de su caparaz\u00f3n.<\/p>\n","protected":false},"featured_media":5741,"comment_status":"open","ping_status":"closed","template":"","meta":[],"product_brand":[],"product_cat":[33],"product_tag":[],"class_list":{"0":"post-4442","1":"product","2":"type-product","3":"status-publish","4":"has-post-thumbnail","6":"product_cat-otros","8":"first","9":"instock","10":"taxable","11":"shipping-taxable","12":"purchasable","13":"product-type-simple"},"_links":{"self":[{"href":"https:\/\/r2-toys.com\/index.php\/wp-json\/wp\/v2\/product\/4442","targetHints":{"allow":["GET"]}}],"collection":[{"href":"https:\/\/r2-toys.com\/index.php\/wp-json\/wp\/v2\/product"}],"about":[{"href":"https:\/\/r2-toys.com\/index.php\/wp-json\/wp\/v2\/types\/product"}],"replies":[{"embeddable":true,"href":"https:\/\/r2-toys.com\/index.php\/wp-json\/wp\/v2\/comments?post=4442"}],"wp:featuredmedia":[{"embeddable":true,"href":"https:\/\/r2-toys.com\/index.php\/wp-json\/wp\/v2\/media\/5741"}],"wp:attachment":[{"href":"https:\/\/r2-toys.com\/index.php\/wp-json\/wp\/v2\/media?parent=4442"}],"wp:term":[{"taxonomy":"product_brand","embeddable":true,"href":"https:\/\/r2-toys.com\/index.php\/wp-json\/wp\/v2\/product_brand?post=4442"},{"taxonomy":"product_cat","embeddable":true,"href":"https:\/\/r2-toys.com\/index.php\/wp-json\/wp\/v2\/product_cat?post=4442"},{"taxonomy":"product_tag","embeddable":true,"href":"https:\/\/r2-toys.com\/index.php\/wp-json\/wp\/v2\/product_tag?post=4442"}],"curies":[{"name":"wp","href":"https:\/\/api.w.org\/{rel}","templated":true}]}}