{"id":4445,"date":"2022-06-12T08:00:39","date_gmt":"2022-06-12T02:00:39","guid":{"rendered":"https:\/\/r2-toys.com\/?post_type=product&#038;p=4445"},"modified":"2025-12-10T14:10:44","modified_gmt":"2025-12-10T08:10:44","slug":"r2-shw-antoc-merricks-droid","status":"publish","type":"product","link":"https:\/\/r2-toys.com\/index.php\/product\/r2-shw-antoc-merricks-droid\/","title":{"rendered":"R2-SHW (Antoc Merrick\u2019s Droid)"},"content":{"rendered":"<p>Los dro\u00eddes astromec\u00e1nicos son una serie de robots utilitarios vers\u00e1tiles generalmente utilizados para el mantenimiento y reparaci\u00f3n de naves estelares y tecnolog\u00eda relacionada. La unidad R2 es un ejemplo popular de estos dro\u00eddes.<\/p>\n<p>Esta figura de 9,5 cm cuenta con un excelente<span class=\"Apple-converted-space\">\u00a0 <\/span>dise\u00f1o, en empaques inspirados en la l\u00ednea original.<\/p>\n<p>Edad recomendada: 4 a\u00f1os en adelante<\/p>\n<p>\u26a0\ufe0fADVERTENCIA: PELIGRO DE ASFIXIA &#8211; Piezas peque\u00f1as. No apto para ni\u00f1os menores de 4 a\u00f1os.<\/p>\n<p>Los productos Star Wars son producidos por Hasbro bajo licencia de Lucasfilm Ltd.<\/p>\n<p>Hasbro y todos los t\u00e9rminos relacionados son marcas registradas de Hasbro.<\/p>\n","protected":false},"excerpt":{"rendered":"<p>Los dro\u00eddes astromec\u00e1nicos son una serie de robots utilitarios vers\u00e1tiles generalmente utilizados para el mantenimiento y reparaci\u00f3n de naves estelares y tecnolog\u00eda relacionada. La unidad R2 es un ejemplo popular de estos dro\u00eddes.<\/p>\n","protected":false},"featured_media":5951,"comment_status":"open","ping_status":"closed","template":"","meta":[],"product_brand":[],"product_cat":[29],"product_tag":[],"class_list":{"0":"post-4445","1":"product","2":"type-product","3":"status-publish","4":"has-post-thumbnail","6":"product_cat-vintage","8":"first","9":"instock","10":"taxable","11":"shipping-taxable","12":"purchasable","13":"product-type-simple"},"_links":{"self":[{"href":"https:\/\/r2-toys.com\/index.php\/wp-json\/wp\/v2\/product\/4445","targetHints":{"allow":["GET"]}}],"collection":[{"href":"https:\/\/r2-toys.com\/index.php\/wp-json\/wp\/v2\/product"}],"about":[{"href":"https:\/\/r2-toys.com\/index.php\/wp-json\/wp\/v2\/types\/product"}],"replies":[{"embeddable":true,"href":"https:\/\/r2-toys.com\/index.php\/wp-json\/wp\/v2\/comments?post=4445"}],"wp:featuredmedia":[{"embeddable":true,"href":"https:\/\/r2-toys.com\/index.php\/wp-json\/wp\/v2\/media\/5951"}],"wp:attachment":[{"href":"https:\/\/r2-toys.com\/index.php\/wp-json\/wp\/v2\/media?parent=4445"}],"wp:term":[{"taxonomy":"product_brand","embeddable":true,"href":"https:\/\/r2-toys.com\/index.php\/wp-json\/wp\/v2\/product_brand?post=4445"},{"taxonomy":"product_cat","embeddable":true,"href":"https:\/\/r2-toys.com\/index.php\/wp-json\/wp\/v2\/product_cat?post=4445"},{"taxonomy":"product_tag","embeddable":true,"href":"https:\/\/r2-toys.com\/index.php\/wp-json\/wp\/v2\/product_tag?post=4445"}],"curies":[{"name":"wp","href":"https:\/\/api.w.org\/{rel}","templated":true}]}}