{"id":4458,"date":"2022-06-12T08:55:18","date_gmt":"2022-06-12T02:55:18","guid":{"rendered":"https:\/\/r2-toys.com\/?post_type=product&#038;p=4458"},"modified":"2024-12-17T21:12:15","modified_gmt":"2024-12-17T15:12:15","slug":"a-new-hope-collectible-multipack-retro-collection","status":"publish","type":"product","link":"https:\/\/r2-toys.com\/index.php\/product\/a-new-hope-collectible-multipack-retro-collection\/","title":{"rendered":"A New Hope Collectible Multipack Retro Collection"},"content":{"rendered":"<p>Con el poder destructor de planetas de la Estrella de la Muerte, el Imperio busca cimentar su control sobre la galaxia. Mientras tanto, el granjero Luke Skywalker se levanta para enfrentar su destino. Este Paquete incluye figuras de<span class=\"Apple-converted-space\">\u00a0 <\/span>Stormtrooper, Darth Vader, Luke Skywalker, Princess Leia, Chewbacca, and Han Solo.<\/p>\n<p>Esta figura de 9,5 cm cuenta con un excelente<span class=\"Apple-converted-space\">\u00a0 <\/span>dise\u00f1o, en empaques inspirados en la l\u00ednea original e incluye accesorios.<\/p>\n<p>Edad recomendada: 4 a\u00f1os en adelante<\/p>\n<p>\u26a0\ufe0fADVERTENCIA: PELIGRO DE ASFIXIA &#8211; Piezas peque\u00f1as. No apto para ni\u00f1os menores de 4 a\u00f1os.<\/p>\n<p>Los productos Star Wars son producidos por Hasbro bajo licencia de Lucasfilm Ltd.<\/p>\n<p>Hasbro y todos los t\u00e9rminos relacionados son marcas registradas de Hasbro.<\/p>\n","protected":false},"excerpt":{"rendered":"<p>Con el poder destructor de planetas de la Estrella de la Muerte, el Imperio busca cimentar su control sobre la galaxia. Mientras tanto, el granjero Luke Skywalker se levanta para enfrentar su destino. Este Paquete incluye figuras de<span class=\"Apple-converted-space\">\u00a0 <\/span>Stormtrooper, Darth Vader, Luke Skywalker, Princess Leia, Chewbacca, and Han Solo.<\/p>\n","protected":false},"featured_media":5012,"comment_status":"open","ping_status":"closed","template":"","meta":[],"product_brand":[],"product_cat":[29],"product_tag":[],"class_list":{"0":"post-4458","1":"product","2":"type-product","3":"status-publish","4":"has-post-thumbnail","6":"product_cat-vintage","8":"first","9":"outofstock","10":"taxable","11":"shipping-taxable","12":"purchasable","13":"product-type-simple"},"_links":{"self":[{"href":"https:\/\/r2-toys.com\/index.php\/wp-json\/wp\/v2\/product\/4458","targetHints":{"allow":["GET"]}}],"collection":[{"href":"https:\/\/r2-toys.com\/index.php\/wp-json\/wp\/v2\/product"}],"about":[{"href":"https:\/\/r2-toys.com\/index.php\/wp-json\/wp\/v2\/types\/product"}],"replies":[{"embeddable":true,"href":"https:\/\/r2-toys.com\/index.php\/wp-json\/wp\/v2\/comments?post=4458"}],"wp:featuredmedia":[{"embeddable":true,"href":"https:\/\/r2-toys.com\/index.php\/wp-json\/wp\/v2\/media\/5012"}],"wp:attachment":[{"href":"https:\/\/r2-toys.com\/index.php\/wp-json\/wp\/v2\/media?parent=4458"}],"wp:term":[{"taxonomy":"product_brand","embeddable":true,"href":"https:\/\/r2-toys.com\/index.php\/wp-json\/wp\/v2\/product_brand?post=4458"},{"taxonomy":"product_cat","embeddable":true,"href":"https:\/\/r2-toys.com\/index.php\/wp-json\/wp\/v2\/product_cat?post=4458"},{"taxonomy":"product_tag","embeddable":true,"href":"https:\/\/r2-toys.com\/index.php\/wp-json\/wp\/v2\/product_tag?post=4458"}],"curies":[{"name":"wp","href":"https:\/\/api.w.org\/{rel}","templated":true}]}}