{"id":473,"date":"2022-03-24T07:32:23","date_gmt":"2022-03-24T01:32:23","guid":{"rendered":"https:\/\/r2-toys.com\/?post_type=product&#038;p=473"},"modified":"2026-01-10T06:46:51","modified_gmt":"2026-01-10T00:46:51","slug":"maz-kanata","status":"publish","type":"product","link":"https:\/\/r2-toys.com\/index.php\/product\/maz-kanata\/","title":{"rendered":"Maz Kanata"},"content":{"rendered":"<p>La destrucci\u00f3n de su castillo ha obligado a Maz a ser m\u00e1s m\u00f3vil y asumir un papel m\u00e1s pr\u00e1ctico (y disparando blasters) en el turbulento inframundo criminal. Ella ofrece ayuda en la lucha contra la Primera Orden se\u00f1alando a la Resistencia hacia un nuevo y misterioso aliado.<\/p>\n<p>Esta figura de Maz Kanata a escala de 15 cm est\u00e1 cuidadosamente detallada para parecerse al personaje de Star Wars: The Last Jedi. Esta figura presenta detalles premium y m\u00faltiples puntos de articulaci\u00f3n, e incluye 2 accesorios espec\u00edficos para cada personaje.<\/p>\n<p>Incluye figura y 2 accesorios.<\/p>\n<p>Figura detallada de Maz Kanata a escala de 15 cm de Star Wars: The Last Jedi<\/p>\n<p>Incluye 2 accesorios inspirados en personajes<\/p>\n<p>Edad recomendada: 4 a\u00f1os en adelante<\/p>\n<div>\n<p>\u26a0\ufe0f ADVERTENCIA: PELIGRO DE ASFIXIA &#8211; Piezas peque\u00f1as. No apto para ni\u00f1os menores de 4 a\u00f1os.<\/p>\n<\/div>\n<div>\n<p>Los productos Star Wars son producidos por Hasbro bajo licencia de Lucasfilm Ltd.<\/p>\n<\/div>\n<div>\n<p>Hasbro y todos los t\u00e9rminos relacionados son marcas registradas de Hasbro.<\/p>\n<\/div>\n<p>&nbsp;<\/p>\n","protected":false},"excerpt":{"rendered":"<p>La destrucci\u00f3n de su castillo ha obligado a Maz a ser m\u00e1s m\u00f3vil y asumir un papel m\u00e1s pr\u00e1ctico (y disparando blasters) en el turbulento inframundo criminal. Ella ofrece ayuda en la lucha contra la Primera Orden se\u00f1alando a la Resistencia hacia un nuevo y misterioso aliado.<\/p>\n","protected":false},"featured_media":2546,"comment_status":"open","ping_status":"closed","template":"","meta":[],"product_brand":[],"product_cat":[28],"product_tag":[],"class_list":{"0":"post-473","1":"product","2":"type-product","3":"status-publish","4":"has-post-thumbnail","6":"product_cat-black-series","8":"first","9":"instock","10":"taxable","11":"shipping-taxable","12":"purchasable","13":"product-type-simple"},"_links":{"self":[{"href":"https:\/\/r2-toys.com\/index.php\/wp-json\/wp\/v2\/product\/473","targetHints":{"allow":["GET"]}}],"collection":[{"href":"https:\/\/r2-toys.com\/index.php\/wp-json\/wp\/v2\/product"}],"about":[{"href":"https:\/\/r2-toys.com\/index.php\/wp-json\/wp\/v2\/types\/product"}],"replies":[{"embeddable":true,"href":"https:\/\/r2-toys.com\/index.php\/wp-json\/wp\/v2\/comments?post=473"}],"wp:featuredmedia":[{"embeddable":true,"href":"https:\/\/r2-toys.com\/index.php\/wp-json\/wp\/v2\/media\/2546"}],"wp:attachment":[{"href":"https:\/\/r2-toys.com\/index.php\/wp-json\/wp\/v2\/media?parent=473"}],"wp:term":[{"taxonomy":"product_brand","embeddable":true,"href":"https:\/\/r2-toys.com\/index.php\/wp-json\/wp\/v2\/product_brand?post=473"},{"taxonomy":"product_cat","embeddable":true,"href":"https:\/\/r2-toys.com\/index.php\/wp-json\/wp\/v2\/product_cat?post=473"},{"taxonomy":"product_tag","embeddable":true,"href":"https:\/\/r2-toys.com\/index.php\/wp-json\/wp\/v2\/product_tag?post=473"}],"curies":[{"name":"wp","href":"https:\/\/api.w.org\/{rel}","templated":true}]}}