{"id":4804,"date":"2022-09-12T01:24:06","date_gmt":"2022-09-11T19:24:06","guid":{"rendered":"https:\/\/r2-toys.com\/?post_type=product&#038;p=4804"},"modified":"2024-05-03T06:53:05","modified_gmt":"2024-05-03T00:53:05","slug":"bo-katan-kryze-helmet","status":"publish","type":"product","link":"https:\/\/r2-toys.com\/index.php\/product\/bo-katan-kryze-helmet\/","title":{"rendered":"Bo-Katan Kryze Helmet"},"content":{"rendered":"<p>Bo-Katan Kryze es un mandaloriano legendario. Se neg\u00f3 a alinearse con la ocupaci\u00f3n de Mandalore por parte del Imperio.<\/p>\n<p>Decoraci\u00f3n muy detallada, dise\u00f1o inspirado en la serie, ajustable y acolchado interior; Con\u00a0solo presionar un bot\u00f3n, el tel\u00e9metro desciende, activando 2 LED rojos que parpadean en un patr\u00f3n de &#8220;caza&#8221;, as\u00ed como una pantalla de heads-up iluminada por LED (HUD) blanca<\/p>\n<p>REQUIERE BATER\u00cdAS ALCALINAS AAA DE 1.5v. No incluidas.<\/p>\n<p>Edad recomendada: 14 a\u00f1os en adelante<\/p>\n<p>\u26a0\ufe0fADVERTENCIA: PELIGRO DE ASFIXIA &#8211; Piezas peque\u00f1as. No apto para ni\u00f1os menores de 14 a\u00f1os.<\/p>\n<p>Los productos Star Wars son producidos por Hasbro bajo licencia de Lucasfilm Ltd.<\/p>\n<p>Hasbro y todos los t\u00e9rminos relacionados son marcas registradas de Hasbro.<\/p>\n","protected":false},"excerpt":{"rendered":"<p>Bo-Katan Kryze es un mandaloriano legendario. Se neg\u00f3 a alinearse con la ocupaci\u00f3n de Mandalore por parte del Imperio.<\/p>\n","protected":false},"featured_media":4805,"comment_status":"open","ping_status":"closed","template":"","meta":[],"product_brand":[],"product_cat":[26],"product_tag":[],"class_list":{"0":"post-4804","1":"product","2":"type-product","3":"status-publish","4":"has-post-thumbnail","6":"product_cat-cascos","8":"first","9":"outofstock","10":"taxable","11":"shipping-taxable","12":"purchasable","13":"product-type-simple"},"_links":{"self":[{"href":"https:\/\/r2-toys.com\/index.php\/wp-json\/wp\/v2\/product\/4804","targetHints":{"allow":["GET"]}}],"collection":[{"href":"https:\/\/r2-toys.com\/index.php\/wp-json\/wp\/v2\/product"}],"about":[{"href":"https:\/\/r2-toys.com\/index.php\/wp-json\/wp\/v2\/types\/product"}],"replies":[{"embeddable":true,"href":"https:\/\/r2-toys.com\/index.php\/wp-json\/wp\/v2\/comments?post=4804"}],"wp:featuredmedia":[{"embeddable":true,"href":"https:\/\/r2-toys.com\/index.php\/wp-json\/wp\/v2\/media\/4805"}],"wp:attachment":[{"href":"https:\/\/r2-toys.com\/index.php\/wp-json\/wp\/v2\/media?parent=4804"}],"wp:term":[{"taxonomy":"product_brand","embeddable":true,"href":"https:\/\/r2-toys.com\/index.php\/wp-json\/wp\/v2\/product_brand?post=4804"},{"taxonomy":"product_cat","embeddable":true,"href":"https:\/\/r2-toys.com\/index.php\/wp-json\/wp\/v2\/product_cat?post=4804"},{"taxonomy":"product_tag","embeddable":true,"href":"https:\/\/r2-toys.com\/index.php\/wp-json\/wp\/v2\/product_tag?post=4804"}],"curies":[{"name":"wp","href":"https:\/\/api.w.org\/{rel}","templated":true}]}}