{"id":4859,"date":"2022-09-28T11:27:43","date_gmt":"2022-09-28T05:27:43","guid":{"rendered":"https:\/\/r2-toys.com\/?post_type=product&#038;p=4859"},"modified":"2022-12-01T09:37:44","modified_gmt":"2022-12-01T03:37:44","slug":"batman-detective-comic-1000","status":"publish","type":"product","link":"https:\/\/r2-toys.com\/index.php\/product\/batman-detective-comic-1000\/","title":{"rendered":"Batman Detective Comic #1000"},"content":{"rendered":"<p>Bruce Wayne, dedic\u00f3 su vida para convertirse en el mejor vigilante, como el caballero oscuro. Batman tiene un plan para cada ocasi\u00f3n, armas, tecnolog\u00eda y veh\u00edculos que lo ayudan en su incesante b\u00fasqueda de justicia.<span class=\"Apple-converted-space\">\u00a0<\/span><\/p>\n<p>Esta figura de 17cm cuenta con m\u00e1s de 18 articulaciones, escultura y pintura premium. incluye accesorios ic\u00f3nicos del personaje y una tarjeta coleccionable del comic #1000.<\/p>\n<p>Edad recomendada: 12 a\u00f1os en adelante<\/p>\n<p>\u26a0\ufe0fADVERTENCIA: PELIGRO DE ASFIXIA &#8211; Piezas peque\u00f1as. No apto para ni\u00f1os menores de 12 a\u00f1os.<\/p>\n<p>Los productos son producidos por McFarlane bajo licencia de DC comics.<\/p>\n<p>McFarlane, DC Comics y<span class=\"Apple-converted-space\">\u00a0 <\/span>todos los t\u00e9rminos relacionados son marcas registradas de Mc Farlane y DC Comics.<\/p>\n","protected":false},"excerpt":{"rendered":"<p>Bruce Wayne, dedic\u00f3 su vida para convertirse en el mejor vigilante, como el caballero oscuro. Batman tiene un plan para cada ocasi\u00f3n, armas, tecnolog\u00eda y veh\u00edculos que lo ayudan en su incesante b\u00fasqueda de justicia.<\/p>\n","protected":false},"featured_media":4889,"comment_status":"open","ping_status":"closed","template":"","meta":[],"product_brand":[],"product_cat":[21],"product_tag":[],"class_list":{"0":"post-4859","1":"product","2":"type-product","3":"status-publish","4":"has-post-thumbnail","6":"product_cat-retro","8":"first","9":"instock","10":"taxable","11":"shipping-taxable","12":"purchasable","13":"product-type-simple"},"_links":{"self":[{"href":"https:\/\/r2-toys.com\/index.php\/wp-json\/wp\/v2\/product\/4859","targetHints":{"allow":["GET"]}}],"collection":[{"href":"https:\/\/r2-toys.com\/index.php\/wp-json\/wp\/v2\/product"}],"about":[{"href":"https:\/\/r2-toys.com\/index.php\/wp-json\/wp\/v2\/types\/product"}],"replies":[{"embeddable":true,"href":"https:\/\/r2-toys.com\/index.php\/wp-json\/wp\/v2\/comments?post=4859"}],"wp:featuredmedia":[{"embeddable":true,"href":"https:\/\/r2-toys.com\/index.php\/wp-json\/wp\/v2\/media\/4889"}],"wp:attachment":[{"href":"https:\/\/r2-toys.com\/index.php\/wp-json\/wp\/v2\/media?parent=4859"}],"wp:term":[{"taxonomy":"product_brand","embeddable":true,"href":"https:\/\/r2-toys.com\/index.php\/wp-json\/wp\/v2\/product_brand?post=4859"},{"taxonomy":"product_cat","embeddable":true,"href":"https:\/\/r2-toys.com\/index.php\/wp-json\/wp\/v2\/product_cat?post=4859"},{"taxonomy":"product_tag","embeddable":true,"href":"https:\/\/r2-toys.com\/index.php\/wp-json\/wp\/v2\/product_tag?post=4859"}],"curies":[{"name":"wp","href":"https:\/\/api.w.org\/{rel}","templated":true}]}}