{"id":4912,"date":"2022-10-03T01:59:21","date_gmt":"2022-10-02T19:59:21","guid":{"rendered":"https:\/\/r2-toys.com\/?post_type=product&#038;p=4912"},"modified":"2025-04-25T01:48:02","modified_gmt":"2025-04-24T19:48:02","slug":"dragon-ball-flash-series-ultimate-gohan","status":"publish","type":"product","link":"https:\/\/r2-toys.com\/index.php\/product\/dragon-ball-flash-series-ultimate-gohan\/","title":{"rendered":"Dragon Ball Flash Series Ultimate Gohan"},"content":{"rendered":"<p>Esta forma de Gohan difiere de las formas del Supersaiyano dado que el iris de sus ojos y su cabello mantienen el mismo color. Los cambios m\u00e1s notables en Gohan son el gran mech\u00f3n negro en la frente y sus ojos marcados, as\u00ed como una acentuada musculatura. El aura no presenta cambios y es similar a la que emite en su forma base. Esta apariencia no ser\u00eda permanente, pero Gohan podr\u00eda activarla cada vez que \u00e9l quisiera.<\/p>\n<p>Figura de 10cm que incluyen una moneda coleccionable que tambi\u00e9n podr\u00e1s usarla como base para exhibir tu figura.<\/p>\n<p>Edad recomendada: 4 a\u00f1os en adelante<\/p>\n<p>\u26a0\ufe0f ADVERTENCIA: PELIGRO DE ASFIXIA \u2013 Piezas peque\u00f1as. No apto para ni\u00f1os menores de 4 a\u00f1os.<\/p>\n<p>Los productos son producidos por Bandas bajo licencias autorizadas.<\/p>\n<p>Bandai y<span class=\"Apple-converted-space\">\u00a0 <\/span>todos los t\u00e9rminos relacionados son marcas registradas NamcoBandai.<\/p>\n","protected":false},"excerpt":{"rendered":"<p>Esta forma de Gohan difiere de las formas del Supersaiyano dado que el iris de sus ojos y su cabello mantienen el mismo color. Los cambios m\u00e1s notables en Gohan son el gran mech\u00f3n negro en la frente y sus ojos marcados, as\u00ed como una acentuada musculatura. El aura no presenta cambios y es similar a la que emite en su forma base. Esta apariencia no ser\u00eda permanente, pero Gohan podr\u00eda activarla cada vez que \u00e9l quisiera.<\/p>\n","protected":false},"featured_media":4936,"comment_status":"open","ping_status":"closed","template":"","meta":[],"product_brand":[],"product_cat":[21],"product_tag":[],"class_list":{"0":"post-4912","1":"product","2":"type-product","3":"status-publish","4":"has-post-thumbnail","6":"product_cat-retro","8":"first","9":"outofstock","10":"taxable","11":"shipping-taxable","12":"purchasable","13":"product-type-simple"},"_links":{"self":[{"href":"https:\/\/r2-toys.com\/index.php\/wp-json\/wp\/v2\/product\/4912","targetHints":{"allow":["GET"]}}],"collection":[{"href":"https:\/\/r2-toys.com\/index.php\/wp-json\/wp\/v2\/product"}],"about":[{"href":"https:\/\/r2-toys.com\/index.php\/wp-json\/wp\/v2\/types\/product"}],"replies":[{"embeddable":true,"href":"https:\/\/r2-toys.com\/index.php\/wp-json\/wp\/v2\/comments?post=4912"}],"wp:featuredmedia":[{"embeddable":true,"href":"https:\/\/r2-toys.com\/index.php\/wp-json\/wp\/v2\/media\/4936"}],"wp:attachment":[{"href":"https:\/\/r2-toys.com\/index.php\/wp-json\/wp\/v2\/media?parent=4912"}],"wp:term":[{"taxonomy":"product_brand","embeddable":true,"href":"https:\/\/r2-toys.com\/index.php\/wp-json\/wp\/v2\/product_brand?post=4912"},{"taxonomy":"product_cat","embeddable":true,"href":"https:\/\/r2-toys.com\/index.php\/wp-json\/wp\/v2\/product_cat?post=4912"},{"taxonomy":"product_tag","embeddable":true,"href":"https:\/\/r2-toys.com\/index.php\/wp-json\/wp\/v2\/product_tag?post=4912"}],"curies":[{"name":"wp","href":"https:\/\/api.w.org\/{rel}","templated":true}]}}