{"id":4917,"date":"2022-10-01T15:20:12","date_gmt":"2022-10-01T09:20:12","guid":{"rendered":"https:\/\/r2-toys.com\/?post_type=product&#038;p=4917"},"modified":"2024-12-10T02:52:36","modified_gmt":"2024-12-09T20:52:36","slug":"dragon-ball-limit-braker-series-majin-buu-final-form","status":"publish","type":"product","link":"https:\/\/r2-toys.com\/index.php\/product\/dragon-ball-limit-braker-series-majin-buu-final-form\/","title":{"rendered":"Dragon Ball Limit Braker Series Majin Buu Final Form"},"content":{"rendered":"<p>Majin Buu fue controlado por el malvado brujo Bibidi y se utiliza como un arma para tratar de apoderarse del universo. Una vez que Buu fue sellado despu\u00e9s de enfrentarse a los Kai, Babidi lo resucita para intentarlo una vez m\u00e1s y apoderarse del universo.<\/p>\n<p>Figura de 30cm coleccionable con multiples detalles inspirados en la serie.<\/p>\n<p>Edad recomendada: 4 a\u00f1os en adelante<\/p>\n<p>\u26a0\ufe0f ADVERTENCIA: PELIGRO DE ASFIXIA \u2013 Piezas peque\u00f1as. No apto para ni\u00f1os menores de 4 a\u00f1os.<\/p>\n<p>Los productos son producidos por Bandas bajo licencias autorizadas.<\/p>\n<p>Bandai y<span class=\"Apple-converted-space\">\u00a0 <\/span>todos los t\u00e9rminos relacionados son marcas registradas NamcoBandai.<\/p>\n","protected":false},"excerpt":{"rendered":"<p>Majin Buu fue controlado por el malvado brujo Bibidi y se utiliza como un arma para tratar de apoderarse del universo. Una vez que Buu fue sellado despu\u00e9s de enfrentarse a los Kai, Babidi lo resucita para intentarlo una vez m\u00e1s y apoderarse del universo.<\/p>\n","protected":false},"featured_media":4984,"comment_status":"open","ping_status":"closed","template":"","meta":[],"product_brand":[],"product_cat":[21],"product_tag":[],"class_list":{"0":"post-4917","1":"product","2":"type-product","3":"status-publish","4":"has-post-thumbnail","6":"product_cat-retro","8":"first","9":"outofstock","10":"taxable","11":"shipping-taxable","12":"purchasable","13":"product-type-simple"},"_links":{"self":[{"href":"https:\/\/r2-toys.com\/index.php\/wp-json\/wp\/v2\/product\/4917","targetHints":{"allow":["GET"]}}],"collection":[{"href":"https:\/\/r2-toys.com\/index.php\/wp-json\/wp\/v2\/product"}],"about":[{"href":"https:\/\/r2-toys.com\/index.php\/wp-json\/wp\/v2\/types\/product"}],"replies":[{"embeddable":true,"href":"https:\/\/r2-toys.com\/index.php\/wp-json\/wp\/v2\/comments?post=4917"}],"wp:featuredmedia":[{"embeddable":true,"href":"https:\/\/r2-toys.com\/index.php\/wp-json\/wp\/v2\/media\/4984"}],"wp:attachment":[{"href":"https:\/\/r2-toys.com\/index.php\/wp-json\/wp\/v2\/media?parent=4917"}],"wp:term":[{"taxonomy":"product_brand","embeddable":true,"href":"https:\/\/r2-toys.com\/index.php\/wp-json\/wp\/v2\/product_brand?post=4917"},{"taxonomy":"product_cat","embeddable":true,"href":"https:\/\/r2-toys.com\/index.php\/wp-json\/wp\/v2\/product_cat?post=4917"},{"taxonomy":"product_tag","embeddable":true,"href":"https:\/\/r2-toys.com\/index.php\/wp-json\/wp\/v2\/product_tag?post=4917"}],"curies":[{"name":"wp","href":"https:\/\/api.w.org\/{rel}","templated":true}]}}