{"id":5062,"date":"2022-12-27T06:20:02","date_gmt":"2022-12-27T00:20:02","guid":{"rendered":"https:\/\/r2-toys.com\/?post_type=product&#038;p=5062"},"modified":"2024-11-26T03:46:46","modified_gmt":"2024-11-25T21:46:46","slug":"the-rescue-set-multipack","status":"publish","type":"product","link":"https:\/\/r2-toys.com\/index.php\/product\/the-rescue-set-multipack\/","title":{"rendered":"The Rescue Set Multipack"},"content":{"rendered":"<p>Mando lidera una tripulaci\u00f3n en una misi\u00f3n de rescate a la nave de Moff Gideon, donde una guarnici\u00f3n de Dark Troopers, los droides<span class=\"Apple-converted-space\">\u00a0 <\/span>m\u00e1s avanzados que capturaron a Grogu, est\u00e1n esperando.<\/p>\n<p>Este set de figuras de 9,5 cm cuenta con un excelente<span class=\"Apple-converted-space\">\u00a0 <\/span>dise\u00f1o, en empaques inspirados en la l\u00ednea original,<span class=\"Apple-converted-space\">\u00a0 <\/span>incluye 4 figuras 10 accesorios.<\/p>\n<p>Edad recomendada: 4 a\u00f1os en adelante<\/p>\n<p>\u26a0\ufe0fADVERTENCIA: PELIGRO DE ASFIXIA &#8211; Piezas peque\u00f1as. No apto para ni\u00f1os menores de 4 a\u00f1os.<\/p>\n<p>Los productos Star Wars son producidos por Hasbro bajo licencia de Lucasfilm Ltd.<\/p>\n<p>Hasbro y todos los t\u00e9rminos relacionados son marcas registradas de Hasbro.<\/p>\n","protected":false},"excerpt":{"rendered":"<p>Mando lidera una tripulaci\u00f3n en una misi\u00f3n de rescate a la nave de Moff Gideon, donde una guarnici\u00f3n de Dark Troopers, los droides<span class=\"Apple-converted-space\">\u00a0 <\/span>m\u00e1s avanzados que capturaron a Grogu, est\u00e1n esperando.<\/p>\n","protected":false},"featured_media":5478,"comment_status":"open","ping_status":"closed","template":"","meta":[],"product_brand":[],"product_cat":[29],"product_tag":[],"class_list":{"0":"post-5062","1":"product","2":"type-product","3":"status-publish","4":"has-post-thumbnail","6":"product_cat-vintage","8":"first","9":"outofstock","10":"taxable","11":"shipping-taxable","12":"purchasable","13":"product-type-simple"},"_links":{"self":[{"href":"https:\/\/r2-toys.com\/index.php\/wp-json\/wp\/v2\/product\/5062","targetHints":{"allow":["GET"]}}],"collection":[{"href":"https:\/\/r2-toys.com\/index.php\/wp-json\/wp\/v2\/product"}],"about":[{"href":"https:\/\/r2-toys.com\/index.php\/wp-json\/wp\/v2\/types\/product"}],"replies":[{"embeddable":true,"href":"https:\/\/r2-toys.com\/index.php\/wp-json\/wp\/v2\/comments?post=5062"}],"wp:featuredmedia":[{"embeddable":true,"href":"https:\/\/r2-toys.com\/index.php\/wp-json\/wp\/v2\/media\/5478"}],"wp:attachment":[{"href":"https:\/\/r2-toys.com\/index.php\/wp-json\/wp\/v2\/media?parent=5062"}],"wp:term":[{"taxonomy":"product_brand","embeddable":true,"href":"https:\/\/r2-toys.com\/index.php\/wp-json\/wp\/v2\/product_brand?post=5062"},{"taxonomy":"product_cat","embeddable":true,"href":"https:\/\/r2-toys.com\/index.php\/wp-json\/wp\/v2\/product_cat?post=5062"},{"taxonomy":"product_tag","embeddable":true,"href":"https:\/\/r2-toys.com\/index.php\/wp-json\/wp\/v2\/product_tag?post=5062"}],"curies":[{"name":"wp","href":"https:\/\/api.w.org\/{rel}","templated":true}]}}