{"id":5166,"date":"2022-11-08T19:58:12","date_gmt":"2022-11-08T13:58:12","guid":{"rendered":"https:\/\/r2-toys.com\/?post_type=product&#038;p=5166"},"modified":"2023-09-20T06:56:05","modified_gmt":"2023-09-20T00:56:05","slug":"batman-animated-series","status":"publish","type":"product","link":"https:\/\/r2-toys.com\/index.php\/product\/batman-animated-series\/","title":{"rendered":"Batman Animated Series"},"content":{"rendered":"<p>Cuando sonaron dos disparos, la vida de Bruce Wayne cambi\u00f3 para siempre. Se comprometi\u00f3 a hacer justicia y ha mantenido ese juramento durante a\u00f1os. El Caballero Oscuro ha luchado contra enemigos, pero en el fondo, sabe que comparte con ellos algo que la mayor\u00eda de la humanidad no entender\u00eda: un compromiso con la lucha.<\/p>\n<p>Esta figura de 17cm cuenta con m\u00e1s de 22 articulaciones, los accesorios de Batman incluyen un Grapnel Launcher, Batarang y una tarjeta de arte coleccionable<span class=\"Apple-converted-space\">\u00a0 <\/span>de Batman la serie animada en la parte delantera y la biograf\u00eda del personaje en la parte posterior.<\/p>\n<p>Edad recomendada: 12 a\u00f1os en adelante<\/p>\n<p>\u26a0\ufe0fADVERTENCIA: PELIGRO DE ASFIXIA &#8211; Piezas peque\u00f1as. No apto para ni\u00f1os menores de 12 a\u00f1os.<\/p>\n<p>Los productos son producidos por McFarlane bajo licencia de DC comics.<\/p>\n<p>McFarlane, DC Comics y<span class=\"Apple-converted-space\">\u00a0 <\/span>todos los t\u00e9rminos relacionados son marcas registradas de Mc Farlane y DC Comics.<\/p>\n","protected":false},"excerpt":{"rendered":"<p>Cuando sonaron dos disparos, la vida de Bruce Wayne cambi\u00f3 para siempre. Se comprometi\u00f3 a hacer justicia y ha mantenido ese juramento durante a\u00f1os. El Caballero Oscuro ha luchado contra enemigos, pero en el fondo, sabe que comparte con ellos algo que la mayor\u00eda de la humanidad no entender\u00eda: un compromiso con la lucha.<\/p>\n","protected":false},"featured_media":5107,"comment_status":"open","ping_status":"closed","template":"","meta":[],"product_brand":[],"product_cat":[21],"product_tag":[],"class_list":{"0":"post-5166","1":"product","2":"type-product","3":"status-publish","4":"has-post-thumbnail","6":"product_cat-retro","8":"first","9":"outofstock","10":"taxable","11":"shipping-taxable","12":"purchasable","13":"product-type-simple"},"_links":{"self":[{"href":"https:\/\/r2-toys.com\/index.php\/wp-json\/wp\/v2\/product\/5166","targetHints":{"allow":["GET"]}}],"collection":[{"href":"https:\/\/r2-toys.com\/index.php\/wp-json\/wp\/v2\/product"}],"about":[{"href":"https:\/\/r2-toys.com\/index.php\/wp-json\/wp\/v2\/types\/product"}],"replies":[{"embeddable":true,"href":"https:\/\/r2-toys.com\/index.php\/wp-json\/wp\/v2\/comments?post=5166"}],"wp:featuredmedia":[{"embeddable":true,"href":"https:\/\/r2-toys.com\/index.php\/wp-json\/wp\/v2\/media\/5107"}],"wp:attachment":[{"href":"https:\/\/r2-toys.com\/index.php\/wp-json\/wp\/v2\/media?parent=5166"}],"wp:term":[{"taxonomy":"product_brand","embeddable":true,"href":"https:\/\/r2-toys.com\/index.php\/wp-json\/wp\/v2\/product_brand?post=5166"},{"taxonomy":"product_cat","embeddable":true,"href":"https:\/\/r2-toys.com\/index.php\/wp-json\/wp\/v2\/product_cat?post=5166"},{"taxonomy":"product_tag","embeddable":true,"href":"https:\/\/r2-toys.com\/index.php\/wp-json\/wp\/v2\/product_tag?post=5166"}],"curies":[{"name":"wp","href":"https:\/\/api.w.org\/{rel}","templated":true}]}}