{"id":5299,"date":"2022-12-01T09:17:11","date_gmt":"2022-12-01T03:17:11","guid":{"rendered":"https:\/\/r2-toys.com\/?post_type=product&#038;p=5299"},"modified":"2022-12-02T11:10:24","modified_gmt":"2022-12-02T05:10:24","slug":"funko-boxed-tee-playera-bounty-hunter-the-mandalorian-dark-saber-xl","status":"publish","type":"product","link":"https:\/\/r2-toys.com\/index.php\/product\/funko-boxed-tee-playera-bounty-hunter-the-mandalorian-dark-saber-xl\/","title":{"rendered":"Funko Boxed Tee: Playera Bounty Hunter The Mandalorian Dark Saber\u00a0 (XL)"},"content":{"rendered":"<p>Su cuerpo est\u00e1 protegido por una armadura beskar, su rostro est\u00e1 oculto detr\u00e1s de una m\u00e1scara con visor en T y su pasado est\u00e1 envuelto en misterio.<\/p>\n<p>Desde 1977 la saga de Star Wars ha sido un movimiento revolucionario de la cultura pop generaci\u00f3n tras generaci\u00f3n, reclutando fans y seguidores, creando para ellos diversas producciones del amplio universo. Gracias a FunkoPop podemos tener incre\u00edbles figuras de tus personajes favoritos con incre\u00edbles dise\u00f1os.<\/p>\n<p>La l\u00ednea de Playeras de Funko Boxed Tee\u00a0trae a tus personajes favoritos de Star Wars de una manera estilizada e incre\u00edble, impresos a detalle con la m\u00e1s alta calidad, para que lleves tu pasi\u00f3n a donde quieras.<\/p>\n<p>Contenido Playera Talla XL<\/p>\n<p>Fabricado en tela.<\/p>\n<p>Basado en StarWars.<\/p>\n<p>Empaque con incre\u00edble dise\u00f1o.<\/p>\n<p>\u26a0\ufe0fADVERTENCIA: PELIGRO DE ASFIXIA &#8211; Piezas peque\u00f1as. No apto para ni\u00f1os menores de 4 a\u00f1os.<\/p>\n<p>Las consideraciones de alergias a materiales son responsabilidad del comprador o consumidor.<\/p>\n<p>Los productos Star Wars son producidos por FUNKO bajo licencia de Lucasfilm Ltd. y Disney<\/p>\n<p>FUNKO y todos los t\u00e9rminos relacionados son marcas registradas Funko.<\/p>\n","protected":false},"excerpt":{"rendered":"<p>Su cuerpo est\u00e1 protegido por una armadura beskar, su rostro est\u00e1 oculto detr\u00e1s de una m\u00e1scara con visor en T<\/p>\n","protected":false},"featured_media":5369,"comment_status":"open","ping_status":"closed","template":"","meta":[],"product_brand":[],"product_cat":[20],"product_tag":[],"class_list":{"0":"post-5299","1":"product","2":"type-product","3":"status-publish","4":"has-post-thumbnail","6":"product_cat-funko1","8":"first","9":"instock","10":"taxable","11":"shipping-taxable","12":"purchasable","13":"product-type-simple"},"_links":{"self":[{"href":"https:\/\/r2-toys.com\/index.php\/wp-json\/wp\/v2\/product\/5299","targetHints":{"allow":["GET"]}}],"collection":[{"href":"https:\/\/r2-toys.com\/index.php\/wp-json\/wp\/v2\/product"}],"about":[{"href":"https:\/\/r2-toys.com\/index.php\/wp-json\/wp\/v2\/types\/product"}],"replies":[{"embeddable":true,"href":"https:\/\/r2-toys.com\/index.php\/wp-json\/wp\/v2\/comments?post=5299"}],"wp:featuredmedia":[{"embeddable":true,"href":"https:\/\/r2-toys.com\/index.php\/wp-json\/wp\/v2\/media\/5369"}],"wp:attachment":[{"href":"https:\/\/r2-toys.com\/index.php\/wp-json\/wp\/v2\/media?parent=5299"}],"wp:term":[{"taxonomy":"product_brand","embeddable":true,"href":"https:\/\/r2-toys.com\/index.php\/wp-json\/wp\/v2\/product_brand?post=5299"},{"taxonomy":"product_cat","embeddable":true,"href":"https:\/\/r2-toys.com\/index.php\/wp-json\/wp\/v2\/product_cat?post=5299"},{"taxonomy":"product_tag","embeddable":true,"href":"https:\/\/r2-toys.com\/index.php\/wp-json\/wp\/v2\/product_tag?post=5299"}],"curies":[{"name":"wp","href":"https:\/\/api.w.org\/{rel}","templated":true}]}}