{"id":5414,"date":"2022-12-08T20:39:35","date_gmt":"2022-12-08T14:39:35","guid":{"rendered":"https:\/\/r2-toys.com\/?post_type=product&#038;p=5414"},"modified":"2022-12-08T20:39:35","modified_gmt":"2022-12-08T14:39:35","slug":"robin","status":"publish","type":"product","link":"https:\/\/r2-toys.com\/index.php\/product\/robin\/","title":{"rendered":"Robin"},"content":{"rendered":"<p>\u00a1Ni\u00f1o Maravilla, Batman! \u00bfQu\u00e9 suerte puede tener el hu\u00e9rfano Dick Grayson? Es acogido por el hombre m\u00e1s rico de Gotham City, que resulta ser Batman. Puede vivir en una mansi\u00f3n completa con una cueva, patear el trasero del villano y viajar en el autom\u00f3vil m\u00e1s genial del mundo.<\/p>\n<p>Esta figura de 10cm cuenta con 5 articulaciones y 3 accesorios misteriosos.<\/p>\n<p>Edad recomendada: 4 a\u00f1os en adelante<\/p>\n<p>\u26a0\ufe0fADVERTENCIA: PELIGRO DE ASFIXIA &#8211; Piezas peque\u00f1as. No apto para ni\u00f1os menores de 4 a\u00f1os.<\/p>\n<p>Los productos son producidos por McFarlane bajo licencia de DC comics.<\/p>\n<p>SpinMaster, DC Comics y<span class=\"Apple-converted-space\">\u00a0 <\/span>todos los t\u00e9rminos relacionados son marcas registradas de SpinMaster y DC Comics.<\/p>\n","protected":false},"excerpt":{"rendered":"<p>\u00a1Ni\u00f1o Maravilla, Batman! \u00bfQu\u00e9 suerte puede tener el hu\u00e9rfano Dick Grayson? Es acogido por el hombre m\u00e1s rico de Gotham City, que resulta ser Batman. Puede vivir en una mansi\u00f3n completa con una cueva, patear el trasero del villano y viajar en el autom\u00f3vil m\u00e1s genial del mundo.<\/p>\n","protected":false},"featured_media":5391,"comment_status":"open","ping_status":"closed","template":"","meta":[],"product_brand":[],"product_cat":[21],"product_tag":[],"class_list":{"0":"post-5414","1":"product","2":"type-product","3":"status-publish","4":"has-post-thumbnail","6":"product_cat-retro","8":"first","9":"instock","10":"taxable","11":"shipping-taxable","12":"purchasable","13":"product-type-simple"},"_links":{"self":[{"href":"https:\/\/r2-toys.com\/index.php\/wp-json\/wp\/v2\/product\/5414","targetHints":{"allow":["GET"]}}],"collection":[{"href":"https:\/\/r2-toys.com\/index.php\/wp-json\/wp\/v2\/product"}],"about":[{"href":"https:\/\/r2-toys.com\/index.php\/wp-json\/wp\/v2\/types\/product"}],"replies":[{"embeddable":true,"href":"https:\/\/r2-toys.com\/index.php\/wp-json\/wp\/v2\/comments?post=5414"}],"wp:featuredmedia":[{"embeddable":true,"href":"https:\/\/r2-toys.com\/index.php\/wp-json\/wp\/v2\/media\/5391"}],"wp:attachment":[{"href":"https:\/\/r2-toys.com\/index.php\/wp-json\/wp\/v2\/media?parent=5414"}],"wp:term":[{"taxonomy":"product_brand","embeddable":true,"href":"https:\/\/r2-toys.com\/index.php\/wp-json\/wp\/v2\/product_brand?post=5414"},{"taxonomy":"product_cat","embeddable":true,"href":"https:\/\/r2-toys.com\/index.php\/wp-json\/wp\/v2\/product_cat?post=5414"},{"taxonomy":"product_tag","embeddable":true,"href":"https:\/\/r2-toys.com\/index.php\/wp-json\/wp\/v2\/product_tag?post=5414"}],"curies":[{"name":"wp","href":"https:\/\/api.w.org\/{rel}","templated":true}]}}