{"id":5483,"date":"2022-12-27T07:04:19","date_gmt":"2022-12-27T01:04:19","guid":{"rendered":"https:\/\/r2-toys.com\/?post_type=product&#038;p=5483"},"modified":"2022-12-27T07:08:10","modified_gmt":"2022-12-27T01:08:10","slug":"adepta-sororitas-battle-sister-the-order-of-the-bloody-rose","status":"publish","type":"product","link":"https:\/\/r2-toys.com\/index.php\/product\/adepta-sororitas-battle-sister-the-order-of-the-bloody-rose\/","title":{"rendered":"ADEPTA SORORITAS BATTLE SISTER (THE ORDER OF THE BLOODY ROSE)"},"content":{"rendered":"<p>La Orden de la Rosa Sangrienta es una de las principales \u00d3rdenes Militantes del Adepta Sororitas, o Hermanas de Batalla, fundada en honor a Santa Mina por el Eclesiarca Deacis VI a mediados del Milenio 38. Desde el momento en que una hermana se une a Bloody Rose, se le ense\u00f1a a fomentar y controlar sus impulsos m\u00e1s violentos para que puedan ser desatados sobre los enemigos de la fe. Tan pronto como el enemigo est\u00e1 a corta distancia, las hermanas atacan, golpeando en el momento en que chocan contra las l\u00edneas enemigas y gritando airadas alabanzas mientras dan rienda suelta a su odio golpeando con precisi\u00f3n y pasando al siguiente enemigo antes que el anterior incluso tenga tiempo para tocar el suelo.<\/p>\n<p>Esta figura de 18cm<span class=\"Apple-converted-space\">\u00a0 <\/span>incre\u00edblemente detalladas, basada en la franquicia Warhammer 40k cuenta con 22 articulaciones y 3 accesorios.<\/p>\n<p>La figura se exhibe en una caja con ventana tem\u00e1tica de Warhammer McFarlane.<\/p>\n<p>Edad recomendada: 12 a\u00f1os en adelante<\/p>\n<p>\u26a0\ufe0fADVERTENCIA: PELIGRO DE ASFIXIA &#8211; Piezas peque\u00f1as. No apto para ni\u00f1os menores de 12 a\u00f1os.<\/p>\n<p>Los productos son producidos por McFarlane bajo licencia de 40k Warhammer.<\/p>\n<p><span class=\"Apple-converted-space\">\u00a0<\/span>McFarlane, 40k Warhammer y todos los t\u00e9rminos relacionados con este producto son marcas registradas de McFarlane y 40k Warhammer.<\/p>\n","protected":false},"excerpt":{"rendered":"<p>La Orden de la Rosa Sangrienta es una de las principales \u00d3rdenes Militantes del Adepta Sororitas, o Hermanas de Batalla, fundada en honor a Santa Mina por el Eclesiarca Deacis VI a mediados del Milenio 38. Desde el momento en que una hermana se une a Bloody Rose, se le ense\u00f1a a fomentar y controlar sus impulsos m\u00e1s violentos para que puedan ser desatados sobre los enemigos de la fe. Tan pronto como el enemigo est\u00e1 a corta distancia, las hermanas atacan, golpeando en el momento en que chocan contra las l\u00edneas enemigas y gritando airadas alabanzas mientras dan rienda suelta a su odio golpeando con precisi\u00f3n y pasando al siguiente enemigo antes que el anterior incluso tenga tiempo para tocar el suelo.<\/p>\n","protected":false},"featured_media":5463,"comment_status":"open","ping_status":"closed","template":"","meta":[],"product_brand":[],"product_cat":[21],"product_tag":[],"class_list":{"0":"post-5483","1":"product","2":"type-product","3":"status-publish","4":"has-post-thumbnail","6":"product_cat-retro","8":"first","9":"instock","10":"taxable","11":"shipping-taxable","12":"purchasable","13":"product-type-simple"},"_links":{"self":[{"href":"https:\/\/r2-toys.com\/index.php\/wp-json\/wp\/v2\/product\/5483","targetHints":{"allow":["GET"]}}],"collection":[{"href":"https:\/\/r2-toys.com\/index.php\/wp-json\/wp\/v2\/product"}],"about":[{"href":"https:\/\/r2-toys.com\/index.php\/wp-json\/wp\/v2\/types\/product"}],"replies":[{"embeddable":true,"href":"https:\/\/r2-toys.com\/index.php\/wp-json\/wp\/v2\/comments?post=5483"}],"wp:featuredmedia":[{"embeddable":true,"href":"https:\/\/r2-toys.com\/index.php\/wp-json\/wp\/v2\/media\/5463"}],"wp:attachment":[{"href":"https:\/\/r2-toys.com\/index.php\/wp-json\/wp\/v2\/media?parent=5483"}],"wp:term":[{"taxonomy":"product_brand","embeddable":true,"href":"https:\/\/r2-toys.com\/index.php\/wp-json\/wp\/v2\/product_brand?post=5483"},{"taxonomy":"product_cat","embeddable":true,"href":"https:\/\/r2-toys.com\/index.php\/wp-json\/wp\/v2\/product_cat?post=5483"},{"taxonomy":"product_tag","embeddable":true,"href":"https:\/\/r2-toys.com\/index.php\/wp-json\/wp\/v2\/product_tag?post=5483"}],"curies":[{"name":"wp","href":"https:\/\/api.w.org\/{rel}","templated":true}]}}