{"id":556,"date":"2022-03-25T01:24:24","date_gmt":"2022-03-24T19:24:24","guid":{"rendered":"https:\/\/r2-toys.com\/?post_type=product&#038;p=556"},"modified":"2026-01-24T09:05:09","modified_gmt":"2026-01-24T03:05:09","slug":"bossk","status":"publish","type":"product","link":"https:\/\/r2-toys.com\/index.php\/product\/bossk\/","title":{"rendered":"BOSSK"},"content":{"rendered":"<p>Bossk es uno de los cazarrecompensas contratados por Darth Vader para buscar al Halc\u00f3n Milenario y su tripulaci\u00f3n rebelde.<\/p>\n<p>Las figuras m\u00e1s \u00e9picas de Star Wars The Black Series est\u00e1n de vuelta con la colecci\u00f3n Black Series Archive. Estas figuras de archivo tienen el mismo dise\u00f1o y detalles de primera calidad que la edici\u00f3n original, por lo que tanto los coleccionistas nuevos como los antiguos pueden agregar a su colecci\u00f3n de Star Wars.<\/p>\n<p>Incluye: figura y accesorio<\/p>\n<p>Figura de Bossk detallada a escala de 15 cm de Star Wars: El Imperio Contraataca<\/p>\n<p>Las mejores figuras de The Black Series regresan al Archivo de Black Series<\/p>\n<p>Dise\u00f1o y detalle premium<\/p>\n<p>Incluye accesorio inspirado en personajes<\/p>\n<div>\n<p>Edad recomendada: 4 a\u00f1os en adelante<\/p>\n<\/div>\n<div>\n<p>\u26a0\ufe0f ADVERTENCIA: PELIGRO DE ASFIXIA &#8211; Piezas peque\u00f1as. No apto para ni\u00f1os menores de 4 a\u00f1os.<\/p>\n<\/div>\n<div>\n<p>Los juguetes de Hasbro de la L\u00ednea Star Wars Black Series son productos originales que traer\u00e1n horas de diversi\u00f3n a chicos y grandes, adem\u00e1s cuentan con licencias oficiales<\/p>\n<\/div>\n<div>\n<p>Los productos de Star Wars son producidos por Hasbro bajo licencia de Lucasfilm Ltd.<\/p>\n<\/div>\n","protected":false},"excerpt":{"rendered":"<p>Bossk es uno de los cazarrecompensas contratados por Darth Vader para buscar al Halc\u00f3n Milenario y su tripulaci\u00f3n rebelde.<\/p>\n","protected":false},"featured_media":2668,"comment_status":"open","ping_status":"closed","template":"","meta":[],"product_brand":[],"product_cat":[31,28],"product_tag":[],"class_list":{"0":"post-556","1":"product","2":"type-product","3":"status-publish","4":"has-post-thumbnail","6":"product_cat-archive","7":"product_cat-black-series","9":"first","10":"instock","11":"taxable","12":"shipping-taxable","13":"purchasable","14":"product-type-simple"},"_links":{"self":[{"href":"https:\/\/r2-toys.com\/index.php\/wp-json\/wp\/v2\/product\/556","targetHints":{"allow":["GET"]}}],"collection":[{"href":"https:\/\/r2-toys.com\/index.php\/wp-json\/wp\/v2\/product"}],"about":[{"href":"https:\/\/r2-toys.com\/index.php\/wp-json\/wp\/v2\/types\/product"}],"replies":[{"embeddable":true,"href":"https:\/\/r2-toys.com\/index.php\/wp-json\/wp\/v2\/comments?post=556"}],"wp:featuredmedia":[{"embeddable":true,"href":"https:\/\/r2-toys.com\/index.php\/wp-json\/wp\/v2\/media\/2668"}],"wp:attachment":[{"href":"https:\/\/r2-toys.com\/index.php\/wp-json\/wp\/v2\/media?parent=556"}],"wp:term":[{"taxonomy":"product_brand","embeddable":true,"href":"https:\/\/r2-toys.com\/index.php\/wp-json\/wp\/v2\/product_brand?post=556"},{"taxonomy":"product_cat","embeddable":true,"href":"https:\/\/r2-toys.com\/index.php\/wp-json\/wp\/v2\/product_cat?post=556"},{"taxonomy":"product_tag","embeddable":true,"href":"https:\/\/r2-toys.com\/index.php\/wp-json\/wp\/v2\/product_tag?post=556"}],"curies":[{"name":"wp","href":"https:\/\/api.w.org\/{rel}","templated":true}]}}