{"id":5872,"date":"2023-03-17T12:43:13","date_gmt":"2023-03-17T06:43:13","guid":{"rendered":"https:\/\/r2-toys.com\/?post_type=product&#038;p=5872"},"modified":"2023-03-17T12:43:13","modified_gmt":"2023-03-17T06:43:13","slug":"darth-maul-gar-saxon-2023","status":"publish","type":"product","link":"https:\/\/r2-toys.com\/index.php\/product\/darth-maul-gar-saxon-2023\/","title":{"rendered":"Darth Maul &#038; Gar Saxon 2023"},"content":{"rendered":"<p>El aprendiz de Darth Sidious, Darth Maul, resurge para luchar en las Guerras Clon, durante las cuales Maul forma un grupo de seguidores que incluye a miembros de Death Watch del planeta Mandalore.<\/p>\n<p>Dar Saxon, Mandaloriano que sirvi\u00f3 como comandante de los supercomandos mandalorianos en el Colectivo Samba de Darth Maul durante las Guerras Clon, y m\u00e1s tarde como virrey imperial y Gobernador de su planeta natal Mangalore durante el reinado del Imperio Gal\u00e1ctico.<\/p>\n<p>Desde 1977 la saga de Star Wars ha sido un movimiento revolucionario de la cultura pop generaci\u00f3n tras generaci\u00f3n, reclutando fans y seguidores, creando para ellos diversas producciones del amplio universo. Gracias a FunkoPop podemos tener incre\u00edbles figuras de tus personajes favoritos con incre\u00edbles dise\u00f1os.<\/p>\n<p>Altura aproximada de 11 cm<\/p>\n<p>Empaque con ventana para su exhibici\u00f3n<\/p>\n<p>Fabricados en Vinyl<\/p>\n<p>Edad recomendada: 4 a\u00f1os en adelante<\/p>\n<p>\u26a0\ufe0fADVERTENCIA: PELIGRO DE ASFIXIA &#8211; Piezas peque\u00f1as. No apto para ni\u00f1os menores de 4 a\u00f1os.<\/p>\n<p>Los productos Star Wars son producidos por FUNKO bajo licencia de Lucasfilm Ltd. y Disney<\/p>\n<p>FUNKO, Target y todos los t\u00e9rminos relacionados son marcas registradas Funko y Target.<\/p>\n","protected":false},"excerpt":{"rendered":"<p>El aprendiz de Darth Sidious, Darth Maul, resurge para luchar en las Guerras Clon, durante las cuales Maul forma un grupo de seguidores que incluye a miembros de Death Watch del planeta Mandalore.<\/p>\n<p>Dar Saxon, Mandaloriano que sirvi\u00f3 como comandante de los supercomandos mandalorianos en el Colectivo Samba de Darth Maul durante las Guerras Clon, y m\u00e1s tarde como virrey imperial y Gobernador de su planeta natal Mangalore durante el reinado del Imperio Gal\u00e1ctico.<\/p>\n","protected":false},"featured_media":5854,"comment_status":"open","ping_status":"closed","template":"","meta":[],"product_brand":[],"product_cat":[20],"product_tag":[],"class_list":{"0":"post-5872","1":"product","2":"type-product","3":"status-publish","4":"has-post-thumbnail","6":"product_cat-funko1","8":"first","9":"instock","10":"taxable","11":"shipping-taxable","12":"purchasable","13":"product-type-simple"},"_links":{"self":[{"href":"https:\/\/r2-toys.com\/index.php\/wp-json\/wp\/v2\/product\/5872","targetHints":{"allow":["GET"]}}],"collection":[{"href":"https:\/\/r2-toys.com\/index.php\/wp-json\/wp\/v2\/product"}],"about":[{"href":"https:\/\/r2-toys.com\/index.php\/wp-json\/wp\/v2\/types\/product"}],"replies":[{"embeddable":true,"href":"https:\/\/r2-toys.com\/index.php\/wp-json\/wp\/v2\/comments?post=5872"}],"wp:featuredmedia":[{"embeddable":true,"href":"https:\/\/r2-toys.com\/index.php\/wp-json\/wp\/v2\/media\/5854"}],"wp:attachment":[{"href":"https:\/\/r2-toys.com\/index.php\/wp-json\/wp\/v2\/media?parent=5872"}],"wp:term":[{"taxonomy":"product_brand","embeddable":true,"href":"https:\/\/r2-toys.com\/index.php\/wp-json\/wp\/v2\/product_brand?post=5872"},{"taxonomy":"product_cat","embeddable":true,"href":"https:\/\/r2-toys.com\/index.php\/wp-json\/wp\/v2\/product_cat?post=5872"},{"taxonomy":"product_tag","embeddable":true,"href":"https:\/\/r2-toys.com\/index.php\/wp-json\/wp\/v2\/product_tag?post=5872"}],"curies":[{"name":"wp","href":"https:\/\/api.w.org\/{rel}","templated":true}]}}