{"id":5880,"date":"2023-03-17T13:40:18","date_gmt":"2023-03-17T07:40:18","guid":{"rendered":"https:\/\/r2-toys.com\/?post_type=product&#038;p=5880"},"modified":"2024-09-02T11:33:42","modified_gmt":"2024-09-02T05:33:42","slug":"special-action-figure-set-cave-of-evil","status":"publish","type":"product","link":"https:\/\/r2-toys.com\/index.php\/product\/special-action-figure-set-cave-of-evil\/","title":{"rendered":"Special Action Figure Set Cave Of Evil"},"content":{"rendered":"<p>Cuando Luke se adentra en la Cueva del Mal, la cueva le muestra sus propios miedos: el Lord Sith Darth Vader. Luke uso su espada para enfrentarse a este espectro del Lado Oscuro, presa del miedo, la ira y el odio. Al decapitar a la figura, el casco revelo la cara de Luke. Demostrando que a\u00fan lo invad\u00edan sentimientos de ira y odio por lo que fracaso en la prueba.<\/p>\n<p>Estas figuras de 9.5cm cm cuenta con un excelente<span class=\"Apple-converted-space\">\u00a0 <\/span>dise\u00f1o, en empaques inspirados en la l\u00ednea original e incluye<span class=\"Apple-converted-space\">\u00a0 <\/span>accesorios.<\/p>\n<p>Edad recomendada: 4 a\u00f1os en adelante<\/p>\n<p>\u26a0\ufe0fADVERTENCIA: PELIGRO DE ASFIXIA &#8211; Piezas peque\u00f1as. No apto para ni\u00f1os menores de 4 a\u00f1os.<\/p>\n<p>Los productos Star Wars son producidos por Hasbro bajo licencia de Lucasfilm Ltd.<\/p>\n<p>Hasbro y todos los t\u00e9rminos relacionados son marcas registradas de Hasbro.<\/p>\n","protected":false},"excerpt":{"rendered":"<p>Cuando Luke se adentra en la Cueva del Mal, la cueva le muestra sus propios miedos: el Lord Sith Darth Vader. Luke uso su espada para enfrentarse a este espectro del Lado Oscuro, presa del miedo, la ira y el odio. Al decapitar a la figura, el casco revelo la cara de Luke. Demostrando que a\u00fan lo invad\u00edan sentimientos de ira y odio por lo que fracaso en la prueba.<\/p>\n","protected":false},"featured_media":5843,"comment_status":"open","ping_status":"closed","template":"","meta":[],"product_brand":[],"product_cat":[29],"product_tag":[],"class_list":{"0":"post-5880","1":"product","2":"type-product","3":"status-publish","4":"has-post-thumbnail","6":"product_cat-vintage","8":"first","9":"outofstock","10":"taxable","11":"shipping-taxable","12":"purchasable","13":"product-type-simple"},"_links":{"self":[{"href":"https:\/\/r2-toys.com\/index.php\/wp-json\/wp\/v2\/product\/5880","targetHints":{"allow":["GET"]}}],"collection":[{"href":"https:\/\/r2-toys.com\/index.php\/wp-json\/wp\/v2\/product"}],"about":[{"href":"https:\/\/r2-toys.com\/index.php\/wp-json\/wp\/v2\/types\/product"}],"replies":[{"embeddable":true,"href":"https:\/\/r2-toys.com\/index.php\/wp-json\/wp\/v2\/comments?post=5880"}],"wp:featuredmedia":[{"embeddable":true,"href":"https:\/\/r2-toys.com\/index.php\/wp-json\/wp\/v2\/media\/5843"}],"wp:attachment":[{"href":"https:\/\/r2-toys.com\/index.php\/wp-json\/wp\/v2\/media?parent=5880"}],"wp:term":[{"taxonomy":"product_brand","embeddable":true,"href":"https:\/\/r2-toys.com\/index.php\/wp-json\/wp\/v2\/product_brand?post=5880"},{"taxonomy":"product_cat","embeddable":true,"href":"https:\/\/r2-toys.com\/index.php\/wp-json\/wp\/v2\/product_cat?post=5880"},{"taxonomy":"product_tag","embeddable":true,"href":"https:\/\/r2-toys.com\/index.php\/wp-json\/wp\/v2\/product_tag?post=5880"}],"curies":[{"name":"wp","href":"https:\/\/api.w.org\/{rel}","templated":true}]}}