{"id":5883,"date":"2023-03-22T23:22:28","date_gmt":"2023-03-22T17:22:28","guid":{"rendered":"https:\/\/r2-toys.com\/?post_type=product&#038;p=5883"},"modified":"2023-06-23T08:56:03","modified_gmt":"2023-06-23T02:56:03","slug":"princess-leia-organa-collector-fashion-doll-forces-of-destiny-platinum-edition","status":"publish","type":"product","link":"https:\/\/r2-toys.com\/index.php\/product\/princess-leia-organa-collector-fashion-doll-forces-of-destiny-platinum-edition\/","title":{"rendered":"Princess Leia Organa Collector Fashion Doll (Forces of Destiny) Platinum Edition"},"content":{"rendered":"<p>La princesa Leia Organa fue uno de los mejores l\u00edderes de Rebel Alliance, sin miedo en el campo de batalla y dedicado a terminar con la tiran\u00eda del Imperio.<\/p>\n<p>Esta figura de 28cm cuenta con atuendos removibles, cabello enraizado y detalles realistas. Cuenta Con 2 Blasters, Incluye figura y soporte de R2-D2.<\/p>\n<p>Edad recomendada: 16 a\u00f1os en adelante<\/p>\n<p>\u26a0\ufe0f\u008fADVERTENCIA: PELIGRO DE ASFIXIA &#8211; Piezas peque\u00f1as. No apto para ni\u00f1os menores de 16 a\u00f1os.<\/p>\n<p>Los productos Star Wars son producidos por Hasbro bajo licencia de Lucasfilm Ltd. y Disney.<\/p>\n<p>Hasbro y todos los t\u00e9rminos relacionados son marcas registradas Hasbro.<\/p>\n","protected":false},"excerpt":{"rendered":"<p>La princesa Leia Organa fue uno de los mejores l\u00edderes de Rebel Alliance, sin miedo en el campo de batalla y dedicado a terminar con la tiran\u00eda del Imperio<\/p>\n","protected":false},"featured_media":5864,"comment_status":"open","ping_status":"closed","template":"","meta":[],"product_brand":[],"product_cat":[33],"product_tag":[],"class_list":{"0":"post-5883","1":"product","2":"type-product","3":"status-publish","4":"has-post-thumbnail","6":"product_cat-otros","8":"first","9":"outofstock","10":"taxable","11":"shipping-taxable","12":"purchasable","13":"product-type-simple"},"_links":{"self":[{"href":"https:\/\/r2-toys.com\/index.php\/wp-json\/wp\/v2\/product\/5883","targetHints":{"allow":["GET"]}}],"collection":[{"href":"https:\/\/r2-toys.com\/index.php\/wp-json\/wp\/v2\/product"}],"about":[{"href":"https:\/\/r2-toys.com\/index.php\/wp-json\/wp\/v2\/types\/product"}],"replies":[{"embeddable":true,"href":"https:\/\/r2-toys.com\/index.php\/wp-json\/wp\/v2\/comments?post=5883"}],"wp:featuredmedia":[{"embeddable":true,"href":"https:\/\/r2-toys.com\/index.php\/wp-json\/wp\/v2\/media\/5864"}],"wp:attachment":[{"href":"https:\/\/r2-toys.com\/index.php\/wp-json\/wp\/v2\/media?parent=5883"}],"wp:term":[{"taxonomy":"product_brand","embeddable":true,"href":"https:\/\/r2-toys.com\/index.php\/wp-json\/wp\/v2\/product_brand?post=5883"},{"taxonomy":"product_cat","embeddable":true,"href":"https:\/\/r2-toys.com\/index.php\/wp-json\/wp\/v2\/product_cat?post=5883"},{"taxonomy":"product_tag","embeddable":true,"href":"https:\/\/r2-toys.com\/index.php\/wp-json\/wp\/v2\/product_tag?post=5883"}],"curies":[{"name":"wp","href":"https:\/\/api.w.org\/{rel}","templated":true}]}}