{"id":600,"date":"2022-03-29T00:51:42","date_gmt":"2022-03-28T18:51:42","guid":{"rendered":"https:\/\/r2-toys.com\/?post_type=product&#038;p=600"},"modified":"2024-09-06T09:51:32","modified_gmt":"2024-09-06T03:51:32","slug":"chirrut-imwe-2","status":"publish","type":"product","link":"https:\/\/r2-toys.com\/index.php\/product\/chirrut-imwe-2\/","title":{"rendered":"CHIRRUT IMWE"},"content":{"rendered":"<p>Aunque carece de habilidades de la Fuerza, este monje guerrero ha perfeccionado rigurosamente su cuerpo mediante una intensa disciplina f\u00edsica y mental.<\/p>\n<p>Profundamente espiritual, Chirrut \u00cemwe cree que todos los seres vivos est\u00e1n conectados a trav\u00e9s de la Fuerza.<\/p>\n<p>Celebre el legado de Star Wars, la saga espacial llena de acci\u00f3n y aventuras de una galaxia muy, muy lejana, con figuras y veh\u00edculos premium de 9.5 cm aproximadamente de Star Wars The Vintage Collection. Las figuras cuentan con detalles y dise\u00f1os de primera calidad en todo el producto y empaque inspirados en la l\u00ednea original, as\u00ed como en la decoraci\u00f3n de calidad de coleccionista inspirada en pel\u00edculas que los fan\u00e1ticos han llegado a conocer y amar.<\/p>\n<p>Esta figura de acci\u00f3n de Chirrut \u00cemwe est\u00e1 inspirada en el personaje de Rogue One: A Star Wars Story, y es un gran regalo para los coleccionistas y fan\u00e1ticos de Star Wars de 4 a\u00f1os en adelante.<\/p>\n<p>Incluye: figura y accesorio.<\/p>\n<p>Escala de la figura: 9.5 cm aproximadamente<\/p>\n<div>\n<p>Edad recomendada: 4 a\u00f1os en adelante<\/p>\n<\/div>\n<div>\n<p>\u26a0\ufe0f ADVERTENCIA: PELIGRO DE ASFIXIA &#8211; Piezas peque\u00f1as. No apto para ni\u00f1os menores de 4 a\u00f1os.<\/p>\n<\/div>\n<div>\n<p>Los productos Star Wars son producidos por Hasbro bajo licencia de Lucasfilm Ltd.<\/p>\n<\/div>\n<div>\n<p>Hasbro y todos los t\u00e9rminos relacionados son marcas de comercio de Hasbro.<\/p>\n<\/div>\n","protected":false},"excerpt":{"rendered":"<p>Aunque carece de habilidades de la Fuerza, este monje guerrero ha perfeccionado rigurosamente su cuerpo mediante una intensa disciplina f\u00edsica y mental.<\/p>\n<p>Profundamente espiritual, Chirrut \u00cemwe cree que todos los seres vivos est\u00e1n conectados a trav\u00e9s de la Fuerza.<\/p>\n","protected":false},"featured_media":2921,"comment_status":"open","ping_status":"closed","template":"","meta":[],"product_brand":[],"product_cat":[29],"product_tag":[],"class_list":{"0":"post-600","1":"product","2":"type-product","3":"status-publish","4":"has-post-thumbnail","6":"product_cat-vintage","8":"first","9":"outofstock","10":"taxable","11":"shipping-taxable","12":"purchasable","13":"product-type-simple"},"_links":{"self":[{"href":"https:\/\/r2-toys.com\/index.php\/wp-json\/wp\/v2\/product\/600","targetHints":{"allow":["GET"]}}],"collection":[{"href":"https:\/\/r2-toys.com\/index.php\/wp-json\/wp\/v2\/product"}],"about":[{"href":"https:\/\/r2-toys.com\/index.php\/wp-json\/wp\/v2\/types\/product"}],"replies":[{"embeddable":true,"href":"https:\/\/r2-toys.com\/index.php\/wp-json\/wp\/v2\/comments?post=600"}],"wp:featuredmedia":[{"embeddable":true,"href":"https:\/\/r2-toys.com\/index.php\/wp-json\/wp\/v2\/media\/2921"}],"wp:attachment":[{"href":"https:\/\/r2-toys.com\/index.php\/wp-json\/wp\/v2\/media?parent=600"}],"wp:term":[{"taxonomy":"product_brand","embeddable":true,"href":"https:\/\/r2-toys.com\/index.php\/wp-json\/wp\/v2\/product_brand?post=600"},{"taxonomy":"product_cat","embeddable":true,"href":"https:\/\/r2-toys.com\/index.php\/wp-json\/wp\/v2\/product_cat?post=600"},{"taxonomy":"product_tag","embeddable":true,"href":"https:\/\/r2-toys.com\/index.php\/wp-json\/wp\/v2\/product_tag?post=600"}],"curies":[{"name":"wp","href":"https:\/\/api.w.org\/{rel}","templated":true}]}}