{"id":6052,"date":"2023-10-04T07:08:02","date_gmt":"2023-10-04T01:08:02","guid":{"rendered":"https:\/\/r2-toys.com\/?post_type=product&#038;p=6052"},"modified":"2025-12-13T06:10:40","modified_gmt":"2025-12-13T00:10:40","slug":"the-mandalorians-n-1-starfighter","status":"publish","type":"product","link":"https:\/\/r2-toys.com\/index.php\/product\/the-mandalorians-n-1-starfighter\/","title":{"rendered":"The Mandalorian\u2019s N-1 Starfighter"},"content":{"rendered":"<p>Caza estelar Naboo N-1 de la era de la Rep\u00fablica ha sido ampliamente modificado para ser un veh\u00edculo verdaderamente \u00fanico para el Mandaloriano y su exp\u00f3sito Grogu.<span class=\"Apple-converted-space\">\u00a0<\/span><\/p>\n<p>En empaque Vintage original para<span class=\"Apple-converted-space\">\u00a0 <\/span>figuras de 9.5cm. Incluye: veh\u00edculo, soporte, Din Djarin con jet pack, Dark Saber, armas y Grog.<\/p>\n<p>Edad recomendada: 4 a\u00f1os en adelante<\/p>\n<p>\u26a0\ufe0fADVERTENCIA: PELIGRO DE ASFIXIA \u2013 Piezas peque\u00f1as. No apto para ni\u00f1os menores de 4 a\u00f1os.<\/p>\n<p>Los productos Star Wars son producidos por Hasbro bajo licencia de Lucasfilm Ltd.<\/p>\n<p>Hasbro y todos los t\u00e9rminos relacionados son marcas registradas de Hasbro.<\/p>\n","protected":false},"excerpt":{"rendered":"<p>Caza estelar Naboo N-1 de la era de la Rep\u00fablica ha sido ampliamente modificado para ser un veh\u00edculo verdaderamente \u00fanico para el Mandaloriano y su exp\u00f3sito Grogu.<\/p>\n","protected":false},"featured_media":6664,"comment_status":"open","ping_status":"closed","template":"","meta":[],"product_brand":[],"product_cat":[27],"product_tag":[],"class_list":{"0":"post-6052","1":"product","2":"type-product","3":"status-publish","4":"has-post-thumbnail","6":"product_cat-naves","8":"first","9":"instock","10":"taxable","11":"shipping-taxable","12":"purchasable","13":"product-type-simple"},"_links":{"self":[{"href":"https:\/\/r2-toys.com\/index.php\/wp-json\/wp\/v2\/product\/6052","targetHints":{"allow":["GET"]}}],"collection":[{"href":"https:\/\/r2-toys.com\/index.php\/wp-json\/wp\/v2\/product"}],"about":[{"href":"https:\/\/r2-toys.com\/index.php\/wp-json\/wp\/v2\/types\/product"}],"replies":[{"embeddable":true,"href":"https:\/\/r2-toys.com\/index.php\/wp-json\/wp\/v2\/comments?post=6052"}],"wp:featuredmedia":[{"embeddable":true,"href":"https:\/\/r2-toys.com\/index.php\/wp-json\/wp\/v2\/media\/6664"}],"wp:attachment":[{"href":"https:\/\/r2-toys.com\/index.php\/wp-json\/wp\/v2\/media?parent=6052"}],"wp:term":[{"taxonomy":"product_brand","embeddable":true,"href":"https:\/\/r2-toys.com\/index.php\/wp-json\/wp\/v2\/product_brand?post=6052"},{"taxonomy":"product_cat","embeddable":true,"href":"https:\/\/r2-toys.com\/index.php\/wp-json\/wp\/v2\/product_cat?post=6052"},{"taxonomy":"product_tag","embeddable":true,"href":"https:\/\/r2-toys.com\/index.php\/wp-json\/wp\/v2\/product_tag?post=6052"}],"curies":[{"name":"wp","href":"https:\/\/api.w.org\/{rel}","templated":true}]}}